959
CDUS43 KMKX 150701
CLIMSN


CLIMATE REPORT
NATIONAL WEATHER SERVICE IN MILWAUKEE
200 AM CDT SUN APR 15 2018


...................................

...THE MADISON WI CLIMATE SUMMARY FOR APRIL 14 2018...

CLIMATE NORMAL PERIOD 1981 TO 2010
CLIMATE RECORD PERIOD 1871 TO 2018


WEATHER ITEM   OBSERVED TIME   RECORD YEAR NORMAL DEPARTURE LAST
                VALUE   (LST)  VALUE       VALUE  FROM      YEAR
                                                  NORMAL
..................................................................
TEMPERATURE (F)
 YESTERDAY
  MAXIMUM         35    943 AM  84    2006  57    -22       64
                                      2003
  MINIMUM         27   1114 PM  22    1957  35     -8       43
                                      1950
                                      1928
  AVERAGE         31                        46    -15       54

PRECIPITATION (IN)
  YESTERDAY        0.59          0.97 1974   0.12   0.47     0.39
  MONTH TO DATE    1.18                      1.55  -0.37     1.67
  SINCE MAR 1      1.92                      3.75  -1.83     4.50
  SINCE JAN 1      6.10                      6.43  -0.33     9.20

SNOWFALL (IN)
  YESTERDAY        0.7           4.0  1980   0.1    0.6      0.0
  MONTH TO DATE    4.3                       1.7    2.6       T
  SINCE MAR 1      7.7                       8.7   -1.0      8.3
  SINCE JUL 1     35.2                      49.8  -14.6     44.0
  SNOW DEPTH       0

DEGREE DAYS
 HEATING
  YESTERDAY       34                        19     15       11
  MONTH TO DATE  468                       304    164      229
  SINCE MAR 1   1461                      1267    194     1178
  SINCE JUL 1   6736                      6753    -17     5690

 COOLING
  YESTERDAY        0                         0      0        0
  MONTH TO DATE    0                         0      0        0
  SINCE MAR 1      0                         0      0        0
  SINCE JAN 1      0                         0      0        0
..................................................................


WIND (MPH)
  HIGHEST WIND SPEED    32   HIGHEST WIND DIRECTION     E (70)
  HIGHEST GUST SPEED    49   HIGHEST GUST DIRECTION    NE (60)
  AVERAGE WIND SPEED    21.8


SKY COVER
  POSSIBLE SUNSHINE  MM
  AVERAGE SKY COVER 0.9


WEATHER CONDITIONS
 THE FOLLOWING WEATHER WAS RECORDED YESTERDAY.
  RAIN
  LIGHT RAIN
  FREEZING RAIN
  LT FREEZING RAIN
  SNOW
  LIGHT SNOW
  SLEET
  FOG


RELATIVE HUMIDITY (PERCENT)
 HIGHEST    96           500 AM
 LOWEST     89           200 AM
 AVERAGE    93

..........................................................


THE MADISON WI CLIMATE NORMALS FOR TODAY
                         NORMAL    RECORD    YEAR
 MAXIMUM TEMPERATURE (F)   57        87      2002
 MINIMUM TEMPERATURE (F)   36        18      2014
                                             1928


SUNRISE AND SUNSET
APRIL 15 2018.........SUNRISE   615 AM CDT   SUNSET   740 PM CDT
APRIL 16 2018.........SUNRISE   614 AM CDT   SUNSET   741 PM CDT


-  INDICATES NEGATIVE NUMBERS.
R  INDICATES RECORD WAS SET OR TIED.
MM INDICATES DATA IS MISSING.
T  INDICATES TRACE AMOUNT.




$$
