000
CDUS43 KMKX 102140
CLIMSN


CLIMATE REPORT
NATIONAL WEATHER SERVICE IN MILWAUKEE
440 PM CDT THU MAY 10 2018


...................................

...THE MADISON WI CLIMATE SUMMARY FOR MAY 10 2018...
VALID TODAY AS OF 0400 PM LOCAL TIME.

CLIMATE NORMAL PERIOD 1981 TO 2010
CLIMATE RECORD PERIOD 1871 TO 2018


WEATHER ITEM   OBSERVED TIME   RECORD YEAR NORMAL DEPARTURE LAST
                VALUE   (LST)  VALUE       VALUE  FROM      YEAR
                                                  NORMAL
..................................................................
TEMPERATURE (F)
 TODAY
  MAXIMUM         68    259 PM  87    1993  67      1       66
  MINIMUM         55    622 AM  22    1966  44     11       46
  AVERAGE         62                        55      7       56

PRECIPITATION (IN)
  TODAY            0.00          1.60 1872   0.11  -0.11     0.08
  MONTH TO DATE    4.95                      1.09   3.86     0.88
  SINCE MAR 1      7.83                      6.69   1.14     9.01
  SINCE JAN 1     12.01                      9.37   2.64    13.71

SNOWFALL (IN)
  TODAY            0.0           3.0  1990   0.0    0.0      0.0
  MONTH TO DATE    0.0                       0.1   -0.1      0.0
  SINCE MAR 1     16.9                       9.7    7.2      8.3
  SINCE JUL 1     44.4                      50.8   -6.4     44.0
  SNOW DEPTH       0

DEGREE DAYS
 HEATING
  TODAY            3                        10     -7        9
  MONTH TO DATE   18                       113    -95      158
  SINCE MAR 1   1828                      1634    194     1550
  SINCE JUL 1   7103                      7120    -17     6062

 COOLING
  TODAY            0                         0      0        0
  MONTH TO DATE    9                         0      9        0
  SINCE MAR 1      9                         4      5        0
  SINCE JAN 1      9                         4      5        0
..................................................................


WIND (MPH)
  HIGHEST WIND SPEED    15   HIGHEST WIND DIRECTION     N (340)
  HIGHEST GUST SPEED    22   HIGHEST GUST DIRECTION    NW (330)
  AVERAGE WIND SPEED     9.0


SKY COVER
  POSSIBLE SUNSHINE  MM
  AVERAGE SKY COVER 0.9


WEATHER CONDITIONS
 THE FOLLOWING WEATHER WAS RECORDED TODAY.
  NO SIGNIFICANT WEATHER WAS OBSERVED.


RELATIVE HUMIDITY (PERCENT)
 HIGHEST    86           100 AM
 LOWEST     52           300 PM
 AVERAGE    69

..........................................................


THE MADISON WI CLIMATE NORMALS FOR TOMORROW
                         NORMAL    RECORD    YEAR
 MAXIMUM TEMPERATURE (F)   67        85      2011
                                             1991
                                             1922
 MINIMUM TEMPERATURE (F)   45        29      1990


SUNRISE AND SUNSET
MAY 10 2018...........SUNRISE   539 AM CDT   SUNSET   809 PM CDT
MAY 11 2018...........SUNRISE   538 AM CDT   SUNSET   810 PM CDT


-  INDICATES NEGATIVE NUMBERS.
R  INDICATES RECORD WAS SET OR TIED.
MM INDICATES DATA IS MISSING.
T  INDICATES TRACE AMOUNT.




$$
