000
CDUS43 KMKX 090659
CLIMSN


CLIMATE REPORT
NATIONAL WEATHER SERVICE IN MILWAUKEE
153 AM CDT MON APR 9 2018


...................................

...THE MADISON WI CLIMATE SUMMARY FOR APRIL 8 2018...

CLIMATE NORMAL PERIOD 1981 TO 2010
CLIMATE RECORD PERIOD 1871 TO 2018


WEATHER ITEM   OBSERVED TIME   RECORD YEAR NORMAL DEPARTURE LAST
                VALUE   (LST)  VALUE       VALUE  FROM      YEAR
                                                  NORMAL
..................................................................
TEMPERATURE (F)
 YESTERDAY
  MAXIMUM         38    239 PM  77    1971  54    -16       69
  MINIMUM         14    525 AM   9    1972  33    -19       39
  AVERAGE         26                        44    -18       54

PRECIPITATION (IN)
  YESTERDAY        T             1.05 1999   0.11  -0.11     0.00
  MONTH TO DATE    0.28                      0.84  -0.56     0.87
  SINCE MAR 1      1.02                      3.04  -2.02     3.70
  SINCE JAN 1      5.20                      5.72  -0.52     8.40

SNOWFALL (IN)
  YESTERDAY        T             1.8  2016   0.1   -0.1      0.0
  MONTH TO DATE    3.0                       1.1    1.9       T
  SINCE MAR 1      6.4                       8.1   -1.7      8.3
  SINCE JUL 1     33.9                      49.2  -15.3     44.0
  SNOW DEPTH       0

DEGREE DAYS
 HEATING
  YESTERDAY       39                        22     17       11
  MONTH TO DATE  305                       184    121      149
  SINCE MAR 1   1298                      1147    151     1098
  SINCE JUL 1   6573                      6633    -60     5610

 COOLING
  YESTERDAY        0                         0      0        0
  MONTH TO DATE    0                         0      0        0
  SINCE MAR 1      0                         0      0        0
  SINCE JAN 1      0                         0      0        0
..................................................................


WIND (MPH)
  HIGHEST WIND SPEED    14   HIGHEST WIND DIRECTION    SE (130)
  HIGHEST GUST SPEED    20   HIGHEST GUST DIRECTION    SE (120)
  AVERAGE WIND SPEED     4.0


SKY COVER
  POSSIBLE SUNSHINE  MM
  AVERAGE SKY COVER 0.6


WEATHER CONDITIONS
 THE FOLLOWING WEATHER WAS RECORDED YESTERDAY.
  LIGHT SNOW
  FOG


RELATIVE HUMIDITY (PERCENT)
 HIGHEST    80           400 AM
 LOWEST     24           300 PM
 AVERAGE    52

..........................................................


THE MADISON WI CLIMATE NORMALS FOR TODAY
                         NORMAL    RECORD    YEAR
 MAXIMUM TEMPERATURE (F)   55        75      1955
 MINIMUM TEMPERATURE (F)   33        10      2003


SUNRISE AND SUNSET
APRIL  9 2018.........SUNRISE   625 AM CDT   SUNSET   733 PM CDT
APRIL 10 2018.........SUNRISE   624 AM CDT   SUNSET   734 PM CDT


-  INDICATES NEGATIVE NUMBERS.
R  INDICATES RECORD WAS SET OR TIED.
MM INDICATES DATA IS MISSING.
T  INDICATES TRACE AMOUNT.




$$
