000
CDUS43 KMKX 060701
CLIMSN


CLIMATE REPORT
NATIONAL WEATHER SERVICE IN MILWAUKEE
200 AM CDT FRI APR 6 2018


...................................

...THE MADISON WI CLIMATE SUMMARY FOR APRIL 5 2018...

CLIMATE NORMAL PERIOD 1981 TO 2010
CLIMATE RECORD PERIOD 1871 TO 2018


WEATHER ITEM   OBSERVED TIME   RECORD YEAR NORMAL DEPARTURE LAST
                VALUE   (LST)  VALUE       VALUE  FROM      YEAR
                                                  NORMAL
..................................................................
TEMPERATURE (F)
 YESTERDAY
  MAXIMUM         42    330 PM  80    1873  53    -11       46
  MINIMUM         14R   459 AM  14    1995  32    -18       37
                                      1886
                                      1881
  AVERAGE         28                        42    -14       42

PRECIPITATION (IN)
  YESTERDAY        0.00          1.48 1958   0.11  -0.11     0.14
  MONTH TO DATE    0.28                      0.52  -0.24     0.87
  SINCE MAR 1      1.02                      2.72  -1.70     3.70
  SINCE JAN 1      5.20                      5.40  -0.20     8.40

SNOWFALL (IN)
  YESTERDAY        0.0           8.0  1982   0.1   -0.1       T
  MONTH TO DATE    3.0                       0.7    2.3       T
  SINCE MAR 1      6.4                       7.7   -1.3      8.3
  SINCE JUL 1     33.9                      48.8  -14.9     44.0
  SNOW DEPTH       0

DEGREE DAYS
 HEATING
  YESTERDAY       37                        23     14       23
  MONTH TO DATE  187                       118     69       97
  SINCE MAR 1   1180                      1081     99     1046
  SINCE JUL 1   6455                      6567   -112     5558

 COOLING
  YESTERDAY        0                         0      0        0
  MONTH TO DATE    0                         0      0        0
  SINCE MAR 1      0                         0      0        0
  SINCE JAN 1      0                         0      0        0
..................................................................


WIND (MPH)
  HIGHEST WIND SPEED    15   HIGHEST WIND DIRECTION     S (180)
  HIGHEST GUST SPEED    20   HIGHEST GUST DIRECTION     S (190)
  AVERAGE WIND SPEED     5.5


SKY COVER
  POSSIBLE SUNSHINE  MM
  AVERAGE SKY COVER 0.6


WEATHER CONDITIONS
 THE FOLLOWING WEATHER WAS RECORDED YESTERDAY.
  FOG


RELATIVE HUMIDITY (PERCENT)
 HIGHEST    89           900 PM
 LOWEST     43           300 PM
 AVERAGE    66

..........................................................


THE MADISON WI CLIMATE NORMALS FOR TODAY
                         NORMAL    RECORD    YEAR
 MAXIMUM TEMPERATURE (F)   53        85      1991
 MINIMUM TEMPERATURE (F)   32         4      1982


SUNRISE AND SUNSET
APRIL  6 2018.........SUNRISE   631 AM CDT   SUNSET   730 PM CDT
APRIL  7 2018.........SUNRISE   629 AM CDT   SUNSET   731 PM CDT


-  INDICATES NEGATIVE NUMBERS.
R  INDICATES RECORD WAS SET OR TIED.
MM INDICATES DATA IS MISSING.
T  INDICATES TRACE AMOUNT.




$$
