000
CDUS43 KMKX 020643
CLIMSN


CLIMATE REPORT
NATIONAL WEATHER SERVICE IN MILWAUKEE
142 AM CDT WED MAY 2 2018


...................................

...THE MADISON WI CLIMATE SUMMARY FOR MAY 1 2018...

CLIMATE NORMAL PERIOD 1981 TO 2010
CLIMATE RECORD PERIOD 1871 TO 2018


WEATHER ITEM   OBSERVED TIME   RECORD YEAR NORMAL DEPARTURE LAST
                VALUE   (LST)  VALUE       VALUE  FROM      YEAR
                                                  NORMAL
..................................................................
TEMPERATURE (F)
 YESTERDAY
  MAXIMUM         79    319 PM  93    1952  64     15       52
  MINIMUM         60    523 AM  19    1978  41     19       39
  AVERAGE         70                        52     18       46

PRECIPITATION (IN)
  YESTERDAY        0.30          1.30 1896   0.11   0.19     0.36
  MONTH TO DATE    0.30                      0.11   0.19     0.36
  SINCE MAR 1      3.18                      5.71  -2.53     8.49
  SINCE JAN 1      7.36                      8.39  -1.03    13.19

SNOWFALL (IN)
  YESTERDAY        0.0           0.4  1909   0.0    0.0      0.0
  MONTH TO DATE    0.0                       0.0    0.0      0.0
  SINCE MAR 1     16.9                       9.6    7.3      8.3
  SINCE JUL 1     44.4                      50.7   -6.3     44.0
  SNOW DEPTH       0

DEGREE DAYS
 HEATING
  YESTERDAY        0                        13    -13       19
  MONTH TO DATE    0                        13    -13       19
  SINCE MAR 1   1810                      1534    276     1411
  SINCE JUL 1   7085                      7020     65     5923

 COOLING
  YESTERDAY        5                         0      5        0
  MONTH TO DATE    5                         0      5        0
  SINCE MAR 1      5                         4      1        0
  SINCE JAN 1      5                         4      1        0
..................................................................


WIND (MPH)
  HIGHEST WIND SPEED    23   HIGHEST WIND DIRECTION     S (190)
  HIGHEST GUST SPEED    36   HIGHEST GUST DIRECTION     W (260)
  AVERAGE WIND SPEED     9.4


SKY COVER
  POSSIBLE SUNSHINE  MM
  AVERAGE SKY COVER 0.7


WEATHER CONDITIONS
 THE FOLLOWING WEATHER WAS RECORDED YESTERDAY.
  THUNDERSTORM
  HEAVY RAIN
  RAIN
  LIGHT RAIN
  FOG


RELATIVE HUMIDITY (PERCENT)
 HIGHEST    61           900 PM
 LOWEST     37          1200 AM
 AVERAGE    49

..........................................................


THE MADISON WI CLIMATE NORMALS FOR TODAY
                         NORMAL    RECORD    YEAR
 MAXIMUM TEMPERATURE (F)   64        89      1959
 MINIMUM TEMPERATURE (F)   42        23      1978


SUNRISE AND SUNSET
MAY  2 2018...........SUNRISE   550 AM CDT   SUNSET   800 PM CDT
MAY  3 2018...........SUNRISE   548 AM CDT   SUNSET   801 PM CDT


-  INDICATES NEGATIVE NUMBERS.
R  INDICATES RECORD WAS SET OR TIED.
MM INDICATES DATA IS MISSING.
T  INDICATES TRACE AMOUNT.




$$
