121
CDUS43 KMKX 090643
CLIMSN


CLIMATE REPORT
NATIONAL WEATHER SERVICE IN MILWAUKEE
142 AM CDT SAT JUN 9 2018


...................................

...THE MADISON WI CLIMATE SUMMARY FOR JUNE 8 2018...

CLIMATE NORMAL PERIOD 1981 TO 2010
CLIMATE RECORD PERIOD 1871 TO 2018


WEATHER ITEM   OBSERVED TIME   RECORD YEAR NORMAL DEPARTURE LAST
                VALUE   (LST)  VALUE       VALUE  FROM      YEAR
                                                  NORMAL
..................................................................
TEMPERATURE (F)
 YESTERDAY
  MAXIMUM         74    505 PM  92    1985  76     -2       80
                                      1964
  MINIMUM         58    505 AM  37    1949  54      4       53
  AVERAGE         66                        65      1       67

PRECIPITATION (IN)
  YESTERDAY        0.01          4.11 2008   0.15  -0.14      T
  MONTH TO DATE    0.33                      1.19  -0.86     0.01
  SINCE JUN 1      0.33                      1.19  -0.86     0.01
  SINCE JAN 1     17.17                     13.02   4.15    15.67

SNOWFALL (IN)
  YESTERDAY        0.0           0.0    MM   0.0    0.0      0.0
  MONTH TO DATE    0.0                       0.0    0.0      0.0
  SINCE JUN 1      0.0                       0.0    0.0      0.0
  SINCE JUL 1     44.4                      50.9   -6.5     44.0
  SNOW DEPTH       0

DEGREE DAYS
 HEATING
  YESTERDAY        0                         3     -3        0
  MONTH TO DATE   14                        30    -16        7
  SINCE JUN 1     14                        30    -16        7
  SINCE JUL 1   7205                      7303    -98     6195

 COOLING
  YESTERDAY        1                         3     -2        2
  MONTH TO DATE    7                        17    -10       20
  SINCE JUN 1      7                        17    -10       20
  SINCE JAN 1    108                        47     61       35
..................................................................


WIND (MPH)
  HIGHEST WIND SPEED    16   HIGHEST WIND DIRECTION     E (70)
  HIGHEST GUST SPEED    23   HIGHEST GUST DIRECTION     E (80)
  AVERAGE WIND SPEED     6.9


SKY COVER
  POSSIBLE SUNSHINE  MM
  AVERAGE SKY COVER 0.7


WEATHER CONDITIONS
 THE FOLLOWING WEATHER WAS RECORDED YESTERDAY.
  LIGHT RAIN


RELATIVE HUMIDITY (PERCENT)
 HIGHEST    78          1100 PM
 LOWEST     56           800 AM
 AVERAGE    67

..........................................................


THE MADISON WI CLIMATE NORMALS FOR TODAY
                         NORMAL    RECORD    YEAR
 MAXIMUM TEMPERATURE (F)   76        93      1911
 MINIMUM TEMPERATURE (F)   54        34      1977


SUNRISE AND SUNSET
JUNE  9 2018..........SUNRISE   518 AM CDT   SUNSET   836 PM CDT
JUNE 10 2018..........SUNRISE   518 AM CDT   SUNSET   836 PM CDT


-  INDICATES NEGATIVE NUMBERS.
R  INDICATES RECORD WAS SET OR TIED.
MM INDICATES DATA IS MISSING.
T  INDICATES TRACE AMOUNT.




$$
