000
CDUS43 KMKX 100652
CLIMSN


CLIMATE REPORT
NATIONAL WEATHER SERVICE IN MILWAUKEE
147 AM CDT TUE APR 10 2018


...................................

...THE MADISON WI CLIMATE SUMMARY FOR APRIL 9 2018...

CLIMATE NORMAL PERIOD 1981 TO 2010
CLIMATE RECORD PERIOD 1871 TO 2018


WEATHER ITEM   OBSERVED TIME   RECORD YEAR NORMAL DEPARTURE LAST
                VALUE   (LST)  VALUE       VALUE  FROM      YEAR
                                                  NORMAL
..................................................................
TEMPERATURE (F)
 YESTERDAY
  MAXIMUM         38    236 PM  75    1955  55    -17       74
  MINIMUM         26    618 AM  10    2003  33     -7       55
  AVERAGE         32                        44    -12       65

PRECIPITATION (IN)
  YESTERDAY        0.03          1.80 2015   0.12  -0.09     0.00
  MONTH TO DATE    0.31                      0.96  -0.65     0.87
  SINCE MAR 1      1.05                      3.16  -2.11     3.70
  SINCE JAN 1      5.23                      5.84  -0.61     8.40

SNOWFALL (IN)
  YESTERDAY        0.6          12.9  1973   0.1    0.5      0.0
  MONTH TO DATE    3.6                       1.2    2.4       T
  SINCE MAR 1      7.0                       8.2   -1.2      8.3
  SINCE JUL 1     34.5                      49.3  -14.8     44.0
  SNOW DEPTH       1

DEGREE DAYS
 HEATING
  YESTERDAY       33                        21     12        0
  MONTH TO DATE  338                       205    133      149
  SINCE MAR 1   1331                      1168    163     1098
  SINCE JUL 1   6606                      6654    -48     5610

 COOLING
  YESTERDAY        0                         0      0        0
  MONTH TO DATE    0                         0      0        0
  SINCE MAR 1      0                         0      0        0
  SINCE JAN 1      0                         0      0        0
..................................................................


WIND (MPH)
  HIGHEST WIND SPEED    12   HIGHEST WIND DIRECTION     N (350)
  HIGHEST GUST SPEED    17   HIGHEST GUST DIRECTION     N (340)
  AVERAGE WIND SPEED     3.9


SKY COVER
  POSSIBLE SUNSHINE  MM
  AVERAGE SKY COVER 0.7


WEATHER CONDITIONS
 THE FOLLOWING WEATHER WAS RECORDED YESTERDAY.
  LIGHT SNOW
  FOG


RELATIVE HUMIDITY (PERCENT)
 HIGHEST    92           200 AM
 LOWEST     56           300 PM
 AVERAGE    74

..........................................................


THE MADISON WI CLIMATE NORMALS FOR TODAY
                         NORMAL    RECORD    YEAR
 MAXIMUM TEMPERATURE (F)   55        89      1930
 MINIMUM TEMPERATURE (F)   34        18      1960


SUNRISE AND SUNSET
APRIL 10 2018.........SUNRISE   624 AM CDT   SUNSET   734 PM CDT
APRIL 11 2018.........SUNRISE   622 AM CDT   SUNSET   735 PM CDT


-  INDICATES NEGATIVE NUMBERS.
R  INDICATES RECORD WAS SET OR TIED.
MM INDICATES DATA IS MISSING.
T  INDICATES TRACE AMOUNT.




$$
