000
CDUS43 KMKX 150646
CLIMSN


CLIMATE REPORT
NATIONAL WEATHER SERVICE IN MILWAUKEE
142 AM CDT TUE MAY 15 2018


...................................

...THE MADISON WI CLIMATE SUMMARY FOR MAY 14 2018...

CLIMATE NORMAL PERIOD 1981 TO 2010
CLIMATE RECORD PERIOD 1871 TO 2018


WEATHER ITEM   OBSERVED TIME   RECORD YEAR NORMAL DEPARTURE LAST
                VALUE   (LST)  VALUE       VALUE  FROM      YEAR
                                                  NORMAL
..................................................................
TEMPERATURE (F)
 YESTERDAY
  MAXIMUM         72    438 PM  89    1991  68      4       73
  MINIMUM         55    346 AM  32    2016  46      9       46
                                      1964
  AVERAGE         64                        57      7       60

PRECIPITATION (IN)
  YESTERDAY        0.93          1.70 1883   0.11   0.82      T
  MONTH TO DATE    7.53                      1.53   6.00     0.88
  SINCE MAR 1     10.41                      7.13   3.28     9.01
  SINCE JAN 1     14.59                      9.81   4.78    13.71

SNOWFALL (IN)
  YESTERDAY        0.0           T    2016   0.0    0.0      0.0
  MONTH TO DATE    0.0                       0.2   -0.2      0.0
  SINCE MAR 1     16.9                       9.8    7.1      8.3
  SINCE JUL 1     44.4                      50.9   -6.5     44.0
  SNOW DEPTH       0

DEGREE DAYS
 HEATING
  YESTERDAY        1                         9     -8        5
  MONTH TO DATE   77                       151    -74      172
  SINCE MAR 1   1887                      1672    215     1564
  SINCE JUL 1   7162                      7158      4     6076

 COOLING
  YESTERDAY        0                         1     -1        0
  MONTH TO DATE    9                         4      5        2
  SINCE MAR 1      9                         8      1        2
  SINCE JAN 1      9                         8      1        2
..................................................................


WIND (MPH)
  HIGHEST WIND SPEED    14   HIGHEST WIND DIRECTION    NE (50)
  HIGHEST GUST SPEED    16   HIGHEST GUST DIRECTION    NE (50)
  AVERAGE WIND SPEED     2.9


SKY COVER
  POSSIBLE SUNSHINE  MM
  AVERAGE SKY COVER 0.9


WEATHER CONDITIONS
 THE FOLLOWING WEATHER WAS RECORDED YESTERDAY.
  THUNDERSTORM
  HEAVY RAIN
  RAIN
  LIGHT RAIN
  FOG
  HAZE


RELATIVE HUMIDITY (PERCENT)
 HIGHEST   100           200 AM
 LOWEST     73           500 PM
 AVERAGE    87

..........................................................


THE MADISON WI CLIMATE NORMALS FOR TODAY
                         NORMAL    RECORD    YEAR
 MAXIMUM TEMPERATURE (F)   68        86      2012
                                             1977
 MINIMUM TEMPERATURE (F)   46        30      2016
                                             1983


SUNRISE AND SUNSET
MAY 15 2018...........SUNRISE   534 AM CDT   SUNSET   814 PM CDT
MAY 16 2018...........SUNRISE   533 AM CDT   SUNSET   815 PM CDT


-  INDICATES NEGATIVE NUMBERS.
R  INDICATES RECORD WAS SET OR TIED.
MM INDICATES DATA IS MISSING.
T  INDICATES TRACE AMOUNT.




$$
