000
CDUS43 KMKX 140655
CLIMSN


CLIMATE REPORT
NATIONAL WEATHER SERVICE IN MILWAUKEE
154 AM CDT MON MAY 14 2018


...................................

...THE MADISON WI CLIMATE SUMMARY FOR MAY 13 2018...

CLIMATE NORMAL PERIOD 1981 TO 2010
CLIMATE RECORD PERIOD 1871 TO 2018


WEATHER ITEM   OBSERVED TIME   RECORD YEAR NORMAL DEPARTURE LAST
                VALUE   (LST)  VALUE       VALUE  FROM      YEAR
                                                  NORMAL
..................................................................
TEMPERATURE (F)
 YESTERDAY
  MAXIMUM         60    538 PM  88    1977  68     -8       80
  MINIMUM         45    443 AM  29    1966  45      0       54
  AVERAGE         53                        56     -3       67

PRECIPITATION (IN)
  YESTERDAY        0.13          2.39 1978   0.11   0.02      T
  MONTH TO DATE    6.60                      1.42   5.18     0.88
  SINCE MAR 1      9.48                      7.02   2.46     9.01
  SINCE JAN 1     13.66                      9.70   3.96    13.71

SNOWFALL (IN)
  YESTERDAY        0.0           0.0    MM   0.0    0.0      0.0
  MONTH TO DATE    0.0                       0.2   -0.2      0.0
  SINCE MAR 1     16.9                       9.8    7.1      8.3
  SINCE JUL 1     44.4                      50.9   -6.5     44.0
  SNOW DEPTH       0

DEGREE DAYS
 HEATING
  YESTERDAY       12                         9      3        0
  MONTH TO DATE   76                       142    -66      167
  SINCE MAR 1   1886                      1663    223     1559
  SINCE JUL 1   7161                      7149     12     6071

 COOLING
  YESTERDAY        0                         1     -1        2
  MONTH TO DATE    9                         3      6        2
  SINCE MAR 1      9                         7      2        2
  SINCE JAN 1      9                         7      2        2
..................................................................


WIND (MPH)
  HIGHEST WIND SPEED    13   HIGHEST WIND DIRECTION     S (180)
  HIGHEST GUST SPEED    16   HIGHEST GUST DIRECTION     S (190)
  AVERAGE WIND SPEED     4.5


SKY COVER
  POSSIBLE SUNSHINE  MM
  AVERAGE SKY COVER 1.0


WEATHER CONDITIONS
 THE FOLLOWING WEATHER WAS RECORDED YESTERDAY.
  THUNDERSTORM
  HEAVY RAIN
  RAIN
  LIGHT RAIN
  FOG


RELATIVE HUMIDITY (PERCENT)
 HIGHEST    93          1200 AM
 LOWEST     80           200 PM
 AVERAGE    87

..........................................................


THE MADISON WI CLIMATE NORMALS FOR TODAY
                         NORMAL    RECORD    YEAR
 MAXIMUM TEMPERATURE (F)   68        89      1991
 MINIMUM TEMPERATURE (F)   46        32      2016
                                             1964


SUNRISE AND SUNSET
MAY 14 2018...........SUNRISE   535 AM CDT   SUNSET   813 PM CDT
MAY 15 2018...........SUNRISE   534 AM CDT   SUNSET   814 PM CDT


-  INDICATES NEGATIVE NUMBERS.
R  INDICATES RECORD WAS SET OR TIED.
MM INDICATES DATA IS MISSING.
T  INDICATES TRACE AMOUNT.




$$
