000
CDUS43 KMKX 070649
CLIMSN


CLIMATE REPORT
NATIONAL WEATHER SERVICE IN MILWAUKEE
146 AM CDT MON MAY 7 2018


...................................

...THE MADISON WI CLIMATE SUMMARY FOR MAY 6 2018...

CLIMATE NORMAL PERIOD 1981 TO 2010
CLIMATE RECORD PERIOD 1871 TO 2018


WEATHER ITEM   OBSERVED TIME   RECORD YEAR NORMAL DEPARTURE LAST
                VALUE   (LST)  VALUE       VALUE  FROM      YEAR
                                                  NORMAL
..................................................................
TEMPERATURE (F)
 YESTERDAY
  MAXIMUM         72    220 PM  92    1934  65      7       63
  MINIMUM         51    445 AM  25    1992  43      8       41
                                      1970
  AVERAGE         62                        54      8       52

PRECIPITATION (IN)
  YESTERDAY        0.03          2.55 1960   0.11  -0.08     0.02
  MONTH TO DATE    3.44                      0.65   2.79     0.58
  SINCE MAR 1      6.32                      6.25   0.07     8.71
  SINCE JAN 1     10.50                      8.93   1.57    13.41

SNOWFALL (IN)
  YESTERDAY        0.0           0.5  1989   0.0    0.0      0.0
  MONTH TO DATE    0.0                       0.1   -0.1      0.0
  SINCE MAR 1     16.9                       9.7    7.2      8.3
  SINCE JUL 1     44.4                      50.8   -6.4     44.0
  SNOW DEPTH       0

DEGREE DAYS
 HEATING
  YESTERDAY        3                        11     -8       13
  MONTH TO DATE    9                        71    -62       99
  SINCE MAR 1   1819                      1592    227     1491
  SINCE JUL 1   7094                      7078     16     6003

 COOLING
  YESTERDAY        0                         0      0        0
  MONTH TO DATE    8                         0      8        0
  SINCE MAR 1      8                         4      4        0
  SINCE JAN 1      8                         4      4        0
..................................................................


WIND (MPH)
  HIGHEST WIND SPEED    17   HIGHEST WIND DIRECTION    NE (50)
  HIGHEST GUST SPEED    26   HIGHEST GUST DIRECTION    NE (30)
  AVERAGE WIND SPEED     7.9


SKY COVER
  POSSIBLE SUNSHINE  MM
  AVERAGE SKY COVER 0.6


WEATHER CONDITIONS
 THE FOLLOWING WEATHER WAS RECORDED YESTERDAY.
  THUNDERSTORM
  LIGHT RAIN
  FOG


RELATIVE HUMIDITY (PERCENT)
 HIGHEST    93           400 AM
 LOWEST     49           200 PM
 AVERAGE    71

..........................................................


THE MADISON WI CLIMATE NORMALS FOR TODAY
                         NORMAL    RECORD    YEAR
 MAXIMUM TEMPERATURE (F)   66        86      1880
 MINIMUM TEMPERATURE (F)   43        24      1989


SUNRISE AND SUNSET
MAY  7 2018...........SUNRISE   543 AM CDT   SUNSET   805 PM CDT
MAY  8 2018...........SUNRISE   542 AM CDT   SUNSET   807 PM CDT


-  INDICATES NEGATIVE NUMBERS.
R  INDICATES RECORD WAS SET OR TIED.
MM INDICATES DATA IS MISSING.
T  INDICATES TRACE AMOUNT.




$$
