000
CDUS43 KMKX 032231
CLIMSN


CLIMATE REPORT
NATIONAL WEATHER SERVICE IN MILWAUKEE
529 PM CDT TUE APR 3 2018


...................................

...THE MADISON WI CLIMATE SUMMARY FOR APRIL 3 2018...
VALID TODAY AS OF 0500 PM LOCAL TIME.

CLIMATE NORMAL PERIOD 1981 TO 2010
CLIMATE RECORD PERIOD 1871 TO 2018


WEATHER ITEM   OBSERVED TIME   RECORD YEAR NORMAL DEPARTURE LAST
                VALUE   (LST)  VALUE       VALUE  FROM      YEAR
                                                  NORMAL
..................................................................
TEMPERATURE (F)
 TODAY
  MAXIMUM         33    227 PM  76    1956  52    -19       52
  MINIMUM         31    757 AM   8    1886  31      0       44
  AVERAGE         32                        41     -9       48

PRECIPITATION (IN)
  TODAY            0.13          1.40 2007   0.10   0.03     0.33
  MONTH TO DATE    0.13                      0.31  -0.18     0.37
  SINCE MAR 1      0.87                      2.51  -1.64     3.20
  SINCE JAN 1      5.05                      5.19  -0.14     7.90

SNOWFALL (IN)
  TODAY (18Z)      0.0           1.4  1982   0.2   -0.2      0.0
  MONTH TO DATE    0.0                       0.5   -0.5      0.0
  SINCE MAR 1      3.4                       7.5   -4.1      8.3
  SINCE JUL 1     30.9                      48.6  -17.7     44.0
  SNOW DEPTH       0

DEGREE DAYS
 HEATING
  TODAY           33                        24      9       17
  MONTH TO DATE  109                        72     37       58
  SINCE MAR 1   1102                      1035     67     1007
  SINCE JUL 1   6377                      6521   -144     5519

 COOLING
  TODAY            0                         0      0        0
  MONTH TO DATE    0                         0      0        0
  SINCE MAR 1      0                         0      0        0
  SINCE JAN 1      0                         0      0        0
..................................................................


WIND (MPH)
  HIGHEST WIND SPEED    21   HIGHEST WIND DIRECTION     E (70)
  HIGHEST GUST SPEED    31   HIGHEST GUST DIRECTION     E (70)
  AVERAGE WIND SPEED    13.2


SKY COVER
  POSSIBLE SUNSHINE  MM
  AVERAGE SKY COVER 1.0


WEATHER CONDITIONS
 THE FOLLOWING WEATHER WAS RECORDED TODAY.
  LIGHT RAIN
  LT FREEZING RAIN
  LIGHT SNOW
  SLEET
  FOG
  HAZE


RELATIVE HUMIDITY (PERCENT)
 HIGHEST    92           900 AM
 LOWEST     61          1200 AM
 AVERAGE    77

..........................................................


THE MADISON WI CLIMATE NORMALS FOR TOMORROW
                         NORMAL    RECORD    YEAR
 MAXIMUM TEMPERATURE (F)   52        77      1929
 MINIMUM TEMPERATURE (F)   32        10      1886


SUNRISE AND SUNSET
APRIL  3 2018.........SUNRISE   636 AM CDT   SUNSET   726 PM CDT
APRIL  4 2018.........SUNRISE   634 AM CDT   SUNSET   727 PM CDT


-  INDICATES NEGATIVE NUMBERS.
R  INDICATES RECORD WAS SET OR TIED.
MM INDICATES DATA IS MISSING.
T  INDICATES TRACE AMOUNT.




$$
