000
CXUS54 KCRP 011300
CF6VCT
PRELIMINARY LOCAL CLIMATOLOGICAL DATA (WS FORM: F-6)
STATION: VICTORIA
MONTH: SEPTEMBER
YEAR: 2020
LATITUDE: 28 51 N
LONGITUDE: 96 55 W
TEMPERATURE IN F: :PCPN: SNOW: WIND :SUNSHINE: SKY :PK WND
================================================================================
1 2 3 4 5 6A 6B 7 8 9 10 11 12 13 14 15 16 17 18
12Z AVG MX 2MIN
DY MAX MIN AVG DEP HDD CDD WTR SNW DPTH SPD SPD DIR MIN PSBL S-S WX SPD DR
================================================================================
1 99 83 91 8 0 26 0.00 0.0 0 16.9 28 180 M M 7 8 34 180
2 99 81 90 7 0 25 0.00 0.0 0 13.1 22 160 M M 5 8 26 160
3 96 76 86 3 0 21 0.00 0.0 0 8.4 21 130 M M 3 26 120
4 99 74 87 5 0 22 0.00 0.0 0 8.3 22 40 M M 2 3 28 30
5 94 75 85 3 0 20 0.17 0.0 0 M 15 140 M M 4 13 19 140
6 99 74 87 5 0 22 0.00 0.0 0 M 18 150 M M 3 3 22 150
7 96 74 85 3 0 20 0.00 0.0 0 6.2 16 170 M M 2 21 150
8 87 77 82 0 0 17 0.02 0.0 0 8.1 22 160 M M 4 13 27 130
9 93 77 85 4 0 20 0.00 0.0 0 9.8 21 160 M M 2 13 27 150
10 85 64 75 -6 0 10 0.00 0.0 0 11.3 17 350 M M 6 23 340
11 91 66 79 -2 0 14 0.00 0.0 0 9.2 16 340 M M 5 23 320
12 99 72 86 5 0 21 0.00 0.0 0 7.4 15 50 M M 2 18 50
13 99 73 86 6 0 21 0.15 0.0 0 8.1 28 80 M M 2 13 41 60
14 92 75 84 4 0 19 0.00 0.0 0 9.7 18 30 M M 2 24 50
15 95 75 85 5 0 20 0.32 0.0 0 6.4 28 70 M M 2 138 34 70
16 94 75 85 5 0 20 T 0.0 0 5.8 15 290 M M 4 18 280
17 92 74 83 3 0 18 0.01 0.0 0 7.3 17 80 M M 4 13 23 50
18 94 72 83 4 0 18 0.00 0.0 0 8.9 21 40 M M 2 32 360
19 92 66 79 0 0 14 0.00 0.0 0 10.9 22 20 M M 0 18 29 20
20 90 64 77 -2 0 12 0.22 0.0 0 13.1 26 20 M M 4 18 34 340
21 73 70 72 -7 0 7 1.13 0.0 0 17.5 29 360 M M 10 1 38 360
22 76 72 74 -4 0 9 2.28 0.0 0 16.5 39 20 M M 10 13 51 20
23 80 71 76 -2 0 11 0.00 0.0 0 9.8 18 330 M M 10 1 23 340
24 80 67 74 -4 0 9 0.00 0.0 0 5.9 12 350 M M 7 14 330
25 89 61 75 -3 0 10 0.00 0.0 0 2.9 13 140 M M 2 12 15 150
26 90 68 79 2 0 14 0.00 0.0 0 8.2 20 160 M M 1 1 24 150
27 92 73 83 6 0 18 0.00 0.0 0 11.7 22 170 M M 2 1 27 140
28 82 67 75 -2 0 10 0.00 0.0 0 11.9 25 10 M M 8 1 33 360
29 83 51 67 -9 0 2 0.00 0.0 0 6.8 16 20 M M 1 22 10
30 86 53 70 -6 0 5 0.00 0.0 0 5.1 10 160 M M 0 15 80
================================================================================
SM 2716 2120 0 475 4.30 0.0 265.2 M 116
================================================================================
AV 90.5 70.7 9.5 FASTST M M 4 MAX(MPH)
MISC ----> # 39 20 # 51 20
================================================================================
NOTES:
# LAST OF SEVERAL OCCURRENCES
COLUMN 17 PEAK WIND IN M.P.H.
PRELIMINARY LOCAL CLIMATOLOGICAL DATA (WS FORM: F-6) , PAGE 2
STATION: VICTORIA
MONTH: SEPTEMBER
YEAR: 2020
LATITUDE: 28 51 N
LONGITUDE: 96 55 W
[TEMPERATURE DATA] [PRECIPITATION DATA] SYMBOLS USED IN COLUMN 16
AVERAGE MONTHLY: 80.6 TOTAL FOR MONTH: 4.30 1 = FOG OR MIST
DPTR FM NORMAL: 0.8 DPTR FM NORMAL: 0.14 2 = FOG REDUCING VISIBILITY
HIGHEST: 99 ON 13,12 GRTST 24HR 2.28 ON 22-22 TO 1/4 MILE OR LESS
LOWEST: 51 ON 29 3 = THUNDER
SNOW, ICE PELLETS, HAIL 4 = ICE PELLETS
TOTAL MONTH: 0.0 INCH 5 = HAIL
GRTST 24HR 0.0 6 = FREEZING RAIN OR DRIZZLE
GRTST DEPTH: 0 7 = DUSTSTORM OR SANDSTORM:
VSBY 1/2 MILE OR LESS
8 = SMOKE OR HAZE
[NO. OF DAYS WITH] [WEATHER - DAYS WITH] 9 = BLOWING SNOW
X = TORNADO
MAX 32 OR BELOW: 0 0.01 INCH OR MORE: 8
MAX 90 OR ABOVE: 20 0.10 INCH OR MORE: 6
MIN 32 OR BELOW: 0 0.50 INCH OR MORE: 2
MIN 0 OR BELOW: 0 1.00 INCH OR MORE: 2
[HDD (BASE 65) ]
TOTAL THIS MO. 0 CLEAR (SCALE 0-3) 16
DPTR FM NORMAL -1 PTCLDY (SCALE 4-7) 11
TOTAL FM JUL 1 0 CLOUDY (SCALE 8-10) 3
DPTR FM NORMAL -1
[CDD (BASE 65) ]
TOTAL THIS MO. 475
DPTR FM NORMAL 30 [PRESSURE DATA]
TOTAL FM JAN 1 3433 HIGHEST SLP 30.23 ON 29
DPTR FM NORMAL 635 LOWEST SLP 29.58 ON 22
[REMARKS]
#FINAL-09-20#