000
CXUS53 KMKX 041924 CCB
CLMMSN
CLIMATE REPORT
NATIONAL WEATHER SERVICE MILWAUKEE/SULLIVAN WI
1022 AM CST FRI MAR 01 2024
...................................
...THE MADISON WI CLIMATE SUMMARY FOR THE MONTH OF FEBRUARY 2024...
CLIMATE NORMAL PERIOD 1991 TO 2020
CLIMATE RECORD PERIOD 1871 TO 2024
WEATHER OBSERVED NORMAL DEPART LAST YEAR`S
VALUE DATE(S) VALUE FROM VALUE DATE(S)
NORMAL
................................................................
TEMPERATURE (F)
RECORD
HIGH 70 02/27/2024
LOW -29 02/03/1996
HIGHEST 70R 02/27 47 23 48 02/14
02/15
LOWEST 9 02/17 -9 18 -8 02/03
02/24
AVG. MAXIMUM 44.7 31.2 13.5 36.1
AVG. MINIMUM 23.0 14.9 8.1 18.6
MEAN 33.8 23.0 10.8 27.4
DAYS MAX >= 90 0 0.0 0.0 0
DAYS MAX <= 32 2 14.6 -12.6 8
DAYS MIN <= 32 25 26.6 -1.6 27
DAYS MIN <= 0 0 4.5 -4.5 2
PRECIPITATION (INCHES)
RECORD
MAXIMUM 5.42 1881
MINIMUM 0.06 1995
TOTALS 0.65 1.52 -0.87 3.00
DAILY AVG. 0.02 0.05 -0.03 0.11
DAYS >= .01 4 9.7 -5.7 10
DAYS >= .10 1 4.4 -3.4 4
DAYS >= .50 1 0.6 0.4 2
DAYS >= 1.00 0 0.1 -0.1 1
GREATEST
24 HR. TOTAL 0.54 02/15 TO 02/15 1.56 02/27 TO 02/27
SNOWFALL (INCHES)
RECORDS
TOTAL 37.0 1994
TOTALS 2.4 12.8 -10.4 11.0
SINCE 7/1 32.8 42.1 -9.3 21.9
SNOWDEPTH AVG. 0 2
DAYS >= 1.0 1 3.7 -2.7 3
GREATEST
SNOW DEPTH 2 02/01 6 02/01
02/15
24 HR TOTAL 1.6 02/15 TO 02/15 4.8 02/09 TO 02/09
DEGREE DAYS
HEATING TOTAL 898 1174 -276 1051
SINCE 7/1 4433 5401 -968 4845
COOLING TOTAL 0 0 0 0
SINCE 1/1 0 0 0 0
................................................................
WIND (MPH)
AVERAGE WIND SPEED 6.9
HIGHEST WIND SPEED/DIRECTION 29/190 DATE 02/08
HIGHEST GUST SPEED/DIRECTION 48/170 DATE 02/08
SKY COVER
AVERAGE SKY COVER 0.47
NUMBER OF DAYS FAIR 8
NUMBER OF DAYS PC 18
NUMBER OF DAYS CLOUDY 3
AVERAGE RH (PERCENT) 67
WEATHER CONDITIONS. NUMBER OF DAYS WITH
THUNDERSTORM 1 MIXED PRECIP 0
HEAVY RAIN 0 RAIN 0
LIGHT RAIN 3 FREEZING RAIN 0
LT FREEZING RAIN 0 HAIL 0
HEAVY SNOW 0 SNOW 0
LIGHT SNOW 5 SLEET 0
FOG 9 FOG W/VIS <= 1/4 MILE 2
HAZE 1
- INDICATES NEGATIVE NUMBERS.
R INDICATES RECORD WAS SET OR TIED.
MM INDICATES DATA IS MISSING.
T INDICATES TRACE AMOUNT.
70 DEGREES ON 2/27/24 ESTABLISHES A NEW ALL-TIME FEBRUARY MONTHLY
HIGH TEMPERATURE RECORD.
$$
2%