000
CDUS44 KMEG 160633
CLIMEG


CLIMATE REPORT
NATIONAL WEATHER SERVICE MEMPHIS TN
132 AM CDT WED MAY 16 2018


...................................

...THE MEMPHIS/GERMANTOWN WFO CLIMATE SUMMARY FOR MAY 15 2018...

CLIMATE NORMAL PERIOD 1981 TO 2010
CLIMATE RECORD PERIOD 1988 TO 2018


WEATHER ITEM   OBSERVED TIME   RECORD YEAR NORMAL DEPARTURE LAST
                VALUE   (LST)  VALUE       VALUE  FROM      YEAR
                                                  NORMAL
..................................................................
TEMPERATURE (F)
 YESTERDAY
  MAXIMUM         94        MM  91    2001  80     14       86
  MINIMUM         68        MM  46    2006  59      9       56
  AVERAGE         81                        70     11       71

PRECIPITATION (IN)
  YESTERDAY        0.00          2.17 2010   0.19  -0.19     0.00
  MONTH TO DATE    0.40                      3.06  -2.66     1.77
  SINCE MAR 1     14.63                     13.33   1.30    12.06
  SINCE JAN 1     33.45                     21.96  11.49    17.27

SNOWFALL (IN)
  YESTERDAY        0.0          MM      MM                   0.0
  MONTH TO DATE    0.0                                       0.0
  SINCE MAR 1      0.0                                       0.4
  SINCE JUL 1      3.8                                       1.4
  SNOW DEPTH       0

DEGREE DAYS
 HEATING
  YESTERDAY        0                         1     -1        0
  MONTH TO DATE    0                        29    -29       25
  SINCE MAR 1    659                       656      3      394
  SINCE JUL 1   3213                      3402   -189     2235

 COOLING
  YESTERDAY       16                         6     10        6
  MONTH TO DATE  154                        64     90       45
  SINCE MAR 1    170                       129     41      191
  SINCE JAN 1    183                       130     53      205
..................................................................







THE MEMPHIS/GERMANTOWN WFO CLIMATE NORMALS FOR TODAY
                         NORMAL    RECORD    YEAR
 MAXIMUM TEMPERATURE (F)   80        91      2001
 MINIMUM TEMPERATURE (F)   59        45      2014
                                             2011


SUNRISE AND SUNSET
MAY 16 2018...........SUNRISE   555 AM CDT   SUNSET   757 PM CDT
MAY 17 2018...........SUNRISE   554 AM CDT   SUNSET   758 PM CDT


-  INDICATES NEGATIVE NUMBERS.
R  INDICATES RECORD WAS SET OR TIED.
MM INDICATES DATA IS MISSING.
T  INDICATES TRACE AMOUNT.




$$
