000
CXUS54 KMOB 010729
CF6PNS
PRELIMINARY LOCAL CLIMATOLOGICAL DATA (WS FORM: F-6)
STATION: PENSACOLA
MONTH: FEBRUARY
YEAR: 2024
LATITUDE: 30 28 N
LONGITUDE: 87 12 W
TEMPERATURE IN F: :PCPN: SNOW: WIND :SUNSHINE: SKY :PK WND
================================================================================
1 2 3 4 5 6A 6B 7 8 9 10 11 12 13 14 15 16 17 18
12Z AVG MX 2MIN
DY MAX MIN AVG DEP HDD CDD WTR SNW DPTH SPD SPD DIR MIN PSBL S-S WX SPD DR
================================================================================
1 61 40 51 -3 14 0 0.00 0.0 0 4.4 13 170 M M 0 16 180
2 68 45 57 3 8 0 0.00 0.0 0 4.0 12 180 M M 0 15 180
3 64 44 54 -1 11 0 T 0.0 0 8.7 17 120 M M 2 1 26 120
4 63 48 56 1 9 0 0.41 0.0 0 7.8 32 100 M M 9 1 45 100
5 57 46 52 -3 13 0 0.00 0.0 0 10.3 20 350 M M 9 1 29 360
6 72 42 57 2 8 0 0.00 0.0 0 8.0 16 340 M M 0 23 330
7 62 45 54 -1 11 0 0.00 0.0 0 7.6 17 120 M M 0 22 120
8 66 46 56 0 9 0 0.00 0.0 0 8.6 15 120 M M 3 21 120
9 70 59 65 9 0 0 0.14 0.0 0 7.0 15 140 M M 7 1 21 140
10 69 62 66 10 0 1 0.19 0.0 0 7.8 14 130 M M 10 1 21 150
11 70 64 67 11 0 2 0.02 0.0 0 6.1 22 200 M M 9 1 30 210
12 72 49 61 5 4 0 0.37 0.0 0 11.9 25 320 M M 7 13 35 300
13 63 47 55 -1 10 0 0.00 0.0 0 10.3 21 340 M M 4 29 340
14 66 38 52 -5 13 0 0.00 0.0 0 4.7 12 180 M M 0 15 30
15 64 47 56 -1 9 0 0.00 0.0 0 3.9 12 210 M M 2 15 180
16 63 53 58 1 7 0 T 0.0 0 2.9 9 160 M M 5 12 160
17 61 42 52 -5 13 0 0.13 0.0 0 11.5 23 350 M M 7 1 30 350
18 56 37 47 -11 18 0 0.00 0.0 0 9.8 18 360 M M 0 28 350
19 62 35 49 -9 16 0 0.00 0.0 0 6.8 15 180 M M 0 19 200
20 64 35 50 -8 15 0 0.00 0.0 0 6.5 15 190 M M 0 20 170
21 69 43 56 -2 9 0 0.00 0.0 0 4.5 14 170 M M 0 1 18 200
22 74 52 63 5 2 0 0.00 0.0 0 9.8 21 190 M M 3 29 180
23 79 55 67 9 0 2 0.11 0.0 0 13.2 23 330 M M 6 1 30 330
24 77 48 63 4 2 0 0.00 0.0 0 9.9 22 260 M M 0 33 310
25 68 44 56 -3 9 0 0.00 0.0 0 5.6 14 170 M M 0 16 170
26 73 49 61 2 4 0 0.00 0.0 0 9.4 20 160 M M 3 26 150
27 76 64 70 11 0 5 0.00 0.0 0 11.9 21 210 M M 7 28 200
28 82 55 69 9 0 4 0.00 0.0 0 13.9 28 340 M M 5 37 340
29 61 51 56 -4 9 0 0.00 0.0 0 9.2 21 120 M M 5 8 28 120
================================================================================
SM 1952 1385 223 14 1.37 0.0 236.0 M 103
================================================================================
AV 67.3 47.8 8.1 FASTST M M 4 MAX(MPH)
MISC ----> 32 100 45 100
================================================================================
NOTES:
# LAST OF SEVERAL OCCURRENCES
COLUMN 17 PEAK WIND IN M.P.H.
PRELIMINARY LOCAL CLIMATOLOGICAL DATA (WS FORM: F-6) , PAGE 2
STATION: PENSACOLA
MONTH: FEBRUARY
YEAR: 2024
LATITUDE: 30 28 N
LONGITUDE: 87 12 W
[TEMPERATURE DATA] [PRECIPITATION DATA] SYMBOLS USED IN COLUMN 16
AVERAGE MONTHLY: 57.5 TOTAL FOR MONTH: 1.37 1 = FOG OR MIST
DPTR FM NORMAL: 0.7 DPTR FM NORMAL: -3.40 2 = FOG REDUCING VISIBILITY
HIGHEST: 82 ON 28 GRTST 24HR 0.41 ON 3- 4 TO 1/4 MILE OR LESS
LOWEST: 35 ON 20,19 3 = THUNDER
SNOW, ICE PELLETS, HAIL 4 = ICE PELLETS
TOTAL MONTH: 0.0 INCH 5 = HAIL
GRTST 24HR 0.0 6 = FREEZING RAIN OR DRIZZLE
GRTST DEPTH: 0 7 = DUSTSTORM OR SANDSTORM:
VSBY 1/2 MILE OR LESS
8 = SMOKE OR HAZE
[NO. OF DAYS WITH] [WEATHER - DAYS WITH] 9 = BLOWING SNOW
X = TORNADO
MAX 32 OR BELOW: 0 0.01 INCH OR MORE: 7
MAX 90 OR ABOVE: 0 0.10 INCH OR MORE: 6
MIN 32 OR BELOW: 0 0.50 INCH OR MORE: 0
MIN 0 OR BELOW: 0 1.00 INCH OR MORE: 0
[HDD (BASE 65) ]
TOTAL THIS MO. 223 CLEAR (SCALE 0-3) 15
DPTR FM NORMAL -25 PTCLDY (SCALE 4-7) 10
TOTAL FM JUL 1 1080 CLOUDY (SCALE 8-10) 4
DPTR FM NORMAL -62
[CDD (BASE 65) ]
TOTAL THIS MO. 14
DPTR FM NORMAL -4 [PRESSURE DATA]
TOTAL FM JAN 1 18 HIGHEST SLP M ON M
DPTR FM NORMAL -11 LOWEST SLP 29.47 ON 4
[REMARKS]
#FINAL-02-24#