000
CXUS51 KBTV 010800
CF61V4
PRELIMINARY LOCAL CLIMATOLOGICAL DATA (WS FORM: F-6)
STATION: SAINT JOHNSBURY VT ASOS
MONTH: DECEMBER
YEAR: 2022
LATITUDE: 44 25 N
LONGITUDE: 72 1 W
TEMPERATURE IN F: :PCPN: SNOW: WIND :SUNSHINE: SKY :PK WND
================================================================================
1 2 3 4 5 6A 6B 7 8 9 10 11 12 13 14 15 16 17 18
12Z AVG MX 2MIN
DY MAX MIN AVG DEP HDD CDD WTR SNW DPTH SPD SPD DIR MIN PSBL S-S WX SPD DR
================================================================================
1 36 29 33 4 32 0 0.00 M M M M M M M 0 M M
2 39 21 30 1 35 0 0.00 M M M M M M M 0 M M
3 50 37 44 16 21 0 0.00 M M M M M M M 0 M M
4 38 21 30 2 35 0 0.00 M M M M M M M 0 M M
5 42 22 32 4 33 0 0.00 M M M M M M M 0 M M
6 47 29 38 11 27 0 0.00 M M M M M M M 0 M M
7 47 43 45 18 20 0 0.00 M M M M M M M 0 M M
8 45 26 36 10 29 0 0.00 M M M M M M M 0 M M
9 36 20 28 2 37 0 0.00 M M M M M M M 0 M M
10 31 13 22 -4 43 0 0.00 M M M M M M M 0 M M
11 25 13 19 -6 46 0 0.00 M M M M M M M 0 M M
12 28 9 19 -6 46 0 0.00 M M M M M M M 0 M M
13 32 3 18 -7 47 0 0.00 M M M M M M M 0 M M
14 29 17 23 -1 42 0 0.00 M M M M M M M 0 M M
15 38 25 32 8 33 0 0.00 M M M M M M M 0 M M
16 36 30 33 9 32 0 0.00 M M M M M M M 0 M M
17 35 31 33 10 32 0 0.00 M M M M M M M 0 M M
18 34 27 31 8 34 0 0.00 M M M M M M M 0 M M
19 33 24 29 6 36 0 0.00 M M M M M M M 0 M M
20 31 26 29 7 36 0 0.00 M M M M M M M 0 M M
21 32 14 23 1 42 0 0.00 M M M M M M M 0 M M
22 29 11 20 -2 45 0 0.00 M M M M M M M 0 M M
23 51 16 34 13 31 0 0.00 M M M M M M M 0 M M
24 15 8 12 -9 53 0 0.00 M M M M M M M 0 M M
25 21 10 16 -5 49 0 0.00 M M M M M M M 0 M M
26 26 17 22 2 43 0 0.00 M M M M M M M 0 M M
27 28 16 22 2 43 0 0.00 M M M M M M M 0 M M
28 29 16 23 3 42 0 0.00 M M M M M M M 0 M M
29 43 21 32 12 33 0 0.00 M M M M M M M 0 M M
30 51 33 42 22 23 0 0.00 M M M M M M M 0 M M
31 46 32 39 20 26 0 0.00 M M M M M M M 0 M M
================================================================================
SM 1103 660 1126 0 0.00 M M M 0
================================================================================
AV 35.6 21.3 M FASTST M M 0 MAX(MPH)
MISC ----> M M M M
================================================================================
NOTES:
# LAST OF SEVERAL OCCURRENCES
COLUMN 17 PEAK WIND IN M.P.H.
PRELIMINARY LOCAL CLIMATOLOGICAL DATA (WS FORM: F-6) , PAGE 2
STATION: SAINT JOHNSBURY VT ASOS
MONTH: DECEMBER
YEAR: 2022
LATITUDE: 44 25 N
LONGITUDE: 72 1 W
[TEMPERATURE DATA] [PRECIPITATION DATA] SYMBOLS USED IN COLUMN 16
AVERAGE MONTHLY: 28.4 TOTAL FOR MONTH: 0.00 1 = FOG OR MIST
DPTR FM NORMAL: 4.6 DPTR FM NORMAL: -2.93 2 = FOG REDUCING VISIBILITY
HIGHEST: 51 ON 30,23 GRTST 24HR 0.00 ON 1- 1 TO 1/4 MILE OR LESS
LOWEST: 3 ON 13 3 = THUNDER
SNOW, ICE PELLETS, HAIL 4 = ICE PELLETS
TOTAL MONTH: M 5 = HAIL
GRTST 24HR M ON M 6 = FREEZING RAIN OR DRIZZLE
GRTST DEPTH: M ON M 7 = DUSTSTORM OR SANDSTORM:
VSBY 1/2 MILE OR LESS
8 = SMOKE OR HAZE
[NO. OF DAYS WITH] [WEATHER - DAYS WITH] 9 = BLOWING SNOW
X = TORNADO
MAX 32 OR BELOW: 13 0.01 INCH OR MORE: 0
MAX 90 OR ABOVE: 0 0.10 INCH OR MORE: 0
MIN 32 OR BELOW: 28 0.50 INCH OR MORE: 0
MIN 0 OR BELOW: 0 1.00 INCH OR MORE: 0
[HDD (BASE 65) ]
TOTAL THIS MO. 1126 CLEAR (SCALE 0-3) 31
DPTR FM NORMAL -151 PTCLDY (SCALE 4-7) 0
TOTAL FM JUL 1 2526 CLOUDY (SCALE 8-10) 0
DPTR FM NORMAL -491
[CDD (BASE 65) ]
TOTAL THIS MO. 0
DPTR FM NORMAL 0 [PRESSURE DATA]
TOTAL FM JAN 1 107 HIGHEST SLP M ON M
DPTR FM NORMAL -223 LOWEST SLP M ON M
[REMARKS]
#FINAL-12-22#