000
CXUS55 KBOU 010900
CF620V
PRELIMINARY LOCAL CLIMATOLOGICAL DATA (WS FORM: F-6)
STATION: KREMMLING
MONTH: MAY
YEAR: 2023
LATITUDE: 40 3 N
LONGITUDE: 106 22 W
TEMPERATURE IN F: :PCPN: SNOW: WIND :SUNSHINE: SKY :PK WND
================================================================================
1 2 3 4 5 6A 6B 7 8 9 10 11 12 13 14 15 16 17 18
12Z AVG MX 2MIN
DY MAX MIN AVG DEP HDD CDD WTR SNW DPTH SPD SPD DIR MIN PSBL S-S WX SPD DR
================================================================================
1 70 30 50 M 15 0 M M M 2.6 15 280 M M 2 24 270
2 68 34 51 M 14 0 M M M 3.5 26 160 M M 4 3 36 160
3 68 32 50 M 15 0 M M M 2.9 9 80 M M 1 M M
4 61 34 48 M 17 0 M M M 3.7 21 250 M M 6 25 250
5 59 30 45 M 20 0 M M M 4.5 22 240 M M 3 30 240
6 59 32 46 M 19 0 M M M 9.2 20 260 M M 4 30 250
7 55 36 46 M 19 0 M M M 6.1 21 240 M M 5 28 240
8 68 30 49 M 16 0 M M M 5.0 16 220 M M 4 28 230
9 70 30 50 M 15 0 M M M 4.0 17 270 M M 1 28 0
10 72 30 51 M 14 0 M M M 7.0 29 130 M M 4 40 130
11 50 41 46 M 19 0 M M M 5.7 16 330 M M 10 20 310
12 54 41 48 M 17 0 M M M 6.9 15 350 M M 9 22 350
13 64 37 51 M 14 0 M M M 3.7 17 110 M M 7 3 23 110
14 68 34 51 M 14 0 M M M 3.5 14 360 M M 6 22 360
15 63 39 51 M 14 0 M M M 3.5 14 140 M M 6 23 0
16 68 34 51 M 14 0 M M M 3.6 21 320 M M 6 31 320
17 68 34 51 M 14 0 M M M 3.6 16 220 M M 4 22 220
18 63 37 50 M 15 0 M M M 3.1 13 190 M M 8 27 190
19 64 36 50 M 15 0 M M M 2.3 14 260 M M 5 13 20 260
20 63 36 50 M 15 0 M M M 3.5 14 350 M M 4 23 290
21 72 32 52 M 13 0 M M M 3.6 14 360 M M 2 18 360
22 70 34 52 M 13 0 M M M 3.4 10 260 M M 1 23 200
23 73 34 54 M 11 0 M M M 3.6 18 150 M M 3 23 240
24 68 37 53 M 12 0 M M M 4.6 14 230 M M 5 3 23 100
25 75 34 55 M 10 0 M M M 4.0 20 120 M M 2 24 320
26 70 34 52 M 13 0 M M M 3.5 18 100 M M 3 3 27 310
27 68 34 51 M 14 0 M M M 4.4 14 350 M M 2 3 38 240
28 68 32 50 M 15 0 M M M 3.9 17 320 M M 2 25 320
29 75 32 54 M 11 0 M M M 4.7 17 240 M M 2 1 28 250
30 73 36 55 M 10 0 M M M 3.9 13 220 M M 1 27 330
31 70 37 54 M 11 0 M M M 2.8 18 100 M M 3 3 28 200
================================================================================
SM 2057 1063 448 0 M M 130.4 M 125
================================================================================
AV 66.4 34.3 4.2 FASTST M M 4 MAX(MPH)
MISC ----> 29 130 40 130
================================================================================
NOTES:
# LAST OF SEVERAL OCCURRENCES
COLUMN 17 PEAK WIND IN M.P.H.
PRELIMINARY LOCAL CLIMATOLOGICAL DATA (WS FORM: F-6) , PAGE 2
STATION: KREMMLING
MONTH: MAY
YEAR: 2023
LATITUDE: 40 3 N
LONGITUDE: 106 22 W
[TEMPERATURE DATA] [PRECIPITATION DATA] SYMBOLS USED IN COLUMN 16
AVERAGE MONTHLY: 50.3 TOTAL FOR MONTH: M 1 = FOG OR MIST
DPTR FM NORMAL: 0.0 DPTR FM NORMAL: M 2 = FOG REDUCING VISIBILITY
HIGHEST: 75 ON 25,29 GRTST 24HR M ON M TO 1/4 MILE OR LESS
LOWEST: 30 ON 5, 1 3 = THUNDER
SNOW, ICE PELLETS, HAIL 4 = ICE PELLETS
TOTAL MONTH: M 5 = HAIL
GRTST 24HR M ON M 6 = FREEZING RAIN OR DRIZZLE
GRTST DEPTH: M ON M 7 = DUSTSTORM OR SANDSTORM:
VSBY 1/2 MILE OR LESS
8 = SMOKE OR HAZE
[NO. OF DAYS WITH] [WEATHER - DAYS WITH] 9 = BLOWING SNOW
X = TORNADO
MAX 32 OR BELOW: 0 0.01 INCH OR MORE: 0
MAX 90 OR ABOVE: 0 0.10 INCH OR MORE: 0
MIN 32 OR BELOW: 10 0.50 INCH OR MORE: 0
MIN 0 OR BELOW: 0 1.00 INCH OR MORE: 0
[HDD (BASE 65) ]
TOTAL THIS MO. 448 CLEAR (SCALE 0-3) 12
DPTR FM NORMAL M PTCLDY (SCALE 4-7) 17
TOTAL FM JUL 1 9325 CLOUDY (SCALE 8-10) 2
DPTR FM NORMAL M
[CDD (BASE 65) ]
TOTAL THIS MO. 0
DPTR FM NORMAL M [PRESSURE DATA]
TOTAL FM JAN 1 0 HIGHEST SLP M ON M
DPTR FM NORMAL M LOWEST SLP M ON M
[REMARKS]
#FINAL-05-23#