000
CXUS53 KUNR 010930
CF62WX
PRELIMINARY LOCAL CLIMATOLOGICAL DATA (WS FORM: F-6)
STATION: BUFFALO SD
MONTH: SEPTEMBER
YEAR: 2023
LATITUDE: 45 35 N
LONGITUDE: 103 33 W
TEMPERATURE IN F: :PCPN: SNOW: WIND :SUNSHINE: SKY :PK WND
================================================================================
1 2 3 4 5 6A 6B 7 8 9 10 11 12 13 14 15 16 17 18
12Z AVG MX 2MIN
DY MAX MIN AVG DEP HDD CDD WTR SNW DPTH SPD SPD DIR MIN PSBL S-S WX SPD DR
================================================================================
1 92 52 72 6 0 7 0.00 M M 10.3 20 100 M M M 27 100
2 99 60 80 14 0 15 0.00 M M 10.2 28 280 M M M 34 280
3 101 68 85 19 0 20 0.00 M M 7.4 15 240 M M M 22 260
4 89 57 73 8 0 8 0.86 M M 14.5 51 230 M M M 71 230
5 69 53 61 -4 4 0 0.76 M M 16.5 38 330 M M M 49 330
6 77 50 64 -1 1 0 0.00 M M 12.2 22 140 M M M 27 150
7 85 52 69 5 0 4 0.00 M M 9.4 22 310 M M M 28 300
8 76 53 65 1 0 0 0.00 M M 11.5 23 80 M M M 30 80
9 72 53 63 -1 2 0 0.00 M M 9.0 16 40 M M M 20 40
10 65 50 58 -5 7 0 0.06 M M 8.0 16 150 M M M 21 140
11 73 46 60 -3 5 0 0.00 M M 6.2 14 180 M M M 19 180
12 78 46 62 0 3 0 0.00 M M 11.0 24 130 M M M 34 130
13 85 48 67 5 0 2 0.02 M M 6.3 26 340 M M M 34 350
14 75 55 65 3 0 0 0.00 M M 10.2 25 320 M M M 31 320
15 74 51 63 2 2 0 0.00 M M 7.1 22 320 M M M 30 290
16 79 44 62 1 3 0 0.00 M M 5.3 12 150 M M M 16 160
17 85 48 67 7 0 2 0.00 M M 9.5 18 150 M M M 22 160
18 89 56 73 13 0 8 0.00 M M 9.7 24 290 M M M 32 290
19 81 52 67 8 0 2 0.00 M M 12.2 30 310 M M M 37 320
20 70 45 58 -1 7 0 0.00 M M 12.7 23 80 M M M 31 80
21 75 51 63 5 2 0 0.00 M M 13.7 24 60 M M M 30 60
22 65 56 61 3 4 0 0.13 M M 8.9 18 130 M M M 26 80
23 64 54 59 2 6 0 0.21 M M 8.6 22 310 M M M 27 320
24 69 51 60 3 5 0 0.01 M M 13.6 25 300 M M M 32 300
25 77 46 62 6 3 0 0.00 M M 5.1 12 100 M M M 13 100
26 75 52 64 8 1 0 0.00 M M 14.8 24 130 M M 0 32 120
27 75 50 63 8 2 0 0.00 M M 7.5 16 140 M M M 21 130
28 67 53 60 5 5 0 0.00 M M 13.0 28 320 M M M 35 310
29 70 47 59 5 6 0 0.29 M M 9.3 20 90 M M M 28 90
30 75 51 63 9 2 0 0.00 M M 17.2 33 140 M M M 40 150
================================================================================
SM 2326 1550 70 68 2.34 M 310.9 M 0
================================================================================
AV 77.5 51.7 10.4 FASTST M M 0 MAX(MPH)
MISC ----> 51 230 71 230
================================================================================
NOTES:
# LAST OF SEVERAL OCCURRENCES
COLUMN 17 PEAK WIND IN M.P.H.
PRELIMINARY LOCAL CLIMATOLOGICAL DATA (WS FORM: F-6) , PAGE 2
STATION: BUFFALO SD
MONTH: SEPTEMBER
YEAR: 2023
LATITUDE: 45 35 N
LONGITUDE: 103 33 W
[TEMPERATURE DATA] [PRECIPITATION DATA] SYMBOLS USED IN COLUMN 16
AVERAGE MONTHLY: 64.6 TOTAL FOR MONTH: 2.34 1 = FOG OR MIST
DPTR FM NORMAL: 4.0 DPTR FM NORMAL: 1.21 2 = FOG REDUCING VISIBILITY
HIGHEST: 101 ON 3 GRTST 24HR 1.62 ON 4- 5 TO 1/4 MILE OR LESS
LOWEST: 44 ON 16 3 = THUNDER
SNOW, ICE PELLETS, HAIL 4 = ICE PELLETS
TOTAL MONTH: M 5 = HAIL
GRTST 24HR M ON M 6 = FREEZING RAIN OR DRIZZLE
GRTST DEPTH: M ON M 7 = DUSTSTORM OR SANDSTORM:
VSBY 1/2 MILE OR LESS
8 = SMOKE OR HAZE
[NO. OF DAYS WITH] [WEATHER - DAYS WITH] 9 = BLOWING SNOW
X = TORNADO
MAX 32 OR BELOW: 0 0.01 INCH OR MORE: 8
MAX 90 OR ABOVE: 3 0.10 INCH OR MORE: 5
MIN 32 OR BELOW: 0 0.50 INCH OR MORE: 2
MIN 0 OR BELOW: 0 1.00 INCH OR MORE: 0
[HDD (BASE 65) ]
TOTAL THIS MO. 70 CLEAR (SCALE 0-3) 1
DPTR FM NORMAL -120 PTCLDY (SCALE 4-7) 0
TOTAL FM JUL 1 86 CLOUDY (SCALE 8-10) 29
DPTR FM NORMAL -147
[CDD (BASE 65) ]
TOTAL THIS MO. 68
DPTR FM NORMAL 10 [PRESSURE DATA]
TOTAL FM JAN 1 695 HIGHEST SLP 30.31 ON 10
DPTR FM NORMAL 119 LOWEST SLP 29.48 ON 4
[REMARKS]
#FINAL-09-23#