000
CXUS53 KABR 021644
CLA8D3
CLIMATE REPORT
NATIONAL WEATHER SERVICE ABERDEEN SD
1020 AM CST THU JAN 2 2020
...................................
...THE SISSETON SD CLIMATE SUMMARY FOR THE YEAR OF 2019...
CLIMATE NORMAL PERIOD 1981 TO 2010
CLIMATE RECORD PERIOD 1900 TO 2020
WEATHER OBSERVED NORMAL DEPART LAST YEAR`S
VALUE DATE(S) VALUE FROM VALUE DATE(S)
NORMAL
................................................................
TEMPERATURE (F)
RECORD
HIGH 113 07/06/1936
05/30/1934
LOW -37 01/24/1936
HIGHEST 93 06/07 MM MM 97 05/27
LOWEST -31 01/31 MM MM -22 12/29
AVG. MAXIMUM 49.5 54.5 -5.0 53.0
AVG. MINIMUM 31.4 33.0 -1.6 32.6
MEAN 40.5 43.7 -3.2 42.8
DAYS MAX >= 90 4 10.3 -6.3 16
DAYS MAX <= 32 105 77.9 27.1 94
DAYS MIN <= 32 177 168.3 8.7 186
DAYS MIN <= 0 55 33.0 22.0 35
PRECIPITATION (INCHES)
RECORD
MAXIMUM 35.04 2019
MINIMUM 8.77 1976
TOTALS 35.04 22.33 12.71 23.04
DAILY AVG. 0.10
DAYS >= .01 131 MM MM 108
DAYS >= .10 69 MM MM 54
DAYS >= .50 20 MM MM 13
DAYS >= 1.00 8 MM MM 4
SNOWFALL (INCHES)
RECORDS
TOTAL MM MM
TOTALS 84.1 MM MM 70.8
SINCE 7/1 20.9 MM MM 25.2
DEGREE_DAYS
HEATING TOTAL 9283 8285 998 8684
SINCE 7/1 MM 3339 MM MM
COOLING TOTAL 494 527 -33 754
SINCE 1/1 494 527 -33 754
.................................................................
WIND (MPH)
AVERAGE WIND SPEED 10.7
HIGHEST WIND SPEED/DIRECTION 45/330 DATE 03/14
HIGHEST GUST SPEED/DIRECTION 56/310 DATE 01/08
- INDICATES NEGATIVE NUMBERS.
R INDICATES RECORD WAS SET OR TIED.
MM INDICATES DATA IS MISSING.
T INDICATES TRACE AMOUNT.
$$