000
CXUS51 KPHI 011332 CCA
CF6ABE
PRELIMINARY LOCAL CLIMATOLOGICAL DATA (WS FORM: F-6)
STATION: ALLENTOWN PA
MONTH: FEBRUARY
YEAR: 2021
LATITUDE: 40 39 N
LONGITUDE: 75 26 W
TEMPERATURE IN F: :PCPN: SNOW: WIND :SUNSHINE: SKY :PK WND
================================================================================
1 2 3 4 5 6A 6B 7 8 9 10 11 12 13 14 15 16 17 18
12Z AVG MX 2MIN
DY MAX MIN AVG DEP HDD CDD WTR SNW DPTH SPD SPD DIR MIN PSBL S-S WX SPD DR
================================================================================
1 33 19 26 -2 39 0 2.00 22.4 8 19.7 29 60 M M 10 129 37 50
2 34 28 31 3 34 0 0.05 0.4 24 12.4 22 320 M M 10 18 31 310
3 34 27 31 2 34 0 T T 22 12.6 26 320 M M 9 35 320
4 42 25 34 5 31 0 0.00 0.0 21 8.3 17 300 M M 1 22 290
5 44 25 35 6 30 0 0.07 0.7 18 7.4 21 290 M M 4 1 29 290
6 41 16 29 0 36 0 0.00 0.0 14 5.8 25 260 M M 1 34 260
7 34 20 27 -2 38 0 0.15 2.7 11 6.1 18 320 M M 6 1 23 320
8 26 8 17 -12 48 0 0.00 0.0 12 3.9 21 320 M M 1 28 330
9 31 12 22 -8 43 0 0.09 0.9 12 2.7 9 60 M M 8 18 14 110
10 32 12 22 -8 43 0 0.06 0.5 13 3.4 10 240 M M 3 1 15 240
11 31 21 26 -4 39 0 0.12 1.6 13 7.6 15 360 M M 6 1 19 360
12 27 13 20 -10 45 0 0.00 0.0 13 3.1 14 40 M M 7 16 50
13 26 21 24 -6 41 0 T T 13 8.7 17 60 M M 10 46 21 50
14 38 22 30 0 35 0 0.00 0.0 13 3.4 13 50 M M 8 18 14 50
15 33 29 31 0 34 0 0.15 0.0 11 9.1 15 80 M M 10 168 19 70
16 43 25 34 3 31 0 0.63 0.0 10 11.3 23 270 M M 7 16 36 300
17 31 18 25 -6 40 0 0.00 0.0 7 6.7 21 320 M M 1 27 330
18 27 21 24 -7 41 0 0.39 4.4 6 10.0 16 70 M M 10 1248 19 60
19 32 24 28 -4 37 0 0.16 1.1 9 5.2 15 60 M M 10 168 17 50
20 31 20 26 -6 39 0 T T 10 10.7 20 300 M M 5 26 300
21 33 13 23 -9 42 0 0.00 0.0 8 6.0 14 330 M M 1 17 320
22 34 22 28 -4 37 0 0.40 4.1 7 5.8 18 180 M M 7 128 23 170
23 44 25 35 3 30 0 T T 11 8.2 21 280 M M 7 18 29 290
24 51 29 40 7 25 0 T 0.0 9 8.3 22 200 M M 2 30 200
25 47 29 38 5 27 0 0.00 0.0 6 10.3 22 330 M M 1 30 330
26 43 24 34 1 31 0 T T 4 3.6 12 160 M M 1 21 140
27 44 32 38 4 27 0 0.31 0.8 3 6.1 17 230 M M 7 1 20 230
28 40 32 36 2 29 0 0.63 0.0 2 5.3 13 110 M M 6 1 18 130
================================================================================
SM 1006 612 1006 0 5.21 39.6 211.7 M 159
================================================================================
AV 35.9 21.9 7.6 FASTST M M 6 MAX(MPH)
MISC ----> 29 60 37 50
================================================================================
NOTES:
# LAST OF SEVERAL OCCURRENCES
COLUMN 17 PEAK WIND IN M.P.H.
PRELIMINARY LOCAL CLIMATOLOGICAL DATA (WS FORM: F-6) , PAGE 2
STATION: ALLENTOWN PA
MONTH: FEBRUARY
YEAR: 2021
LATITUDE: 40 39 N
LONGITUDE: 75 26 W
[TEMPERATURE DATA] [PRECIPITATION DATA] SYMBOLS USED IN COLUMN 16
AVERAGE MONTHLY: 28.9 TOTAL FOR MONTH: 5.21 1 = FOG OR MIST
DPTR FM NORMAL: -1.8 DPTR FM NORMAL: 2.51 2 = FOG REDUCING VISIBILITY
HIGHEST: 51 ON 24 GRTST 24HR 2.00 ON 1- 1 TO 1/4 MILE OR LESS
LOWEST: 8 ON 8 3 = THUNDER
SNOW, ICE PELLETS, HAIL 4 = ICE PELLETS
TOTAL MONTH: 39.6 INCHES 5 = HAIL
GRTST 24HR 22.4 ON 1- 1 6 = FREEZING RAIN OR DRIZZLE
GRTST DEPTH: 24 ON 2 7 = DUSTSTORM OR SANDSTORM:
VSBY 1/2 MILE OR LESS
8 = SMOKE OR HAZE
[NO. OF DAYS WITH] [WEATHER - DAYS WITH] 9 = BLOWING SNOW
X = TORNADO
MAX 32 OR BELOW: 10 0.01 INCH OR MORE: 14
MAX 90 OR ABOVE: 0 0.10 INCH OR MORE: 10
MIN 32 OR BELOW: 28 0.50 INCH OR MORE: 3
MIN 0 OR BELOW: 0 1.00 INCH OR MORE: 1
[HDD (BASE 65) ]
TOTAL THIS MO. 1006 CLEAR (SCALE 0-3) 8
DPTR FM NORMAL 47 PTCLDY (SCALE 4-7) 12
TOTAL FM JUL 1 3969 CLOUDY (SCALE 8-10) 8
DPTR FM NORMAL -339
[CDD (BASE 65) ]
TOTAL THIS MO. 0
DPTR FM NORMAL 0 [PRESSURE DATA]
TOTAL FM JAN 1 0 HIGHEST SLP 30.57 ON 21
DPTR FM NORMAL 0 LOWEST SLP 29.46 ON 2
[REMARKS]
#FINAL-02-21#