000
CXUS54 KFWD 220501
CF6ACT
PRELIMINARY LOCAL CLIMATOLOGICAL DATA (WS FORM: F-6)
STATION: WACO
MONTH: JULY
YEAR: 2022
LATITUDE: 31 37 N
LONGITUDE: 97 13 W
TEMPERATURE IN F: :PCPN: SNOW: WIND :SUNSHINE: SKY :PK WND
================================================================================
1 2 3 4 5 6A 6B 7 8 9 10 11 12 13 14 15 16 17 18
12Z AVG MX 2MIN
DY MAX MIN AVG DEP HDD CDD WTR SNW DPTH SPD SPD DIR MIN PSBL S-S WX SPD DR
================================================================================
1 98 75 87 3 0 22 0.00 0.0 0 7.6 17 120 M M 3 22 120
2 101 76 89 5 0 24 0.00 0.0 0 9.8 16 170 M M 1 21 170
3 102 80 91 7 0 26 0.00 0.0 0 12.7 22 180 M M 0 31 180
4 100 78 89 5 0 24 0.00 0.0 0 13.7 21 190 M M 1 28 160
5 101 78 90 6 0 25 0.00 0.0 0 13.1 21 180 M M 0 26 180
6 103 78 91 6 0 26 0.00 0.0 0 12.5 20 190 M M 0 25 170
7 103 79 91 6 0 26 0.00 0.0 0 11.2 17 190 M M 0 24 180
8 105 80 93 8 0 28 0.00 0.0 0 10.4 17 180 M M 0 23 180
9 108 81 95 10 0 30 0.00 0.0 0 7.6 25 340 M M 0 3 35 360
10 109 79 94 9 0 29 0.00 0.0 0 6.3 16 360 M M 0 25 350
11 107 80 94 9 0 29 0.00 0.0 0 7.0 15 50 M M 1 19 50
12 108 80 94 9 0 29 0.00 0.0 0 7.7 21 50 M M 1 27 60
13 108 80 94 9 0 29 0.00 0.0 0 6.8 18 170 M M 1 26 180
14 100 75 88 3 0 23 0.01 0.0 0 9.4 37 100 M M 1 3 52 90
15 101 72 87 1 0 22 0.00 0.0 0 7.4 17 160 M M 1 23 120
16 101 78 90 4 0 25 0.00 0.0 0 10.7 16 190 M M 0 22 200
17 105 81 93 7 0 28 0.00 0.0 0 11.0 16 170 M M 1 8 22 180
18 107 80 94 8 0 29 0.00 0.0 0 13.4 21 190 M M 0 29 180
19 106 80 93 7 0 28 0.00 0.0 0 15.9 26 180 M M 0 33 180
20 106 80 93 7 0 28 0.00 0.0 0 13.2 23 190 M M 0 33 170
21 104 79 92 6 0 27 0.00 0.0 0 11.0 22 190 M M 0 28 210
22 103 81 92 6 0 27 0.00 0.0 0 11.4 28 110 M M 0 35 110
23 102 79 91 5 0 26 0.00 0.0 0 12.9 22 180 M M 0 27 170
24 103 80 92 6 0 27 0.00 0.0 0 13.3 23 170 M M 0 32 190
25 104 79 92 6 0 27 0.00 0.0 0 13.4 22 180 M M 0 8 30 170
26 104 78 91 5 0 26 0.00 0.0 0 12.9 22 170 M M 0 30 170
27 104 79 92 6 0 27 0.00 0.0 0 13.3 23 160 M M 0 30 180
28 102 80 91 4 0 26 0.00 0.0 0 12.7 24 150 M M 0 32 150
29 104 80 92 5 0 27 0.00 0.0 0 12.6 24 170 M M 0 31 180
30 104 80 92 5 0 27 0.00 0.0 0 13.1 23 170 M M 0 32 180
31 103 80 92 5 0 27 0.00 0.0 0 13.0 22 180 M M 0 30 170
================================================================================
SM 3216 2445 0 824 0.01 0.0 347.0 M 11
================================================================================
AV103.7 78.9 11.2 FASTST M M 0 MAX(MPH)
MISC ----> 37 100 52 90
================================================================================
NOTES:
# LAST OF SEVERAL OCCURRENCES
COLUMN 17 PEAK WIND IN M.P.H.
PRELIMINARY LOCAL CLIMATOLOGICAL DATA (WS FORM: F-6) , PAGE 2
STATION: WACO
MONTH: JULY
YEAR: 2022
LATITUDE: 31 37 N
LONGITUDE: 97 13 W
[TEMPERATURE DATA] [PRECIPITATION DATA] SYMBOLS USED IN COLUMN 16
AVERAGE MONTHLY: 91.3 TOTAL FOR MONTH: 0.01 1 = FOG OR MIST
DPTR FM NORMAL: 5.7 DPTR FM NORMAL: -1.81 2 = FOG REDUCING VISIBILITY
HIGHEST: 109 ON 10 GRTST 24HR 0.01 ON 14-14 TO 1/4 MILE OR LESS
LOWEST: 72 ON 15 3 = THUNDER
SNOW, ICE PELLETS, HAIL 4 = ICE PELLETS
TOTAL MONTH: 0.0 INCH 5 = HAIL
GRTST 24HR 0.0 6 = FREEZING RAIN OR DRIZZLE
GRTST DEPTH: 0 7 = DUSTSTORM OR SANDSTORM:
VSBY 1/2 MILE OR LESS
8 = SMOKE OR HAZE
[NO. OF DAYS WITH] [WEATHER - DAYS WITH] 9 = BLOWING SNOW
X = TORNADO
MAX 32 OR BELOW: 0 0.01 INCH OR MORE: 1
MAX 90 OR ABOVE: 31 0.10 INCH OR MORE: 0
MIN 32 OR BELOW: 0 0.50 INCH OR MORE: 0
MIN 0 OR BELOW: 0 1.00 INCH OR MORE: 0
[HDD (BASE 65) ]
TOTAL THIS MO. 0 CLEAR (SCALE 0-3) 31
DPTR FM NORMAL 0 PTCLDY (SCALE 4-7) 0
TOTAL FM JUL 1 0 CLOUDY (SCALE 8-10) 0
DPTR FM NORMAL 0
[CDD (BASE 65) ]
TOTAL THIS MO. 824
DPTR FM NORMAL 187 [PRESSURE DATA]
TOTAL FM JAN 1 2180 HIGHEST SLP 30.11 ON 14
DPTR FM NORMAL 574 LOWEST SLP 29.71 ON 11
[REMARKS]
#FINAL-07-22#