000
CXUS54 KLZK 011332
CF6ADF
PRELIMINARY LOCAL CLIMATOLOGICAL DATA (WS FORM: F-6)
STATION: ARKADELPHIA AIRPORT
MONTH: FEBRUARY
YEAR: 2024
LATITUDE: 34 9 N
LONGITUDE: 93 4 W
TEMPERATURE IN F: :PCPN: SNOW: WIND :SUNSHINE: SKY :PK WND
================================================================================
1 2 3 4 5 6A 6B 7 8 9 10 11 12 13 14 15 16 17 18
12Z AVG MX 2MIN
DY MAX MIN AVG DEP HDD CDD WTR SNW DPTH SPD SPD DIR MIN PSBL S-S WX SPD DR
================================================================================
1 67 35 51 9 14 0 0.00 M M 1.2 7 220 M M 0 M M
2 68 42 55 13 10 0 0.00 M M 0.6 6 210 M M 5 M M
3 55 50 53 10 12 0 1.49 M M 2.9 9 100 M M 8 1 M M
4 57 49 53 10 12 0 0.04 M M 4.8 13 20 M M 10 12 16 30
5 65 40 53 10 12 0 T M M 6.9 16 350 M M 2 8 22 350
6 64 32 48 5 17 0 0.00 M M 1.2 8 20 M M 0 M M
7 65 37 51 8 14 0 0.00 M M 1.7 6 140 M M 0 M M
8 66 50 58 14 7 0 T M M 5.8 13 200 M M 8 17 180
9 73 58 66 22 0 1 0.12 M M 3.0 10 230 M M 7 1 M M
10 62 52 57 13 8 0 0.53 M M 3.5 9 340 M M 10 13 M M
11 52 44 48 4 17 0 0.49 M M 7.0 14 30 M M 10 1 23 30
12 46 35 41 -3 24 0 0.09 M M 5.8 12 290 M M 8 1 22 310
13 62 29 46 1 19 0 0.00 M M 1.4 7 200 M M 0 1 M M
14 66 31 49 4 16 0 0.00 M M 2.4 9 160 M M 0 M M
15 69 36 53 8 12 0 0.00 M M 2.2 8 210 M M 1 8 M M
16 69 40 55 9 10 0 0.13 M M 7.3 22 360 M M 8 31 20
17 46 33 40 -6 25 0 0.00 M M 8.0 16 20 M M 3 24 20
18 53 22 38 -8 27 0 0.00 M M 2.4 9 240 M M 0 M M
19 61 23 42 -4 23 0 0.00 M M 2.6 9 180 M M 0 16 200
20 73 29 51 4 14 0 0.00 M M 1.8 9 230 M M 0 8 M M
21 78 39 59 12 6 0 0.00 M M 5.5 16 180 M M 2 22 190
22 78 56 67 20 0 2 0.00 M M 10.7 17 190 M M 6 24 190
23 70 43 57 9 8 0 0.00 M M 7.5 15 330 M M 0 23 350
24 71 36 54 6 11 0 0.00 M M 3.6 12 360 M M 0 16 360
25 79 35 57 9 8 0 0.00 M M 7.0 21 220 M M 2 30 200
26 84 48 66 18 0 1 0.00 M M 6.1 14 210 M M 3 18 200
27 75 66 71 22 0 6 0.00 M M 9.2 14 210 M M 6 24 210
28 72 40 56 7 9 0 0.00 M M 9.6 22 330 M M 2 33 330
29 47 33 40 -9 25 0 0.29 M M 4.5 9 60 M M 5 1 M M
================================================================================
SM 1893 1163 360 10 3.18 M 136.3 M 106
================================================================================
AV 65.3 40.1 4.7 FASTST M M 4 MAX(MPH)
MISC ----> # 22 360 33 330
================================================================================
NOTES:
# LAST OF SEVERAL OCCURRENCES
COLUMN 17 PEAK WIND IN M.P.H.
PRELIMINARY LOCAL CLIMATOLOGICAL DATA (WS FORM: F-6) , PAGE 2
STATION: ARKADELPHIA AIRPORT
MONTH: FEBRUARY
YEAR: 2024
LATITUDE: 34 9 N
LONGITUDE: 93 4 W
[TEMPERATURE DATA] [PRECIPITATION DATA] SYMBOLS USED IN COLUMN 16
AVERAGE MONTHLY: 52.7 TOTAL FOR MONTH: 3.18 1 = FOG OR MIST
DPTR FM NORMAL: 7.4 DPTR FM NORMAL: -1.16 2 = FOG REDUCING VISIBILITY
HIGHEST: 84 ON 26 GRTST 24HR 1.49 ON 3- 3 TO 1/4 MILE OR LESS
LOWEST: 22 ON 18 3 = THUNDER
SNOW, ICE PELLETS, HAIL 4 = ICE PELLETS
TOTAL MONTH: M 5 = HAIL
GRTST 24HR M ON M 6 = FREEZING RAIN OR DRIZZLE
GRTST DEPTH: M ON M 7 = DUSTSTORM OR SANDSTORM:
VSBY 1/2 MILE OR LESS
8 = SMOKE OR HAZE
[NO. OF DAYS WITH] [WEATHER - DAYS WITH] 9 = BLOWING SNOW
X = TORNADO
MAX 32 OR BELOW: 0 0.01 INCH OR MORE: 8
MAX 90 OR ABOVE: 0 0.10 INCH OR MORE: 6
MIN 32 OR BELOW: 6 0.50 INCH OR MORE: 2
MIN 0 OR BELOW: 0 1.00 INCH OR MORE: 1
[HDD (BASE 65) ]
TOTAL THIS MO. 360 CLEAR (SCALE 0-3) 17
DPTR FM NORMAL -192 PTCLDY (SCALE 4-7) 7
TOTAL FM JUL 1 2245 CLOUDY (SCALE 8-10) 5
DPTR FM NORMAL -295
[CDD (BASE 65) ]
TOTAL THIS MO. 10
DPTR FM NORMAL 9 [PRESSURE DATA]
TOTAL FM JAN 1 10 HIGHEST SLP M ON M
DPTR FM NORMAL 9 LOWEST SLP M ON M
[REMARKS]
#FINAL-02-24#