000
CXUS54 KLZK 011130
CF6ADF
PRELIMINARY LOCAL CLIMATOLOGICAL DATA (WS FORM: F-6)
STATION: Arkadelphia Airport
MONTH: APRIL
YEAR: 2020
LATITUDE: 34 9 N
LONGITUDE: 93 4 W
TEMPERATURE IN F: :PCPN: SNOW: WIND :SUNSHINE: SKY :PK WND
================================================================================
1 2 3 4 5 6A 6B 7 8 9 10 11 12 13 14 15 16 17 18
12Z AVG MX 2MIN
DY MAX MIN AVG DEP HDD CDD WTR SNW DPTH SPD SPD DIR MIN PSBL S-S WX SPD DR
================================================================================
1 74 44 59 1 6 0 0.00 M M 2.0 9 210 M M 0 18 M M
2 75 52 64 6 1 0 0.00 M M 3.6 12 160 M M 0 17 160
3 68 56 62 3 3 0 0.36 M M 2.5 8 10 M M 8 8 M M
4 M M M M M M 0.30 M M 4.9 10 20 M M 10 38 M M
5 74 54 64 5 1 0 0.00 M M 2.2 6 280 M M 7 8 M M
6 77 56 67 7 0 2 T M M 1.8 9 190 M M 2 M M
7 83 64 74 14 0 9 0.13 M M 3.6 14 210 M M 5 18 M M
8 88 63 76 16 0 11 0.00 M M 4.9 13 210 M M 5 128 21 210
9 75 57 66 6 0 1 0.00 M M 5.9 16 20 M M 0 8 32 20
10 64 44 54 -6 11 0 0.00 M M 5.6 12 20 M M 0 16 20
11 69 40 55 -6 10 0 0.40 M M 3.3 13 330 M M 3 3 M M
12 M M M M M M 1.18 M M 3.7 8 190 M M 9 3 M M
13 M M M M M M 0.00 M M M M M M M 0 M M
14 M M M M M M 0.00 M M M M M M M 0 M M
15 63 42 53 -9 12 0 0.00 M M 0.0 M M M M 0 M M
16 72 36 54 -8 11 0 0.00 M M 3.3 12 170 M M 0 8 16 160
17 66 43 55 -7 10 0 T M M 4.2 9 320 M M 7 1 M M
18 66 42 54 -8 11 0 0.07 M M 4.1 9 20 M M 2 13 M M
19 63 52 58 -5 7 0 0.75 M M 3.0 8 50 M M 10 3 M M
20 74 48 61 -2 4 0 0.01 M M 2.4 9 190 M M 1 1 M M
21 83 49 66 3 0 1 T M M 1.2 4 20 M M 1 M M
22 M M M M M M 0.99 M M 3.3 13 150 M M 9 13 24 150
23 75 56 66 2 0 1 0.00 M M 6.3 16 290 M M 6 8 24 310
24 77 52 65 1 0 0 0.24 M M 1.8 6 170 M M 2 13 M M
25 72 53 63 -1 2 0 0.01 M M 7.0 17 320 M M 4 28 340
26 79 47 63 -1 2 0 0.00 M M 1.5 8 340 M M 0 8 17 99
27 78 51 65 0 0 0 T M M 3.4 12 170 M M 1 M M
28 79 58 69 4 0 4 1.18 M M 6.0 10 170 M M 9 138 17 170
29 72 55 64 -1 1 0 0.03 M M 9.5 16 290 M M 6 38 31 310
30 78 49 64 -2 1 0 0.00 M M 4.3 9 20 M M 0 16 360
================================================================================
SM 1844 1263 93 29 5.65 M 105.3 M 107
================================================================================
AV 73.8 50.5 3.8 FASTST M M 4 MAX(MPH)
MISC ----> # 17 320 # 32 20
================================================================================
NOTES:
# LAST OF SEVERAL OCCURRENCES
COLUMN 17 PEAK WIND IN M.P.H.
PRELIMINARY LOCAL CLIMATOLOGICAL DATA (WS FORM: F-6) , PAGE 2
STATION: Arkadelphia Airport
MONTH: APRIL
YEAR: 2020
LATITUDE: 34 9 N
LONGITUDE: 93 4 W
[TEMPERATURE DATA] [PRECIPITATION DATA] SYMBOLS USED IN COLUMN 16
AVERAGE MONTHLY: 62.1 TOTAL FOR MONTH: 5.65 1 = FOG OR MIST
DPTR FM NORMAL: 0.3 DPTR FM NORMAL: 1.03 2 = FOG REDUCING VISIBILITY
HIGHEST: 88 ON 8 GRTST 24HR 1.18 ON 28-28 TO 1/4 MILE OR LESS
LOWEST: 36 ON 16 3 = THUNDER
SNOW, ICE PELLETS, HAIL 4 = ICE PELLETS
TOTAL MONTH: M 5 = HAIL
GRTST 24HR M ON M 6 = FREEZING RAIN OR DRIZZLE
GRTST DEPTH: M ON M 7 = DUSTSTORM OR SANDSTORM:
VSBY 1/2 MILE OR LESS
8 = SMOKE OR HAZE
[NO. OF DAYS WITH] [WEATHER - DAYS WITH] 9 = BLOWING SNOW
X = TORNADO
MAX 32 OR BELOW: 0 0.01 INCH OR MORE: 13
MAX 90 OR ABOVE: 0 0.10 INCH OR MORE: 9
MIN 32 OR BELOW: 0 0.50 INCH OR MORE: 4
MIN 0 OR BELOW: 0 1.00 INCH OR MORE: 2
[HDD (BASE 65) ]
TOTAL THIS MO. 93 CLEAR (SCALE 0-3) 17
DPTR FM NORMAL -50 PTCLDY (SCALE 4-7) 8
TOTAL FM JUL 1 2685 CLOUDY (SCALE 8-10) 5
DPTR FM NORMAL -320
[CDD (BASE 65) ]
TOTAL THIS MO. 29
DPTR FM NORMAL -19 [PRESSURE DATA]
TOTAL FM JAN 1 62 HIGHEST SLP M ON M
DPTR FM NORMAL 2 LOWEST SLP M ON M
[REMARKS]
#FINAL-04-20#