000
CXAK56 PAFC 010957
CF6ADQ
PRELIMINARY LOCAL CLIMATOLOGICAL DATA (WS FORM: F-6)
STATION: KODIAK
MONTH: AUGUST
YEAR: 2022
LATITUDE: 57 45 N
LONGITUDE: 152 31 W
TEMPERATURE IN F: :PCPN: SNOW: WIND :SUNSHINE: SKY :PK WND
================================================================================
1 2 3 4 5 6A 6B 7 8 9 10 11 12 13 14 15 16 17 18
12Z AVG MX 2MIN
DY MAX MIN AVG DEP HDD CDD WTR SNW DPTH SPD SPD DIR MIN PSBL S-S WX SPD DR
================================================================================
1 69 55 62 5 3 0 0.00 M M 10.6 23 260 M M 2 34 230
2 68 57 63 6 2 0 0.00 M M 18.4 37 270 M M 1 47 280
3 73 57 65 8 0 0 0.00 M M 9.2 20 300 M M 2 24 290
4 63 56 60 3 5 0 0.05 M M 4.1 18 300 M M 6 18 22 320
5 68 51 60 3 5 0 0.19 M M 6.3 21 290 M M 6 1 27 290
6 67 47 57 0 8 0 T M M 7.1 20 290 M M 3 24 290
7 67 49 58 1 7 0 0.00 M M 5.2 14 260 M M 1 18 270
8 62 53 58 1 7 0 0.00 M M 3.8 9 110 M M 10 11 110
9 56 52 54 -3 11 0 0.38 M M 5.4 14 300 M M 9 1 21 300
10 59 55 57 0 8 0 0.16 M M 5.5 14 310 M M 10 18 17 320
11 61 55 58 1 7 0 0.11 M M 7.7 14 140 M M 10 1 17 140
12 59 54 57 0 8 0 0.52 M M 7.8 13 70 M M 10 1 18 40
13 61 53 57 0 8 0 0.22 M M 6.5 13 140 M M 10 12 17 130
14 57 54 56 -1 9 0 0.01 M M 4.2 10 90 M M 10 1 14 90
15 62 53 58 1 7 0 0.05 M M 7.6 16 30 M M 9 18 21 30
16 57 54 56 -1 9 0 1.90 M M 11.7 22 290 M M 10 18 36 20
17 63 53 58 1 7 0 0.21 M M 6.6 15 50 M M 7 1 17 50
18 60 52 56 -1 9 0 T M M 7.2 16 160 M M 10 1 21 140
19 59 55 57 0 8 0 0.62 M M 10.8 20 140 M M 10 1 25 140
20 63 54 59 3 6 0 0.01 M M 9.3 15 110 M M 10 1 20 80
21 55 53 54 -2 11 0 1.05 M M 15.1 23 60 M M 10 12 28 70
22 59 54 57 1 8 0 1.31 M M 15.7 29 70 M M 10 1 35 60
23 59 54 57 1 8 0 1.06 M M 13.4 21 40 M M 10 1 25 40
24 61 53 57 1 8 0 0.87 M M 5.9 21 20 M M 10 18 28 10
25 64 53 59 3 6 0 0.06 M M 5.8 16 180 M M 7 12 22 180
26 65 49 57 1 8 0 0.00 M M 5.2 13 310 M M 4 17 300
27 57 46 52 -4 13 0 0.00 M M 7.2 17 290 M M 8 18 21 310
28 60 52 56 1 9 0 0.20 M M 7.9 15 10 M M 10 18 21 10
29 65 48 57 2 8 0 0.07 M M 5.8 12 300 M M 8 1 19 10
30 64 50 57 2 8 0 T M M 5.6 13 190 M M 7 1 14 110
31 59 53 56 1 9 0 0.33 M M 8.1 25 270 M M 8 1 34 280
================================================================================
SM 1922 1634 230 0 9.38 M 250.7 M 238
================================================================================
AV 62.0 52.7 8.1 FASTST M M 8 MAX(MPH)
MISC ----> 37 270 47 280
================================================================================
NOTES:
# LAST OF SEVERAL OCCURRENCES
COLUMN 17 PEAK WIND IN M.P.H.
PRELIMINARY LOCAL CLIMATOLOGICAL DATA (WS FORM: F-6) , PAGE 2
STATION: KODIAK
MONTH: AUGUST
YEAR: 2022
LATITUDE: 57 45 N
LONGITUDE: 152 31 W
[TEMPERATURE DATA] [PRECIPITATION DATA] SYMBOLS USED IN COLUMN 16
AVERAGE MONTHLY: 57.4 TOTAL FOR MONTH: 9.38 1 = FOG OR MIST
DPTR FM NORMAL: 0.9 DPTR FM NORMAL: 4.48 2 = FOG REDUCING VISIBILITY
HIGHEST: 73 ON 3 GRTST 24HR 1.92 ON 16-17 TO 1/4 MILE OR LESS
LOWEST: 46 ON 27 3 = THUNDER
SNOW, ICE PELLETS, HAIL 4 = ICE PELLETS
TOTAL MONTH: M 5 = HAIL
GRTST 24HR M ON M 6 = FREEZING RAIN OR DRIZZLE
GRTST DEPTH: M ON M 7 = DUSTSTORM OR SANDSTORM:
VSBY 1/2 MILE OR LESS
8 = SMOKE OR HAZE
[NO. OF DAYS WITH] [WEATHER - DAYS WITH] 9 = BLOWING SNOW
X = TORNADO
MAX 32 OR BELOW: 0 0.01 INCH OR MORE: 21
MAX 90 OR ABOVE: 0 0.10 INCH OR MORE: 15
MIN 32 OR BELOW: 0 0.50 INCH OR MORE: 7
MIN 0 OR BELOW: 0 1.00 INCH OR MORE: 4
[HDD (BASE 65) ]
TOTAL THIS MO. 230 CLEAR (SCALE 0-3) 5
DPTR FM NORMAL -35 PTCLDY (SCALE 4-7) 8
TOTAL FM JUL 1 486 CLOUDY (SCALE 8-10) 18
DPTR FM NORMAL -56
[CDD (BASE 65) ]
TOTAL THIS MO. 0
DPTR FM NORMAL -3 [PRESSURE DATA]
TOTAL FM JAN 1 5 HIGHEST SLP M ON M
DPTR FM NORMAL -2 LOWEST SLP 29.31 ON 17
[REMARKS]
#FINAL-08-22#