512
CXAK56 PAFC 271307
CF6ADQ
PRELIMINARY LOCAL CLIMATOLOGICAL DATA (WS FORM: F-6)
STATION: KODIAK
MONTH: JULY
YEAR: 2020
LATITUDE: 57 45 N
LONGITUDE: 152 31 W
TEMPERATURE IN F: :PCPN: SNOW: WIND :SUNSHINE: SKY :PK WND
================================================================================
1 2 3 4 5 6A 6B 7 8 9 10 11 12 13 14 15 16 17 18
12Z AVG MX 2MIN
DY MAX MIN AVG DEP HDD CDD WTR SNW DPTH SPD SPD DIR MIN PSBL S-S WX SPD DR
================================================================================
1 65 50 58 6 7 0 0.00 M M 5.7 15 280 M M 0 20 280
2 71 50 61 8 4 0 0.00 M M 6.0 12 260 M M 0 14 330
3 74 58 66 13 0 1 0.00 M M 6.8 15 300 M M 5 20 280
4 74 56 65 12 0 0 0.00 M M 5.7 15 300 M M 1 18 300
5 59 53 56 3 9 0 0.37 M M 5.3 17 300 M M 8 12 22 300
6 58 53 56 3 9 0 0.73 M M 4.9 15 300 M M 10 1 19 300
7 73 55 64 10 1 0 T M M 6.8 17 310 M M 6 23 300
8 70 55 63 9 2 0 0.00 M M 10.2 20 270 M M 3 30 270
9 71 55 63 9 2 0 0.00 M M 11.6 16 310 M M 7 28 310
10 67 48 58 4 7 0 0.00 M M 5.4 12 40 M M 2 M M
11 70 49 60 6 5 0 0.00 M M 6.1 10 300 M M 4 M M
12 58 52 55 1 10 0 0.01 M M 7.9 16 90 M M 10 18 M M
13 60 53 57 3 8 0 0.37 M M 9.7 15 30 M M 10 1 20 360
14 75 50 63 9 2 0 0.00 M M 10.7 17 280 M M 1 22 280
15 77 56 67 12 0 2 0.00 M M 7.8 14 300 M M 1 18 300
16 62 50 56 1 9 0 0.01 M M 5.9 10 30 M M 7 18 17 10
17 61 55 58 3 7 0 0.00 M M 6.1 13 60 M M 10 1 14 50
18 65 55 60 5 5 0 T M M 6.0 13 140 M M 10 17 10
19 62 55 59 4 6 0 0.49 M M 10.7 21 290 M M 9 18 26 280
20 76 56 66 11 0 1 0.00 M M 9.8 15 290 M M 0 26 280
21 76 55 66 11 0 1 0.00 M M 7.9 17 280 M M 0 31 270
22 68 57 63 8 2 0 0.00 M M 15.1 32 280 M M 1 41 300
23 63 52 58 3 7 0 T M M 4.4 14 280 M M 4 16 300
24 61 54 58 3 7 0 0.25 M M 3.5 15 300 M M 10 18 19 300
25 57 52 55 -1 10 0 0.04 M M 6.3 15 290 M M 10 1 18 290
26 64 51 58 2 7 0 0.00 M M 6.9 15 270 M M 6 17 270
27 63 51 57 1 8 0 0.00 M M 4.6 10 290 M M 4 12 90
28 74 50 62 6 3 0 0.00 M M 6.8 15 280 M M 0 19 280
29 70 51 61 5 4 0 0.00 M M 6.9 16 100 M M 0 20 40
30 64 50 57 1 8 0 0.05 M M 10.0 18 110 M M 4 1 22 110
31 60 55 58 2 7 0 0.06 M M 7.6 14 60 M M 10 1 17 70
================================================================================
SM 2068 1642 156 5 2.38 M 229.1 M 153
================================================================================
AV 66.7 53.0 7.4 FASTST M M 5 MAX(MPH)
MISC ----> 32 280 41 300
================================================================================
NOTES:
# LAST OF SEVERAL OCCURRENCES
COLUMN 17 PEAK WIND IN M.P.H.
PRELIMINARY LOCAL CLIMATOLOGICAL DATA (WS FORM: F-6) , PAGE 2
STATION: KODIAK
MONTH: JULY
YEAR: 2020
LATITUDE: 57 45 N
LONGITUDE: 152 31 W
[TEMPERATURE DATA] [PRECIPITATION DATA] SYMBOLS USED IN COLUMN 16
AVERAGE MONTHLY: 59.8 TOTAL FOR MONTH: 2.38 1 = FOG OR MIST
DPTR FM NORMAL: 5.3 DPTR FM NORMAL: -2.55 2 = FOG REDUCING VISIBILITY
HIGHEST: 77 ON 15 GRTST 24HR 0.73 ON 6- 6 TO 1/4 MILE OR LESS
LOWEST: 48 ON 10 3 = THUNDER
SNOW, ICE PELLETS, HAIL 4 = ICE PELLETS
TOTAL MONTH: M 5 = HAIL
GRTST 24HR M ON M 6 = FREEZING RAIN OR DRIZZLE
GRTST DEPTH: M ON M 7 = DUSTSTORM OR SANDSTORM:
VSBY 1/2 MILE OR LESS
8 = SMOKE OR HAZE
[NO. OF DAYS WITH] [WEATHER - DAYS WITH] 9 = BLOWING SNOW
X = TORNADO
MAX 32 OR BELOW: 0 0.01 INCH OR MORE: 10
MAX 90 OR ABOVE: 0 0.10 INCH OR MORE: 5
MIN 32 OR BELOW: 0 0.50 INCH OR MORE: 1
MIN 0 OR BELOW: 0 1.00 INCH OR MORE: 0
[HDD (BASE 65) ]
TOTAL THIS MO. 156 CLEAR (SCALE 0-3) 11
DPTR FM NORMAL -171 PTCLDY (SCALE 4-7) 11
TOTAL FM JUL 1 156 CLOUDY (SCALE 8-10) 9
DPTR FM NORMAL -170
[CDD (BASE 65) ]
TOTAL THIS MO. 5
DPTR FM NORMAL 4 [PRESSURE DATA]
TOTAL FM JAN 1 5 HIGHEST SLP 30.31 ON 1
DPTR FM NORMAL 4 LOWEST SLP 29.63 ON 25
[REMARKS]
#FINAL-07-20#