000
CXUS54 KLCH 010830
CF6AEX
PRELIMINARY LOCAL CLIMATOLOGICAL DATA (WS FORM: F-6)
STATION: ALEXANDRIA
MONTH: APRIL
YEAR: 2023
LATITUDE: 31 19 N
LONGITUDE: 92 33 W
TEMPERATURE IN F: :PCPN: SNOW: WIND :SUNSHINE: SKY :PK WND
================================================================================
1 2 3 4 5 6A 6B 7 8 9 10 11 12 13 14 15 16 17 18
12Z AVG MX 2MIN
DY MAX MIN AVG DEP HDD CDD WTR SNW DPTH SPD SPD DIR MIN PSBL S-S WX SPD DR
================================================================================
1 85 61 73 10 0 8 0.00 0.0 0 7.1 20 310 M M 3 128 25 290
2 80 57 69 5 0 4 0.14 0.0 M 8.1 17 170 M M 3 13 25 200
3 86 70 78 14 0 13 0.00 0.0 M 10.5 20 190 M M 8 18 27 210
4 82 72 77 13 0 12 0.00 0.0 M 13.7 25 170 M M 6 1 34 170
5 85 65 75 11 0 10 0.19 0.0 M 11.8 22 200 M M 8 3 30 160
6 73 53 63 -1 2 0 1.80 0.0 M 8.1 20 360 M M 10 13 27 360
7 61 53 57 -8 8 0 0.42 0.0 M 8.3 21 90 M M 10 1 35 90
8 72 54 63 -2 2 0 T 0.0 M 7.0 15 20 M M 10 1 21 30
9 66 58 62 -3 3 0 T 0.0 M 5.8 21 110 M M 10 1 28 110
10 73 51 62 -3 3 0 0.00 0.0 M 5.4 16 120 M M 4 23 120
11 75 53 64 -2 1 0 T 0.0 M 6.3 17 80 M M 3 24 80
12 70 58 64 -2 1 0 0.01 0.0 M 2.6 10 20 M M 5 15 70
13 72 56 64 -2 1 0 T 0.0 M 5.2 16 270 M M 7 21 310
14 83 53 68 2 0 3 0.00 0.0 M 7.4 17 190 M M 0 8 24 220
15 78 61 70 4 0 5 1.17 0.0 M 8.6 23 310 M M 5 13 34 320
16 71 50 61 -6 4 0 0.00 0.0 M 9.6 22 320 M M 0 35 350
17 76 44 60 -7 5 0 0.00 0.0 M 2.8 10 240 M M 0 14 210
18 74 48 61 -6 4 0 T M M 6.8 17 270 M M 2 22 280
19 81 53 67 0 0 2 0.00 0.0 0 8.4 20 170 M M 1 25 160
20 83 60 72 4 0 7 0.00 0.0 0 11.2 21 180 M M 4 1 31 190
21 80 56 68 0 0 3 0.61 0.0 M 8.4 26 150 M M 8 13 36 160
22 77 49 63 -5 2 0 0.00 0.0 0 4.8 14 90 M M 1 19 70
23 63 49 56 -12 9 0 T M M 7.9 18 40 M M 3 29 50
24 71 47 59 -10 6 0 0.00 0.0 M 6.1 14 100 M M 7 21 110
25 74 49 62 -7 3 0 T 0.0 0 4.6 12 40 M M 3 16 40
26 69 56 63 -6 2 0 0.39 0.0 0 5.7 17 320 M M 5 18 22 320
27 76 60 68 -1 0 3 0.34 0.0 M 8.6 22 160 M M 6 13 29 170
28 80 51 66 -4 0 1 0.00 0.0 M 3.3 9 240 M M 0 1 14 230
29 68 55 62 -8 3 0 0.03 0.0 M 11.6 24 300 M M 5 1 32 320
30 82 49 66 -4 0 1 0.00 0.0 M 5.4 17 310 M M 0 23 260
================================================================================
SM 2266 1651 59 72 5.10 0.0 221.1 M 137
================================================================================
AV 75.5 55.0 7.4 FASTST M M 5 MAX(MPH)
MISC ----> 26 150 36 160
================================================================================
NOTES:
# LAST OF SEVERAL OCCURRENCES
COLUMN 17 PEAK WIND IN M.P.H.
PRELIMINARY LOCAL CLIMATOLOGICAL DATA (WS FORM: F-6) , PAGE 2
STATION: ALEXANDRIA
MONTH: APRIL
YEAR: 2023
LATITUDE: 31 19 N
LONGITUDE: 92 33 W
[TEMPERATURE DATA] [PRECIPITATION DATA] SYMBOLS USED IN COLUMN 16
AVERAGE MONTHLY: 65.3 TOTAL FOR MONTH: 5.10 1 = FOG OR MIST
DPTR FM NORMAL: -1.3 DPTR FM NORMAL: 0.16 2 = FOG REDUCING VISIBILITY
HIGHEST: 86 ON 3 GRTST 24HR 2.09 ON 6- 7 TO 1/4 MILE OR LESS
LOWEST: 44 ON 17 3 = THUNDER
SNOW, ICE PELLETS, HAIL 4 = ICE PELLETS
TOTAL MONTH: 0.0 INCH 5 = HAIL
GRTST 24HR 0.0 6 = FREEZING RAIN OR DRIZZLE
GRTST DEPTH: 0 7 = DUSTSTORM OR SANDSTORM:
VSBY 1/2 MILE OR LESS
8 = SMOKE OR HAZE
[NO. OF DAYS WITH] [WEATHER - DAYS WITH] 9 = BLOWING SNOW
X = TORNADO
MAX 32 OR BELOW: 0 0.01 INCH OR MORE: 10
MAX 90 OR ABOVE: 0 0.10 INCH OR MORE: 8
MIN 32 OR BELOW: 0 0.50 INCH OR MORE: 3
MIN 0 OR BELOW: 0 1.00 INCH OR MORE: 2
[HDD (BASE 65) ]
TOTAL THIS MO. 59 CLEAR (SCALE 0-3) 10
DPTR FM NORMAL -6 PTCLDY (SCALE 4-7) 15
TOTAL FM JUL 1 1368 CLOUDY (SCALE 8-10) 5
DPTR FM NORMAL -520
[CDD (BASE 65) ]
TOTAL THIS MO. 72
DPTR FM NORMAL -41 [PRESSURE DATA]
TOTAL FM JAN 1 279 HIGHEST SLP 30.29 ON 10
DPTR FM NORMAL 104 LOWEST SLP 29.71 ON 29
[REMARKS]
#FINAL-04-23#