000
CXUS52 KCAE 011400
CF6AGS
PRELIMINARY LOCAL CLIMATOLOGICAL DATA (WS FORM: F-6)
STATION: AUGUSTA BUSH FIELD GA
MONTH: AUGUST
YEAR: 2022
LATITUDE: 33 22 N
LONGITUDE: 81 58 W
TEMPERATURE IN F: :PCPN: SNOW: WIND :SUNSHINE: SKY :PK WND
================================================================================
1 2 3 4 5 6A 6B 7 8 9 10 11 12 13 14 15 16 17 18
12Z AVG MX 2MIN
DY MAX MIN AVG DEP HDD CDD WTR SNW DPTH SPD SPD DIR MIN PSBL S-S WX SPD DR
================================================================================
1 98 69 84 1 0 19 0.00 0.0 0 6.4 24 330 M M 1 29 320
2 97 75 86 3 0 21 0.00 0.0 0 7.1 17 290 M M 0 21 320
3 91 72 82 -1 0 17 0.28 0.0 0 4.2 22 110 M M 0 38 36 210
4 94 71 83 0 0 18 0.00 0.0 0 4.2 16 160 M M 3 18 21 160
5 95 70 83 0 0 18 T 0.0 0 4.0 28 140 M M 2 13 37 150
6 94 72 83 0 0 18 0.11 0.0 0 4.6 21 150 M M 4 13 27 150
7 86 72 79 -4 0 14 0.02 0.0 0 2.6 9 50 M M 3 1 12 40
8 93 68 81 -2 0 16 0.00 0.0 0 2.7 21 180 M M 2 13 25 170
9 95 68 82 -1 0 17 0.00 0.0 0 5.5 23 210 M M 2 123 33 230
10 93 68 81 -1 0 16 0.27 0.0 0 4.7 24 200 M M 1 13 30 190
11 89 68 79 -3 0 14 0.08 0.0 0 4.4 21 200 M M 2 26 200
12 88 69 79 -3 0 14 1.00 0.0 0 5.9 24 30 M M 7 138 29 30
13 89 66 78 -4 0 13 T 0.0 0 4.5 15 70 M M 2 1 19 80
14 89 62 76 -6 0 11 0.00 0.0 0 1.8 9 40 M M 1 12 12 40
15 92 67 80 -2 0 15 0.46 0.0 0 6.1 31 280 M M 3 13 39 280
16 85 69 77 -5 0 12 0.01 0.0 0 4.5 13 10 M M 8 138 16 20
17 83 70 77 -5 0 12 0.23 0.0 0 3.3 13 40 M M 8 1 15 40
18 84 68 76 -6 0 11 0.00 0.0 0 3.0 12 120 M M 6 1 15 110
19 84 71 78 -4 0 13 0.11 0.0 0 2.3 12 160 M M 8 1 14 160
20 92 70 81 -1 0 16 0.00 0.0 0 1.7 10 150 M M 5 1 12 130
21 89 71 80 -1 0 15 0.05 0.0 0 5.6 14 280 M M 4 13 18 290
22 83 73 78 -3 0 13 0.06 0.0 0 4.2 10 240 M M 5 1 15 230
23 87 71 79 -2 0 14 0.01 0.0 0 2.8 9 310 M M 5 1 12 320
24 86 72 79 -2 0 14 T 0.0 0 2.3 10 130 M M 2 138 13 150
25 82 71 77 -4 0 12 1.64 0.0 0 3.0 21 320 M M 8 1 23 320
26 87 72 80 -1 0 15 T 0.0 0 1.7 9 200 M M 6 123 12 190
27 92 69 81 0 0 16 0.00 0.0 0 3.3 12 160 M M 2 1 14 150
28 91 70 81 1 0 16 T 0.0 M 3.3 13 100 M M 2 1 14 100
29 89 70 80 0 0 15 1.33 0.0 0 4.4 22 140 M M 6 13 27 140
30 89 72 81 1 0 16 0.00 0.0 0 2.7 10 220 M M 6 13 230
31 90 70 80 0 0 15 0.00 0.0 0 2.0 8 40 M M 1 1 11 40
================================================================================
SM 2776 2166 0 466 5.66 0.0 118.8 M 115
================================================================================
AV 89.5 69.9 3.8 FASTST M M 4 MAX(MPH)
MISC ----> 31 280 39 280
================================================================================
NOTES:
# LAST OF SEVERAL OCCURRENCES
COLUMN 17 PEAK WIND IN M.P.H.
PRELIMINARY LOCAL CLIMATOLOGICAL DATA (WS FORM: F-6) , PAGE 2
STATION: AUGUSTA BUSH FIELD GA
MONTH: AUGUST
YEAR: 2022
LATITUDE: 33 22 N
LONGITUDE: 81 58 W
[TEMPERATURE DATA] [PRECIPITATION DATA] SYMBOLS USED IN COLUMN 16
AVERAGE MONTHLY: 79.7 TOTAL FOR MONTH: 5.66 1 = FOG OR MIST
DPTR FM NORMAL: -2.1 DPTR FM NORMAL: 1.05 2 = FOG REDUCING VISIBILITY
HIGHEST: 98 ON 1 GRTST 24HR 1.64 ON 24-25 TO 1/4 MILE OR LESS
LOWEST: 62 ON 14 3 = THUNDER
SNOW, ICE PELLETS, HAIL 4 = ICE PELLETS
TOTAL MONTH: 0.0 INCH 5 = HAIL
GRTST 24HR 0.0 6 = FREEZING RAIN OR DRIZZLE
GRTST DEPTH: 0 7 = DUSTSTORM OR SANDSTORM:
VSBY 1/2 MILE OR LESS
8 = SMOKE OR HAZE
[NO. OF DAYS WITH] [WEATHER - DAYS WITH] 9 = BLOWING SNOW
X = TORNADO
MAX 32 OR BELOW: 0 0.01 INCH OR MORE: 15
MAX 90 OR ABOVE: 14 0.10 INCH OR MORE: 9
MIN 32 OR BELOW: 0 0.50 INCH OR MORE: 3
MIN 0 OR BELOW: 0 1.00 INCH OR MORE: 3
[HDD (BASE 65) ]
TOTAL THIS MO. 0 CLEAR (SCALE 0-3) 16
DPTR FM NORMAL 0 PTCLDY (SCALE 4-7) 13
TOTAL FM JUL 1 0 CLOUDY (SCALE 8-10) 2
DPTR FM NORMAL 0
[CDD (BASE 65) ]
TOTAL THIS MO. 466
DPTR FM NORMAL -55 [PRESSURE DATA]
TOTAL FM JAN 1 1798 HIGHEST SLP 30.24 ON 7
DPTR FM NORMAL -86 LOWEST SLP 29.80 ON 15
[REMARKS]
#FINAL-08-22#