000
CXUS52 KCAE 011400
CF6AGS
PRELIMINARY LOCAL CLIMATOLOGICAL DATA (WS FORM: F-6)
STATION: AUGUSTA BUSH FIELD GA
MONTH: JUNE
YEAR: 2021
LATITUDE: 33 22 N
LONGITUDE: 81 58 W
TEMPERATURE IN F: :PCPN: SNOW: WIND :SUNSHINE: SKY :PK WND
================================================================================
1 2 3 4 5 6A 6B 7 8 9 10 11 12 13 14 15 16 17 18
12Z AVG MX 2MIN
DY MAX MIN AVG DEP HDD CDD WTR SNW DPTH SPD SPD DIR MIN PSBL S-S WX SPD DR
================================================================================
1 86 52 69 -8 0 4 0.00 0.0 0 3.3 13 110 M M 3 1 18 160
2 88 59 74 -3 0 9 0.00 0.0 0 2.6 14 200 M M 6 12 15 190
3 88 69 79 2 0 14 0.00 0.0 0 5.3 15 170 M M 6 19 170
4 94 67 81 3 0 16 0.79 0.0 0 4.6 21 120 M M 5 138 29 120
5 91 71 81 3 0 16 0.33 0.0 0 2.2 16 360 M M 4 13 22 360
6 91 71 81 3 0 16 0.09 0.0 0 2.6 23 140 M M 7 138 32 130
7 90 72 81 3 0 16 4.89 0.0 0 5.0 29 50 M M 9 123 37 30
8 85 71 78 0 0 13 0.22 0.0 0 4.0 15 220 M M 5 138 20 230
9 93 69 81 2 0 16 0.00 0.0 0 4.9 14 240 M M 3 12 20 220
10 94 71 83 4 0 18 0.00 0.0 0 4.9 18 210 M M 2 1 24 210
11 92 71 82 3 0 17 T 0.0 0 8.9 23 250 M M 2 3 30 260
12 92 73 83 4 0 18 0.04 0.0 0 4.0 24 230 M M 5 38 31 220
13 87 69 78 -1 0 13 T 0.0 0 5.5 15 50 M M 7 1 17 30
14 93 65 79 -1 0 14 0.00 0.0 0 5.4 10 200 M M 0 1 M M
15 97 71 84 4 0 19 0.00 0.0 0 5.8 17 320 M M 2 22 330
16 91 66 79 -1 0 14 0.00 0.0 0 5.6 15 50 M M 2 19 50
17 91 63 77 -3 0 12 0.00 0.0 0 2.3 10 80 M M 0 1 13 80
18 94 63 79 -1 0 14 0.00 0.0 0 3.7 10 190 M M 1 1 16 180
19 86 69 78 -2 0 13 0.64 0.0 0 4.6 23 230 M M 6 13 29 220
20 82 73 78 -3 0 13 0.95 0.0 0 10.7 18 180 M M 9 138 25 180
21 91 75 83 2 0 18 T 0.0 0 10.8 20 220 M M 3 30 230
22 83 70 77 -4 0 12 0.28 0.0 0 6.6 15 230 M M 7 18 22 240
23 88 66 77 -4 0 12 0.00 0.0 M 4.7 13 80 M M 3 12 18 70
24 87 65 76 -5 0 11 0.00 0.0 0 5.7 15 60 M M 2 19 70
25 87 61 74 -7 0 9 0.00 0.0 0 3.0 14 20 M M 0 1 18 20
26 92 66 79 -2 0 14 0.01 0.0 0 4.1 17 120 M M 3 1 24 120
27 93 70 82 0 0 17 T 0.0 0 2.2 15 140 M M 5 12 22 140
28 92 67 80 -2 0 15 0.04 0.0 0 6.9 20 50 M M 3 1238 24 80
29 92 73 83 1 0 18 0.02 0.0 0 5.9 13 120 M M 6 1 16 130
30 91 70 81 -1 0 16 T 0.0 M 2.2 16 150 M M 4 138 21 150
================================================================================
SM 2701 2038 0 427 8.30 0.0 148.0 M 120
================================================================================
AV 90.0 67.9 4.9 FASTST M M 4 MAX(MPH)
MISC ----> 29 50 37 30
================================================================================
NOTES:
# LAST OF SEVERAL OCCURRENCES
COLUMN 17 PEAK WIND IN M.P.H.
PRELIMINARY LOCAL CLIMATOLOGICAL DATA (WS FORM: F-6) , PAGE 2
STATION: AUGUSTA BUSH FIELD GA
MONTH: JUNE
YEAR: 2021
LATITUDE: 33 22 N
LONGITUDE: 81 58 W
[TEMPERATURE DATA] [PRECIPITATION DATA] SYMBOLS USED IN COLUMN 16
AVERAGE MONTHLY: 79.0 TOTAL FOR MONTH: 8.30 1 = FOG OR MIST
DPTR FM NORMAL: -0.7 DPTR FM NORMAL: 3.55 2 = FOG REDUCING VISIBILITY
HIGHEST: 97 ON 15 GRTST 24HR 5.11 ON 7- 8 TO 1/4 MILE OR LESS
LOWEST: 52 ON 1 3 = THUNDER
SNOW, ICE PELLETS, HAIL 4 = ICE PELLETS
TOTAL MONTH: 0.0 INCH 5 = HAIL
GRTST 24HR 0.0 6 = FREEZING RAIN OR DRIZZLE
GRTST DEPTH: 0 7 = DUSTSTORM OR SANDSTORM:
VSBY 1/2 MILE OR LESS
8 = SMOKE OR HAZE
[NO. OF DAYS WITH] [WEATHER - DAYS WITH] 9 = BLOWING SNOW
X = TORNADO
MAX 32 OR BELOW: 0 0.01 INCH OR MORE: 12
MAX 90 OR ABOVE: 19 0.10 INCH OR MORE: 7
MIN 32 OR BELOW: 0 0.50 INCH OR MORE: 4
MIN 0 OR BELOW: 0 1.00 INCH OR MORE: 1
[HDD (BASE 65) ]
TOTAL THIS MO. 0 CLEAR (SCALE 0-3) 11
DPTR FM NORMAL 0 PTCLDY (SCALE 4-7) 17
TOTAL FM JUL 1 1958 CLOUDY (SCALE 8-10) 2
DPTR FM NORMAL -224
[CDD (BASE 65) ]
TOTAL THIS MO. 427
DPTR FM NORMAL -14 [PRESSURE DATA]
TOTAL FM JAN 1 758 HIGHEST SLP 30.28 ON 1
DPTR FM NORMAL -52 LOWEST SLP 29.71 ON 12
[REMARKS]
#FINAL-06-21#