000
CXUS55 KCYS 011813
CF6AIA
PRELIMINARY LOCAL CLIMATOLOGICAL DATA (WS FORM: F-6)
STATION: ALLIANCE NEBRASKA AIRPORT
MONTH: NOVEMBER
YEAR: 2022
LATITUDE: 42 2 N
LONGITUDE: 102 48 W
TEMPERATURE IN F: :PCPN: SNOW: WIND :SUNSHINE: SKY :PK WND
================================================================================
1 2 3 4 5 6A 6B 7 8 9 10 11 12 13 14 15 16 17 18
12Z AVG MX 2MIN
DY MAX MIN AVG DEP HDD CDD WTR SNW DPTH SPD SPD DIR MIN PSBL S-S WX SPD DR
================================================================================
1 74 22 48 9 17 0 0.00 M M 8.8 24 180 M M 0 33 160
2 74 26 50 11 15 0 0.00 M M 5.7 17 360 M M 0 26 360
3 45 24 35 -3 30 0 0.12 M M 14.9 30 20 M M 5 1 41 360
4 39 15 27 -11 38 0 T M M 6.5 15 270 M M 3 1 18 270
5 59 21 40 2 25 0 T M M 17.1 36 270 M M 2 47 260
6 44 24 34 -3 31 0 0.00 M M 8.1 22 320 M M 5 31 330
7 43 34 39 2 26 0 0.00 M M 22.8 45 160 M M 5 59 160
8 65 24 45 9 20 0 0.00 M M 14.4 28 20 M M 3 1 37 30
9 29 21 25 -11 40 0 T M M 12.5 23 340 M M 10 16 31 350
10 28 13 21 -15 44 0 0.00 M M 12.7 23 350 M M 5 30 350
11 34 1 18 -17 47 0 0.00 M M 6.4 16 340 M M 0 24 330
12 43 1 22 -13 43 0 0.00 M M 6.2 14 150 M M 0 17 150
13 43 11 27 -7 38 0 0.00 M M 9.6 25 360 M M 2 32 10
14 39 9 24 -10 41 0 0.00 M M 12.9 23 310 M M 7 30 300
15 32 8 20 -14 45 0 T M M 12.1 26 320 M M 9 18 37 320
16 39 7 23 -10 42 0 0.00 M M 13.5 29 310 M M 8 39 320
17 30 6 18 -15 47 0 T M M 18.0 35 330 M M 5 1 46 330
18 28 -3 13 -19 52 0 0.00 M M 14.3 24 280 M M 2 31 300
19 39 10 25 -7 40 0 0.00 M M 13.2 25 290 M M 3 34 320
20 53 5 29 -3 36 0 0.00 M M 11.3 22 290 M M 0 28 290
21 55 8 32 1 33 0 0.00 M M 7.3 12 250 M M 0 14 260
22 56 13 35 4 30 0 0.00 M M 7.7 13 160 M M 0 14 290
23 57 11 34 4 31 0 0.00 M M 12.2 36 280 M M 0 8 46 270
24 46 12 29 -1 36 0 0.00 M M 11.4 21 330 M M 2 29 330
25 63 13 38 8 27 0 0.00 M M 8.0 13 280 M M 0 18 280
26 55 16 36 7 29 0 T M M 12.1 28 10 M M 2 1 35 20
27 49 9 29 0 36 0 0.00 M M 10.4 26 240 M M 1 12 34 260
28 43 20 32 4 33 0 M M M 11.1 25 30 M M 5 1 36 30
29 20 -8 6 -22 59 0 T M M 10.3 21 30 M M 5 18 26 10
30 26 -9 9 -18 56 0 0.00 M M 10.5 21 170 M M 0 27 180
================================================================================
SM 1350 364 1087 0 0.12 M 342.0 M 89
================================================================================
AV 45.0 12.1 11.4 FASTST M M 3 MAX(MPH)
MISC ----> 45 160 59 160
================================================================================
NOTES:
# LAST OF SEVERAL OCCURRENCES
COLUMN 17 PEAK WIND IN M.P.H.
PRELIMINARY LOCAL CLIMATOLOGICAL DATA (WS FORM: F-6) , PAGE 2
STATION: ALLIANCE NEBRASKA AIRPORT
MONTH: NOVEMBER
YEAR: 2022
LATITUDE: 42 2 N
LONGITUDE: 102 48 W
[TEMPERATURE DATA] [PRECIPITATION DATA] SYMBOLS USED IN COLUMN 16
AVERAGE MONTHLY: 28.6 TOTAL FOR MONTH: 0.12 1 = FOG OR MIST
DPTR FM NORMAL: -4.8 DPTR FM NORMAL: -0.12 2 = FOG REDUCING VISIBILITY
HIGHEST: 74 ON 2, 1 GRTST 24HR 0.12 ON 3- 3 TO 1/4 MILE OR LESS
LOWEST: -9 ON 30 3 = THUNDER
SNOW, ICE PELLETS, HAIL 4 = ICE PELLETS
TOTAL MONTH: M 5 = HAIL
GRTST 24HR M ON M 6 = FREEZING RAIN OR DRIZZLE
GRTST DEPTH: M ON M 7 = DUSTSTORM OR SANDSTORM:
VSBY 1/2 MILE OR LESS
8 = SMOKE OR HAZE
[NO. OF DAYS WITH] [WEATHER - DAYS WITH] 9 = BLOWING SNOW
X = TORNADO
MAX 32 OR BELOW: 7 0.01 INCH OR MORE: 1
MAX 90 OR ABOVE: 0 0.10 INCH OR MORE: 1
MIN 32 OR BELOW: 29 0.50 INCH OR MORE: 0
MIN 0 OR BELOW: 3 1.00 INCH OR MORE: 0
[HDD (BASE 65) ]
TOTAL THIS MO. 1087 CLEAR (SCALE 0-3) 19
DPTR FM NORMAL 139 PTCLDY (SCALE 4-7) 9
TOTAL FM JUL 1 1732 CLOUDY (SCALE 8-10) 2
DPTR FM NORMAL -48
[CDD (BASE 65) ]
TOTAL THIS MO. 0
DPTR FM NORMAL 0 [PRESSURE DATA]
TOTAL FM JAN 1 808 HIGHEST SLP 30.58 ON 18
DPTR FM NORMAL 247 LOWEST SLP 29.34 ON 5
[REMARKS]
#FINAL-11-22#