000
CXUS55 KCYS 151235
CF6AIA
PRELIMINARY LOCAL CLIMATOLOGICAL DATA (WS FORM: F-6)...CORRECTED
STATION: ALLIANCE NEBRASKA AIRPORT
MONTH: AUGUST
YEAR: 2021
LATITUDE: 42 2 N
LONGITUDE: 102 48 W
TEMPERATURE IN F: :PCPN: SNOW: WIND :SUNSHINE: SKY :PK WND
================================================================================
1 2 3 4 5 6A 6B 7 8 9 10 11 12 13 14 15 16 17 18
12Z AVG MX 2MIN
DY MAX MIN AVG DEP HDD CDD WTR SNW DPTH SPD SPD DIR MIN PSBL S-S WX SPD DR
================================================================================
1 87 48 68 -5 0 3 0.00 M M 5.7 14 160 M M 0 18 19 170
2 93 49 71 -2 0 6 0.00 M M 5.3 14 350 M M 0 18 18 340
3 95 49 72 -1 0 7 0.00 M M 5.4 17 270 M M 2 18 25 180
4 86 60 73 0 0 8 T M M 7.8 18 340 M M 2 26 350
5 96 51 74 2 0 9 T M M 7.7 24 310 M M 0 18 33 320
6 97 55 76 4 0 11 T M M 6.7 38 260 M M 1 38 54 230
7 87 53 70 -2 0 5 0.00 M M 9.1 22 280 M M 0 8 28 280
8 98 49 74 2 0 9 0.00 M M 6.7 15 230 M M 0 18 21 210
9 90 57 74 2 0 9 0.00 M M 8.9 16 360 M M 0 8 23 300
10 96 49 73 1 0 8 0.00 M M 8.6 24 260 M M 0 36 250
11 95 45 70 -1 0 5 0.00 M M 6.6 16 240 M M 0 8 22 230
12 86 54 70 -1 0 5 0.00 M M 11.9 24 50 M M 0 32 30
13 85 47 66 -5 0 1 0.00 M M 8.9 17 150 M M 0 28 160
14 95 62 79 8 0 14 0.00 M M 14.1 29 150 M M 1 38 46 140
15 95 60 78 7 0 13 0.00 M M 8.1 18 150 M M 0 23 160
16 97 51 74 4 0 9 0.00 M M 7.6 16 170 M M 2 12 25 170
17 101 59 80 10 0 15 0.00 M M 14.9 26 150 M M 0 36 150
18 97 62 80 10 0 15 0.00 M M 16.6 28 140 M M 0 44 160
19 80 63 72 2 0 7 0.17 M M 8.3 23 270 M M 7 13 28 270
20 79 51 65 -4 0 0 0.20 M M 14.7 32 270 M M 4 13 43 270
21 81 43 62 -7 3 0 0.00 M M 15.3 29 160 M M 0 8 39 150
22 94 51 73 4 0 8 T M M 13.3 29 280 M M 1 8 37 260
23 98 48 73 4 0 8 T M M 7.2 23 210 M M 1 138 30 200
24 100 54 77 9 0 12 0.00 M M 9.5 23 40 M M 0 30 40
25 87 55 71 3 0 6 0.03 M M 10.7 24 140 M M 4 3 32 140
26 94 61 78 10 0 13 0.00 M M 8.4 23 280 M M 1 1 34 280
27 93 47 70 2 0 5 0.02 M M 7.5 21 150 M M 1 3 28 140
28 82 53 68 1 0 3 0.00 M M 11.8 23 10 M M 2 18 34 10
29 81 41 61 -6 4 0 0.00 M M 9.3 22 150 M M 2 8 32 170
30 93 51 72 5 0 7 0.00 M M 9.0 17 270 M M 4 1 23 160
31 88 47 68 2 0 3 0.00 M M 13.6 24 150 M M 1 1 33 140
================================================================================
SM 2826 1625 7 224 0.42 M 299.2 M 36
================================================================================
AV 91.2 52.4 9.7 FASTST M M 1 MAX(MPH)
MISC ----> 38 260 54 230
================================================================================
NOTES:
# LAST OF SEVERAL OCCURRENCES
COLUMN 17 PEAK WIND IN M.P.H.
PRELIMINARY LOCAL CLIMATOLOGICAL DATA (WS FORM: F-6) , PAGE 2
STATION: ALLIANCE NEBRASKA AIRPORT
MONTH: AUGUST
YEAR: 2021
LATITUDE: 42 2 N
LONGITUDE: 102 48 W
[TEMPERATURE DATA] [PRECIPITATION DATA] SYMBOLS USED IN COLUMN 16
AVERAGE MONTHLY: 71.8 TOTAL FOR MONTH: 0.42 1 = FOG OR MIST
DPTR FM NORMAL: 1.7 DPTR FM NORMAL: -1.07 2 = FOG REDUCING VISIBILITY
HIGHEST: 101 ON 17 GRTST 24HR 0.37 ON 19-20 TO 1/4 MILE OR LESS
LOWEST: 41 ON 29 3 = THUNDER
SNOW, ICE PELLETS, HAIL 4 = ICE PELLETS
TOTAL MONTH: M 5 = HAIL
GRTST 24HR M ON M 6 = FREEZING RAIN OR DRIZZLE
GRTST DEPTH: M ON M 7 = DUSTSTORM OR SANDSTORM:
VSBY 1/2 MILE OR LESS
8 = SMOKE OR HAZE
[NO. OF DAYS WITH] [WEATHER - DAYS WITH] 9 = BLOWING SNOW
X = TORNADO
MAX 32 OR BELOW: 0 0.01 INCH OR MORE: 4
MAX 90 OR ABOVE: 19 0.10 INCH OR MORE: 2
MIN 32 OR BELOW: 0 0.50 INCH OR MORE: 0
MIN 0 OR BELOW: 0 1.00 INCH OR MORE: 0
[HDD (BASE 65) ]
TOTAL THIS MO. 7 CLEAR (SCALE 0-3) 27
DPTR FM NORMAL -19 PTCLDY (SCALE 4-7) 4
TOTAL FM JUL 1 7 CLOUDY (SCALE 8-10) 0
DPTR FM NORMAL -28
[CDD (BASE 65) ]
TOTAL THIS MO. 224
DPTR FM NORMAL 40 [PRESSURE DATA]
TOTAL FM JAN 1 729 HIGHEST SLP 30.27 ON 1
DPTR FM NORMAL 212 LOWEST SLP 29.60 ON 17
[REMARKS]
AUGUST 17...RECORD HIGH 101 DEGREES (PREVIOUS 100 DEGREES IN 1995)
#FINAL-08-21#