000
CXUS53 KGRB 190428
CF6AIG
PRELIMINARY LOCAL CLIMATOLOGICAL DATA (WS FORM: F-6)
STATION: ANTIGO AWOS
MONTH: OCTOBER
YEAR: 2022
LATITUDE: 45 9 N
LONGITUDE: 89 8 W
TEMPERATURE IN F: :PCPN: SNOW: WIND :SUNSHINE: SKY :PK WND
================================================================================
1 2 3 4 5 6A 6B 7 8 9 10 11 12 13 14 15 16 17 18
12Z AVG MX 2MIN
DY MAX MIN AVG DEP HDD CDD WTR SNW DPTH SPD SPD DIR MIN PSBL S-S WX SPD DR
================================================================================
1 70 35 53 3 12 0 M M M 2.6 6 90 M M 1 1 M M
2 59 46 53 4 12 0 M M M 3.9 9 150 M M 6 18 M M
3 70 41 56 7 9 0 M M M 2.9 8 250 M M 4 1 M M
4 72 44 58 10 7 0 M M M 2.9 7 200 M M 0 M M
5 73 39 56 8 9 0 M M M 4.4 13 230 M M 3 22 250
6 56 36 46 -2 19 0 0.07 M M 12.2 22 350 M M 7 30 320
7 45 32 39 -8 26 0 M M M 7.6 15 10 M M 8 22 10
8 56 27 42 -5 23 0 M M M 11.3 23 270 M M 1 31 260
9 60 27 44 -2 21 0 M M M 2.2 7 60 M M 4 8 M M
10 60 39 50 4 15 0 M M M 6.4 10 170 M M 4 M M
11 74 39 57 11 8 0 M M M 11.1 24 180 M M 5 29 180
12 61 39 50 5 15 0 0.22 M M 11.6 16 290 M M 9 25 290
13 41 33 37 -8 28 0 M M M 8.5 12 270 M M 10 20 270
14 34 30 32 -13 33 0 0.01 M M 5.8 10 190 M M 10 16 280
15 40 30 35 -9 30 0 M M M 8.0 14 250 M M 9 17 250
16 43 33 38 -6 27 0 M M M 11.7 16 300 M M 10 24 300
17 36 30 33 -11 32 0 M M M 18.8 24 350 M M 10 37 330
18 38 28 33 -10 32 0 M M M 18.9 27 330 M M 9 33 340
19 42 29 36 -7 29 0 M M M 11.3 18 340 M M 5 25 350
20 55 32 44 1 21 0 M M M 5.0 8 260 M M 4 M M
21 65 34 50 8 15 0 M M M 7.6 17 230 M M 0 22 230
22 69 32 51 9 14 0 M M M 8.1 15 150 M M 0 18 160
23 70 49 60 18 5 0 0.12 M M 12.1 21 150 M M 3 28 150
24 66 57 62 21 3 0 0.32 M M 13.5 17 180 M M 9 26 140
25 59 39 49 8 16 0 0.07 M M 10.9 18 170 M M 6 29 170
26 43 27 35 -5 30 0 M M M 8.3 16 340 M M 6 24 340
27 53 24 39 -1 26 0 M M M 4.0 9 170 M M 3 M M
28 56 32 44 4 21 0 M M M 5.6 9 210 M M 2 1 M M
29 61 32 47 8 18 0 M M M 4.6 12 220 M M 0 M M
30 58 29 44 5 21 0 M M M 0.9 6 170 M M 0 M M
31 63 37 50 12 15 0 M M M 2.3 8 250 M M 2 M M
================================================================================
SM 1748 1081 592 0 0.81 M 244.9 M 150
================================================================================
AV 56.4 34.9 7.9 FASTST M M 5 MAX(MPH)
MISC ----> 27 330 37 330
================================================================================
NOTES:
# LAST OF SEVERAL OCCURRENCES
COLUMN 17 PEAK WIND IN M.P.H.
PRELIMINARY LOCAL CLIMATOLOGICAL DATA (WS FORM: F-6) , PAGE 2
STATION: ANTIGO AWOS
MONTH: OCTOBER
YEAR: 2022
LATITUDE: 45 9 N
LONGITUDE: 89 8 W
[TEMPERATURE DATA] [PRECIPITATION DATA] SYMBOLS USED IN COLUMN 16
AVERAGE MONTHLY: 45.6 TOTAL FOR MONTH: 0.81 1 = FOG OR MIST
DPTR FM NORMAL: 1.7 DPTR FM NORMAL: -2.29 2 = FOG REDUCING VISIBILITY
HIGHEST: 74 ON 11 GRTST 24HR 0.32 ON 24-24 TO 1/4 MILE OR LESS
LOWEST: 24 ON 27 3 = THUNDER
SNOW, ICE PELLETS, HAIL 4 = ICE PELLETS
TOTAL MONTH: M 5 = HAIL
GRTST 24HR M ON M 6 = FREEZING RAIN OR DRIZZLE
GRTST DEPTH: M ON M 7 = DUSTSTORM OR SANDSTORM:
VSBY 1/2 MILE OR LESS
8 = SMOKE OR HAZE
[NO. OF DAYS WITH] [WEATHER - DAYS WITH] 9 = BLOWING SNOW
X = TORNADO
MAX 32 OR BELOW: 0 0.01 INCH OR MORE: 6
MAX 90 OR ABOVE: 0 0.10 INCH OR MORE: 3
MIN 32 OR BELOW: 15 0.50 INCH OR MORE: 0
MIN 0 OR BELOW: 0 1.00 INCH OR MORE: 0
[HDD (BASE 65) ]
TOTAL THIS MO. 592 CLEAR (SCALE 0-3) 12
DPTR FM NORMAL -62 PTCLDY (SCALE 4-7) 11
TOTAL FM JUL 1 911 CLOUDY (SCALE 8-10) 8
DPTR FM NORMAL -153
[CDD (BASE 65) ]
TOTAL THIS MO. 0
DPTR FM NORMAL -2 [PRESSURE DATA]
TOTAL FM JAN 1 238 HIGHEST SLP M ON M
DPTR FM NORMAL -22 LOWEST SLP M ON M
[REMARKS]
#FINAL-10-22#