000
CXUS56 KSGX 011145
CF6AJO
PRELIMINARY LOCAL CLIMATOLOGICAL DATA (WS FORM: F-6)
STATION: CORONA AIRPORT CA
MONTH: NOVEMBER
YEAR: 2023
LATITUDE: 33 53 N
LONGITUDE: 117-36 E
TEMPERATURE IN F: :PCPN: SNOW: WIND :SUNSHINE: SKY :PK WND
================================================================================
1 2 3 4 5 6A 6B 7 8 9 10 11 12 13 14 15 16 17 18
12Z AVG MX 2MIN
DY MAX MIN AVG DEP HDD CDD WTR SNW DPTH SPD SPD DIR MIN PSBL S-S WX SPD DR
================================================================================
1 88 39 64 M 1 0 0.00 M M 2.7 9 110 M M 0 M M
2 86 36 61 M 4 0 0.00 M M 1.5 8 260 M M 0 8 M M
3 86 38 62 M 3 0 0.00 M M 2.1 9 280 M M 0 M M
4 86 39 63 M 2 0 0.00 M M 2.2 9 290 M M 0 M M
5 86 41 64 M 1 0 0.00 M M 1.8 10 290 M M 0 18 M M
6 80 40 60 M 5 0 0.00 M M 2.8 10 280 M M 0 1 M M
7 72 49 61 M 4 0 0.00 M M 3.5 12 240 M M 5 M M
8 77 40 59 M 6 0 0.00 M M 11.6 27 40 M M 0 37 40
9 80 44 62 M 3 0 0.00 M M 11.7 22 40 M M 0 32 60
10 79 33 56 M 9 0 0.00 M M 2.5 9 150 M M 0 M M
11 84 31 58 M 7 0 0.00 M M 0.9 8 10 M M 0 M M
12 87 32 60 M 5 0 0.00 M M 2.1 7 99 M M 0 M M
13 80 37 59 M 6 0 0.00 M M 1.5 9 250 M M 0 M M
14 82 36 59 M 6 0 0.00 M M 1.5 8 250 M M 0 M M
15 68 41 55 M 10 0 T M M 2.2 10 270 M M 7 1 22 270
16 72 47 60 M 5 0 0.02 M M 1.3 6 10 M M 5 12 M M
17 77 44 61 M 4 0 0.03 M M 2.0 12 260 M M 2 12 M M
18 72 55 64 M 1 0 0.00 M M 4.0 10 270 M M 6 1 M M
19 73 52 63 M 2 0 T M M 4.4 12 130 M M 3 16 130
20 73 61 67 M 0 2 0.00 M M 19.3 32 50 M M 0 48 40
21 81 59 70 M 0 5 0.00 M M 10.8 15 130 M M 0 18 140
22 84 50 67 M 0 2 0.00 M M 6.4 12 130 M M 0 M M
23 76 45 61 M 4 0 0.00 M M 3.1 15 280 M M 1 20 280
24 69 48 59 M 6 0 0.00 M M 2.5 10 260 M M 7 M M
25 71 40 56 M 9 0 0.00 M M 5.9 13 70 M M 0 20 70
26 70 53 62 M 3 0 0.00 M M 10.5 16 50 M M 0 22 70
27 73 55 64 M 1 0 0.00 M M 8.1 12 130 M M 0 M M
28 71 41 56 M 9 0 0.00 M M 2.9 7 110 M M 0 M M
29 M M M M M M 0.00 M M M M M M M M M M
30 M M M M M M 0.00 M M M M M M M M M M
================================================================================
SM 2183 1226 116 9 0.05 M 131.6 M 36
================================================================================
AV 78.0 43.8 4.7 FASTST M M 1 MAX(MPH)
MISC ----> 32 50 48 40
================================================================================
NOTES:
# LAST OF SEVERAL OCCURRENCES
COLUMN 17 PEAK WIND IN M.P.H.
PRELIMINARY LOCAL CLIMATOLOGICAL DATA (WS FORM: F-6) , PAGE 2
STATION: CORONA AIRPORT CA
MONTH: NOVEMBER
YEAR: 2023
LATITUDE: 33 53 N
LONGITUDE: 117-36 E
[TEMPERATURE DATA] [PRECIPITATION DATA] SYMBOLS USED IN COLUMN 16
AVERAGE MONTHLY: 60.9 TOTAL FOR MONTH: 0.05 1 = FOG OR MIST
DPTR FM NORMAL: 0.0 DPTR FM NORMAL: M 2 = FOG REDUCING VISIBILITY
HIGHEST: 88 ON 1 GRTST 24HR 0.03 ON 17-17 TO 1/4 MILE OR LESS
LOWEST: 31 ON 11 3 = THUNDER
SNOW, ICE PELLETS, HAIL 4 = ICE PELLETS
TOTAL MONTH: M 5 = HAIL
GRTST 24HR M ON M 6 = FREEZING RAIN OR DRIZZLE
GRTST DEPTH: M ON M 7 = DUSTSTORM OR SANDSTORM:
VSBY 1/2 MILE OR LESS
8 = SMOKE OR HAZE
[NO. OF DAYS WITH] [WEATHER - DAYS WITH] 9 = BLOWING SNOW
X = TORNADO
MAX 32 OR BELOW: 0 0.01 INCH OR MORE: 2
MAX 90 OR ABOVE: 0 0.10 INCH OR MORE: 0
MIN 32 OR BELOW: 2 0.50 INCH OR MORE: 0
MIN 0 OR BELOW: 0 1.00 INCH OR MORE: 0
[HDD (BASE 65) ]
TOTAL THIS MO. 116 CLEAR (SCALE 0-3) 22
DPTR FM NORMAL M PTCLDY (SCALE 4-7) 6
TOTAL FM JUL 1 138 CLOUDY (SCALE 8-10) 2
DPTR FM NORMAL M
[CDD (BASE 65) ]
TOTAL THIS MO. 9
DPTR FM NORMAL M [PRESSURE DATA]
TOTAL FM JAN 1 1155 HIGHEST SLP M ON M
DPTR FM NORMAL M LOWEST SLP M ON M
[REMARKS]
#FINAL-11-23#