000
CXUS54 KEPZ 281030
CF6ALM
PRELIMINARY LOCAL CLIMATOLOGICAL DATA (WS FORM: F-6)
STATION: ALAMOGORDO
MONTH: MARCH
YEAR: 2024
LATITUDE: 32 49 N
LONGITUDE: 106 0 W
TEMPERATURE IN F: :PCPN: SNOW: WIND :SUNSHINE: SKY :PK WND
================================================================================
1 2 3 4 5 6A 6B 7 8 9 10 11 12 13 14 15 16 17 18
12Z AVG MX 2MIN
DY MAX MIN AVG DEP HDD CDD WTR SNW DPTH SPD SPD DIR MIN PSBL S-S WX SPD DR
================================================================================
1 66 36 51 M 14 0 0.00 M M 4.4 12 170 M M 2 12 180
2 72 41 57 M 8 0 0.00 M M 9.3 21 230 M M 2 26 230
3 72 45 59 M 6 0 0.00 M M 11.5 22 250 M M 1 30 250
4 70 46 58 M 7 0 0.00 M M 10.3 21 270 M M 2 30 260
5 68 37 53 M 12 0 0.00 M M 5.3 12 190 M M 1 13 230
6 68 43 56 M 9 0 0.00 M M 8.2 16 210 M M 4 27 210
7 66 48 57 M 8 0 0.00 M M 12.4 23 240 M M 4 8 33 260
8 59 34 47 M 18 0 0.00 M M 5.7 13 320 M M 5 22 310
9 55 37 46 M 19 0 0.00 M M 6.1 12 210 M M 7 14 220
10 63 30 47 M 18 0 0.00 M M 4.6 10 180 M M 2 13 99
11 68 32 50 M 15 0 0.00 M M 5.8 14 190 M M 3 17 290
12 73 41 57 M 8 0 0.00 M M 7.6 18 190 M M 2 24 220
13 72 45 59 M 6 0 0.00 M M 10.9 29 250 M M 3 8 37 250
14 70 36 53 M 12 0 0.00 M M 7.7 18 90 M M 3 28 90
15 68 46 57 M 8 0 0.00 M M 10.7 28 90 M M 4 40 100
16 66 43 55 M 10 0 0.00 M M 6.9 18 350 M M 6 25 350
17 66 39 53 M 12 0 0.02 M M 6.7 14 220 M M 5 26 70
18 61 43 52 M 13 0 0.00 M M 6.6 12 270 M M 6 15 0
19 68 43 56 M 9 0 0.00 M M 4.2 9 200 M M 4 17 140
20 68 34 51 M 14 0 0.00 M M 7.7 16 170 M M 4 28 150
21 70 43 57 M 8 0 0.00 M M 7.0 15 290 M M 3 28 290
22 75 41 58 M 7 0 0.00 M M 4.6 16 290 M M 1 22 290
23 73 45 59 M 6 0 0.00 M M 8.3 20 180 M M 1 29 180
24 61 39 50 M 15 0 0.00 M M 17.5 35 260 M M 4 8 46 260
25 59 36 48 M 17 0 0.00 M M 9.7 27 270 M M 6 33 270
26 55 36 46 M 19 0 0.02 M M 8.1 20 310 M M 6 8 25 310
27 63 32 48 M 17 0 0.00 M M 6.9 15 290 M M 2 23 310
================================================================================
SM 1795 1071 315 0 0.04 M 214.5 M 93
================================================================================
AV 66.5 39.7 7.9 FASTST M M 3 MAX(MPH)
MISC ----> 35 260 46 260
================================================================================
NOTES:
# LAST OF SEVERAL OCCURRENCES
COLUMN 17 PEAK WIND IN M.P.H.
PRELIMINARY LOCAL CLIMATOLOGICAL DATA (WS FORM: F-6) , PAGE 2
STATION: ALAMOGORDO
MONTH: MARCH
YEAR: 2024
LATITUDE: 32 49 N
LONGITUDE: 106 0 W
[TEMPERATURE DATA] [PRECIPITATION DATA] SYMBOLS USED IN COLUMN 16
AVERAGE MONTHLY: 53.1 TOTAL FOR MONTH: 0.04 1 = FOG OR MIST
DPTR FM NORMAL: 0.0 DPTR FM NORMAL: 0.04 2 = FOG REDUCING VISIBILITY
HIGHEST: 75 ON 22 GRTST 24HR 0.02 ON 17-17 TO 1/4 MILE OR LESS
LOWEST: 30 ON 10 3 = THUNDER
SNOW, ICE PELLETS, HAIL 4 = ICE PELLETS
TOTAL MONTH: M 5 = HAIL
GRTST 24HR M ON M 6 = FREEZING RAIN OR DRIZZLE
GRTST DEPTH: M ON M 7 = DUSTSTORM OR SANDSTORM:
VSBY 1/2 MILE OR LESS
8 = SMOKE OR HAZE
[NO. OF DAYS WITH] [WEATHER - DAYS WITH] 9 = BLOWING SNOW
X = TORNADO
MAX 32 OR BELOW: 0 0.01 INCH OR MORE: 2
MAX 90 OR ABOVE: 0 0.10 INCH OR MORE: 0
MIN 32 OR BELOW: 3 0.50 INCH OR MORE: 0
MIN 0 OR BELOW: 0 1.00 INCH OR MORE: 0
[HDD (BASE 65) ]
TOTAL THIS MO. 315 CLEAR (SCALE 0-3) 12
DPTR FM NORMAL M PTCLDY (SCALE 4-7) 15
TOTAL FM JUL 1 2563 CLOUDY (SCALE 8-10) 0
DPTR FM NORMAL M
[CDD (BASE 65) ]
TOTAL THIS MO. 0
DPTR FM NORMAL M [PRESSURE DATA]
TOTAL FM JAN 1 0 HIGHEST SLP M ON M
DPTR FM NORMAL M LOWEST SLP M ON M
[REMARKS]