000
CXUS54 KEPZ 221306
CF6ALM
PRELIMINARY LOCAL CLIMATOLOGICAL DATA (WS FORM: F-6)
STATION: ALAMOGORDO
MONTH: NOVEMBER
YEAR: 2022
LATITUDE: 32 49 N
LONGITUDE: 106 0 W
TEMPERATURE IN F: :PCPN: SNOW: WIND :SUNSHINE: SKY :PK WND
================================================================================
1 2 3 4 5 6A 6B 7 8 9 10 11 12 13 14 15 16 17 18
12Z AVG MX 2MIN
DY MAX MIN AVG DEP HDD CDD WTR SNW DPTH SPD SPD DIR MIN PSBL S-S WX SPD DR
================================================================================
1 72 37 55 M 10 0 0.00 M M 4.7 12 200 M M 2 8 14 210
2 73 41 57 M 8 0 0.00 M M 7.8 16 170 M M 3 22 170
3 73 46 60 M 5 0 0.00 M M 13.5 28 210 M M 3 37 210
4 55 39 47 M 18 0 0.00 M M 8.8 17 300 M M 3 24 300
5 63 32 48 M 17 0 0.00 M M 5.6 12 340 M M 1 12 330
6 72 39 56 M 9 0 0.00 M M 5.3 9 150 M M 0 M M
7 73 34 54 M 11 0 0.00 M M 4.7 13 170 M M 1 8 20 190
8 77 45 61 M 4 0 0.00 M M 6.3 16 190 M M 3 8 27 170
9 77 45 61 M 4 0 0.00 M M 10.4 21 170 M M 3 27 170
10 66 43 55 M 10 0 0.00 M M 4.8 10 220 M M 2 15 99
11 57 32 45 M 20 0 0.00 M M 9.3 23 340 M M 3 28 340
12 57 25 41 M 24 0 0.00 M M 2.5 7 200 M M 2 12 0
13 64 32 48 M 17 0 0.00 M M 9.6 18 160 M M 3 25 190
14 55 32 44 M 21 0 0.00 M M 8.0 16 350 M M 3 23 290
15 55 27 41 M 24 0 0.00 M M 5.9 10 190 M M 4 M M
16 48 28 38 M 27 0 0.00 M M 5.6 9 360 M M 9 13 290
17 52 19 36 M 29 0 0.00 M M 4.7 8 50 M M 3 12 99
18 54 23 39 M 26 0 0.00 M M 6.6 15 190 M M 3 18 230
19 48 25 37 M 28 0 0.00 M M 4.3 13 360 M M 7 14 0
20 48 23 36 M 29 0 0.00 M M 4.5 9 350 M M 4 12 99
21 55 19 37 M 28 0 0.00 M M 2.9 8 40 M M 2 3 M M
22 57 21 39 M 26 0 0.00 M M 2.3 9 340 M M 1 M M
23 63 23 43 M 22 0 0.00 M M 5.1 12 150 M M 2 M M
24 54 32 43 M 22 0 0.00 M M 9.2 15 60 M M 4 33 70
25 48 36 42 M 23 0 0.00 M M 9.5 16 30 M M 6 21 330
26 57 27 42 M 23 0 0.00 M M 3.7 12 150 M M 2 1 M M
27 61 28 45 M 20 0 0.00 M M 4.6 10 340 M M 1 17 300
28 64 32 48 M 17 0 0.00 M M 10.0 18 190 M M 2 29 180
29 66 39 53 M 12 0 0.00 M M 9.9 15 230 M M 2 23 230
30 63 28 46 M 19 0 0.00 M M 6.3 14 210 M M 1 20 190
================================================================================
SM 1827 952 553 0 0.00 M 196.2 M 85
================================================================================
AV 60.9 31.7 6.5 FASTST M M 3 MAX(MPH)
MISC ----> 28 210 37 210
================================================================================
NOTES:
# LAST OF SEVERAL OCCURRENCES
COLUMN 17 PEAK WIND IN M.P.H.
PRELIMINARY LOCAL CLIMATOLOGICAL DATA (WS FORM: F-6) , PAGE 2
STATION: ALAMOGORDO
MONTH: NOVEMBER
YEAR: 2022
LATITUDE: 32 49 N
LONGITUDE: 106 0 W
[TEMPERATURE DATA] [PRECIPITATION DATA] SYMBOLS USED IN COLUMN 16
AVERAGE MONTHLY: 46.3 TOTAL FOR MONTH: 0.00 1 = FOG OR MIST
DPTR FM NORMAL: 0.0 DPTR FM NORMAL: M 2 = FOG REDUCING VISIBILITY
HIGHEST: 77 ON 9, 8 GRTST 24HR 0.00 ON 1- 1 TO 1/4 MILE OR LESS
LOWEST: 19 ON 21,17 3 = THUNDER
SNOW, ICE PELLETS, HAIL 4 = ICE PELLETS
TOTAL MONTH: M 5 = HAIL
GRTST 24HR M ON M 6 = FREEZING RAIN OR DRIZZLE
GRTST DEPTH: M ON M 7 = DUSTSTORM OR SANDSTORM:
VSBY 1/2 MILE OR LESS
8 = SMOKE OR HAZE
[NO. OF DAYS WITH] [WEATHER - DAYS WITH] 9 = BLOWING SNOW
X = TORNADO
MAX 32 OR BELOW: 0 0.01 INCH OR MORE: 0
MAX 90 OR ABOVE: 0 0.10 INCH OR MORE: 0
MIN 32 OR BELOW: 19 0.50 INCH OR MORE: 0
MIN 0 OR BELOW: 0 1.00 INCH OR MORE: 0
[HDD (BASE 65) ]
TOTAL THIS MO. 553 CLEAR (SCALE 0-3) 21
DPTR FM NORMAL M PTCLDY (SCALE 4-7) 8
TOTAL FM JUL 1 742 CLOUDY (SCALE 8-10) 1
DPTR FM NORMAL M
[CDD (BASE 65) ]
TOTAL THIS MO. 0
DPTR FM NORMAL M [PRESSURE DATA]
TOTAL FM JAN 1 1933 HIGHEST SLP M ON M
DPTR FM NORMAL M LOWEST SLP M ON M
[REMARKS]
#FINAL-11-22#