000
CXUS54 KEPZ 011030
CF6ALM
PRELIMINARY LOCAL CLIMATOLOGICAL DATA (WS FORM: F-6)
STATION: ALAMOGORDO
MONTH: JUNE
YEAR: 2022
LATITUDE: 32 49 N
LONGITUDE: 106 0 W
TEMPERATURE IN F: :PCPN: SNOW: WIND :SUNSHINE: SKY :PK WND
================================================================================
1 2 3 4 5 6A 6B 7 8 9 10 11 12 13 14 15 16 17 18
12Z AVG MX 2MIN
DY MAX MIN AVG DEP HDD CDD WTR SNW DPTH SPD SPD DIR MIN PSBL S-S WX SPD DR
================================================================================
1 97 54 76 M 0 11 0.00 M M 7.8 15 300 M M 0 28 200
2 90 63 77 M 0 12 0.00 M M 9.6 28 40 M M 2 8 41 40
3 95 54 75 M 0 10 0.00 M M 8.0 16 180 M M 0 25 260
4 95 63 79 M 0 14 0.00 M M 8.6 17 260 M M 2 27 270
5 93 61 77 M 0 12 0.00 M M 5.8 14 320 M M 2 22 320
6 99 63 81 M 0 16 0.00 M M 6.0 12 190 M M 0 20 260
7 100 64 82 M 0 17 0.00 M M 4.9 13 290 M M 1 21 99
8 100 64 82 M 0 17 0.16 M M 10.3 29 230 M M 2 38 40 230
9 95 64 80 M 0 15 0.00 M M 5.8 9 210 M M 2 29 0
10 100 66 83 M 0 18 0.00 M M 6.1 23 70 M M 0 30 70
11 104 72 88 M 0 23 0.00 M M 7.3 15 270 M M 0 23 10
12 102 66 84 M 0 19 0.00 M M 7.1 17 270 M M 0 24 260
13 102 73 88 M 0 23 0.00 M M 8.0 21 270 M M 0 37 280
14 99 72 86 M 0 21 0.00 M M 9.5 18 270 M M 0 29 270
15 99 73 86 M 0 21 0.00 M M 8.5 17 170 M M 0 25 150
16 97 73 85 M 0 20 0.00 M M 7.9 15 240 M M 1 30 120
17 97 72 85 M 0 20 T M M 8.4 18 170 M M 3 33 160
18 97 61 79 M 0 14 0.00 M M 9.8 18 170 M M 1 30 170
19 90 68 79 M 0 14 0.01 M M 10.0 21 210 M M 3 36 210
20 86 64 75 M 0 10 0.21 M M 9.5 21 170 M M 4 1 32 150
21 75 63 69 M 0 4 0.58 M M 4.3 9 330 M M 8 1 M M
22 84 66 75 M 0 10 0.02 M M 5.0 13 10 M M 4 26 320
23 91 64 78 M 0 13 0.00 M M 5.3 12 220 M M 3 24 180
24 91 68 80 M 0 15 0.00 M M 6.9 13 10 M M 1 18 320
25 93 68 81 M 0 16 0.00 M M 8.5 33 160 M M 2 45 160
26 90 68 79 M 0 14 0.00 M M 7.6 18 70 M M 3 28 240
27 88 72 80 M 0 15 0.00 M M 7.3 21 160 M M 4 24 70
28 88 68 78 M 0 13 0.00 M M 6.7 21 150 M M 4 30 150
29 90 68 79 M 0 14 0.00 M M 6.0 12 210 M M 0 20 210
30 95 64 80 M 0 15 0.00 M M 7.7 16 170 M M 1 23 170
================================================================================
SM 2822 1979 0 456 0.98 M 224.2 M 53
================================================================================
AV 94.1 66.0 7.5 FASTST M M 2 MAX(MPH)
MISC ----> 33 160 45 160
================================================================================
NOTES:
# LAST OF SEVERAL OCCURRENCES
COLUMN 17 PEAK WIND IN M.P.H.
PRELIMINARY LOCAL CLIMATOLOGICAL DATA (WS FORM: F-6) , PAGE 2
STATION: ALAMOGORDO
MONTH: JUNE
YEAR: 2022
LATITUDE: 32 49 N
LONGITUDE: 106 0 W
[TEMPERATURE DATA] [PRECIPITATION DATA] SYMBOLS USED IN COLUMN 16
AVERAGE MONTHLY: 80.0 TOTAL FOR MONTH: 0.98 1 = FOG OR MIST
DPTR FM NORMAL: 0.0 DPTR FM NORMAL: M 2 = FOG REDUCING VISIBILITY
HIGHEST: 104 ON 11 GRTST 24HR 0.58 ON 21-21 TO 1/4 MILE OR LESS
LOWEST: 54 ON 3, 1 3 = THUNDER
SNOW, ICE PELLETS, HAIL 4 = ICE PELLETS
TOTAL MONTH: M 5 = HAIL
GRTST 24HR M ON M 6 = FREEZING RAIN OR DRIZZLE
GRTST DEPTH: M ON M 7 = DUSTSTORM OR SANDSTORM:
VSBY 1/2 MILE OR LESS
8 = SMOKE OR HAZE
[NO. OF DAYS WITH] [WEATHER - DAYS WITH] 9 = BLOWING SNOW
X = TORNADO
MAX 32 OR BELOW: 0 0.01 INCH OR MORE: 5
MAX 90 OR ABOVE: 25 0.10 INCH OR MORE: 3
MIN 32 OR BELOW: 0 0.50 INCH OR MORE: 1
MIN 0 OR BELOW: 0 1.00 INCH OR MORE: 0
[HDD (BASE 65) ]
TOTAL THIS MO. 0 CLEAR (SCALE 0-3) 23
DPTR FM NORMAL M PTCLDY (SCALE 4-7) 6
TOTAL FM JUL 1 2763 CLOUDY (SCALE 8-10) 1
DPTR FM NORMAL M
[CDD (BASE 65) ]
TOTAL THIS MO. 456
DPTR FM NORMAL M [PRESSURE DATA]
TOTAL FM JAN 1 759 HIGHEST SLP M ON M
DPTR FM NORMAL M LOWEST SLP M ON M
[REMARKS]
#FINAL-06-22#