459
CXUS55 KPUB 241717
CF6ALS
PRELIMINARY LOCAL CLIMATOLOGICAL DATA (WS FORM: F-6)
STATION: ALAMOSA CO
MONTH: MARCH
YEAR: 2020
LATITUDE: 37 27 N
LONGITUDE: 105 52 W
TEMPERATURE IN F: :PCPN: SNOW: WIND :SUNSHINE: SKY :PK WND
================================================================================
1 2 3 4 5 6A 6B 7 8 9 10 11 12 13 14 15 16 17 18
12Z AVG MX 2MIN
DY MAX MIN AVG DEP HDD CDD WTR SNW DPTH SPD SPD DIR MIN PSBL S-S WX SPD DR
================================================================================
1 54 14 34 6 31 0 0.00 0.0 0 9.2 26 230 M M 3 34 220
2 52 18 35 6 30 0 0.00 0.0 0 10.2 24 280 M M 1 37 290
3 56 10 33 4 32 0 0.00 0.0 0 6.1 16 340 M M 0 23 350
4 58 14 36 6 29 0 0.00 0.0 0 6.2 16 360 M M 1 23 10
5 61 12 37 7 28 0 0.00 0.0 0 7.2 15 200 M M 0 22 180
6 60 20 40 10 25 0 0.00 0.0 0 6.7 23 180 M M 0 29 180
7 61 21 41 10 24 0 T 0.0 0 8.2 26 210 M M 2 39 200
8 56 31 44 13 21 0 T 0.0 0 9.8 28 210 M M 5 37 200
9 55 20 38 6 27 0 T 0.0 0 6.9 25 240 M M 2 128 36 260
10 58 16 37 5 28 0 0.00 0.0 0 8.0 24 210 M M 3 35 200
11 64 18 41 9 24 0 0.00 0.0 0 8.0 28 250 M M 2 18 37 250
12 62 26 44 12 21 0 0.00 0.0 0 6.4 18 150 M M 0 24 150
13 53 29 41 8 24 0 0.14 0.0 0 16.0 35 240 M M 6 1 50 240
14 55 26 41 8 24 0 0.00 0.0 0 11.6 32 190 M M 2 45 190
15 58 26 42 8 23 0 0.00 0.0 0 10.3 28 190 M M 2 38 180
16 61 16 39 5 26 0 0.00 0.0 0 5.8 21 200 M M 0 28 200
17 61 28 45 11 20 0 0.00 0.0 0 12.3 30 220 M M 0 40 230
18 58 21 40 6 25 0 0.01 0.0 0 11.1 30 200 M M 4 43 210
19 48 28 38 3 27 0 0.04 0.3 T 13.0 38 200 M M 8 1 49 200
20 48 17 33 -2 32 0 0.00 0.0 0 11.6 28 230 M M 4 38 230
21 53 24 39 4 26 0 T T 0 8.7 37 240 M M 4 50 240
22 54 17 36 1 29 0 0.00 0.0 0 8.7 25 250 M M 3 128 34 250
23 57 17 37 1 28 0 T 0.0 0 10.1 36 260 M M 1 8 49 270
24 63 19 41 5 24 0 0.00 0.0 0 9.4 28 250 M M 0 44 250
25 56 36 46 10 19 0 0.00 0.0 0 18.5 33 240 M M 0 45 260
26 58 38 48 12 17 0 T 0.0 0 22.1 39 200 M M 2 53 200
27 50 22 36 -1 29 0 T 0.0 0 16.1 33 210 M M 4 46 220
28 47 11 29 -8 36 0 0.00 0.0 0 9.3 24 340 M M 2 35 340
29 53 10 32 -5 33 0 T T 0 7.5 28 230 M M 3 36 200
30 53 21 37 0 28 0 0.03 T 0 8.0 21 360 M M 3 29 340
31 64 13 39 1 26 0 0.00 0.0 0 7.9 23 240 M M 0 30 240
================================================================================
SM 1747 639 816 0 0.22 0.3 310.9 M 67
================================================================================
AV 56.4 20.6 10.0 FASTST M M 2 MAX(MPH)
MISC ----> 39 200 53 200
================================================================================
NOTES:
3/29/20; COLUMNS 7&8. SUPPLEMENTED OFFICIAL SNOW OBSERVER REPORT OF -SN BETWEEN
11 PM AND MIDNIGHT MST.
COLUMN 17 PEAK WIND IN M.P.H.
PRELIMINARY LOCAL CLIMATOLOGICAL DATA (WS FORM: F-6) , PAGE 2
STATION: ALAMOSA CO
MONTH: MARCH
YEAR: 2020
LATITUDE: 37 27 N
LONGITUDE: 105 52 W
[TEMPERATURE DATA] [PRECIPITATION DATA] SYMBOLS USED IN COLUMN 16
AVERAGE MONTHLY: 38.5 TOTAL FOR MONTH: 0.22 1 = FOG OR MIST
DPTR FM NORMAL: 5.0 DPTR FM NORMAL: -0.31 2 = FOG REDUCING VISIBILITY
HIGHEST: 64 ON 31,11 GRTST 24HR 0.14 ON 13 TO 1/4 MILE OR LESS
LOWEST: 10 ON 3,29 3 = THUNDER
SNOW, ICE PELLETS, HAIL 4 = ICE PELLETS
TOTAL MONTH: 0.3 INCH 5 = HAIL
GRTST 24HR 0.3 ON 19 6 = FREEZING RAIN OR DRIZZLE
GRTST DEPTH: T ON 19 7 = DUSTSTORM OR SANDSTORM:
VSBY 1/2 MILE OR LESS
8 = SMOKE OR HAZE
[NO. OF DAYS WITH] [WEATHER - DAYS WITH] 9 = BLOWING SNOW
X = TORNADO
MAX 32 OR BELOW: 0 0.01 INCH OR MORE: 4
MAX 90 OR ABOVE: 0 0.10 INCH OR MORE: 1
MIN 32 OR BELOW: 29 0.50 INCH OR MORE: 0
MIN 0 OR BELOW: 0 1.00 INCH OR MORE: 0
[HDD (BASE 65) ]
TOTAL THIS MO. 816 CLEAR (SCALE 0-3) 24
DPTR FM NORMAL -161 PTCLDY (SCALE 4-7) 6
TOTAL FM JUL 1 6987 CLOUDY (SCALE 8-10) 1
DPTR FM NORMAL -318
[CDD (BASE 65) ]
TOTAL THIS MO. 0
DPTR FM NORMAL 0 [PRESSURE DATA]
TOTAL FM JAN 1 0 HIGHEST SLP 30.50 ON 6
DPTR FM NORMAL 0 LOWEST SLP 29.46 ON 27
[REMARKS]
#FINAL-03-20#