000
CXUS54 KAMA 011520
CLMAMA
CLIMATE REPORT
NATIONAL WEATHER SERVICE AMARILLO
1020 AM CDT MON MAY 01 2023
...................................
...THE AMARILLO CLIMATE SUMMARY FOR THE MONTH OF APRIL 2023...
CLIMATE NORMAL PERIOD: 1991 TO 2020
CLIMATE RECORD PERIOD: 1892 TO 2023
WEATHER OBSERVED NORMAL DEPART LAST YEAR`S
VALUE DATE(S) VALUE FROM VALUE DATE(S)
NORMAL
................................................................
TEMPERATURE (F)
RECORD
HIGH 99 04/25/2012
LOW 13 04/04/1920
HIGHEST 88 04/18 93 04/21
LOWEST 27 04/05 31 04/17
AVG. MAXIMUM 72.2 72.4 -0.2 76.3
AVG. MINIMUM 41.3 42.5 -1.2 44.1
MEAN 56.8 57.5 -0.7 60.2
DAYS MAX >= 90 0 0.9 -0.9 3
DAYS MAX <= 32 0 0.1 -0.1 0
DAYS MIN <= 32 5 3.8 1.2 3
DAYS MIN <= 0 0 0.0 0.0 0
PRECIPITATION (INCHES)
RECORD
MAXIMUM 6.45 1997
MINIMUM T 1996
TOTALS 0.95 1.45 -0.50 0.01
DAILY AVG. 0.03 0.05 -0.02 0.00
DAYS >= .01 5 5.5 -0.5 1
DAYS >= .10 3 2.7 0.3 0
DAYS >= .50 0 0.9 -0.9 0
DAYS >= 1.00 0 0.4 -0.4 0
GREATEST
24 HR. TOTAL 0.41 04/09 TO 04/09
SNOWFALL (INCHES)
RECORDS
TOTAL 8.3 1907
TOTALS T 0.5 -0.5 T
SINCE 7/1 3.8 17.0 -13.2 MM
DAYS >= TRACE 1 0.4 0.6 1
DAYS >= 1.0 0 0.1 -0.1 0
GREATEST
SNOW DEPTH 0
24 HR TOTAL MM
DEGREE DAYS
HEATING TOTAL 264 251 13 196
SINCE 7/1 3656 3790 -134 MM
COOLING TOTAL 25 24 1 61
SINCE 1/1 25 29 -4 MM
................................................................
WIND (MPH)
AVERAGE WIND SPEED 14.9
HIGHEST WIND SPEED/DIRECTION 52/250 DATE 04/04
HIGHEST GUST SPEED/DIRECTION 66/240 DATE 04/04
SKY COVER
POSSIBLE SUNSHINE (PERCENT) MM
NUMBER OF DAYS FAIR 24
NUMBER OF DAYS PC 5
NUMBER OF DAYS CLOUDY 1
AVERAGE RH (PERCENT) 43
WEATHER CONDITIONS. NUMBER OF DAYS WITH
THUNDERSTORM 4 MIXED PRECIP 0
HEAVY RAIN 0 RAIN 3
LIGHT RAIN 5 FREEZING RAIN 0
LT FREEZING RAIN 0 HAIL 1
HEAVY SNOW 0 SNOW 0
LIGHT SNOW 0 SLEET 0
FOG 6 FOG W/VIS <= 1/4 MILE 3
HAZE 5
- INDICATES NEGATIVE NUMBERS.
R INDICATES RECORD WAS SET OR TIED.
MM INDICATES DATA IS MISSING.
T INDICATES TRACE AMOUNT.
$$