000
CXUS52 KJAX 071311
CF6AMG
PRELIMINARY LOCAL CLIMATOLOGICAL DATA (WS FORM: F-6)
STATION: ALMA
MONTH: AUGUST
YEAR: 2022
LATITUDE: 31 32 N
LONGITUDE: 82 30 W
TEMPERATURE IN F: :PCPN: SNOW: WIND :SUNSHINE: SKY :PK WND
================================================================================
1 2 3 4 5 6A 6B 7 8 9 10 11 12 13 14 15 16 17 18
12Z AVG MX 2MIN
DY MAX MIN AVG DEP HDD CDD WTR SNW DPTH SPD SPD DIR MIN PSBL S-S WX SPD DR
================================================================================
1 97 73 85 2 0 20 0.00 0.0 0 3.9 13 240 M M 1 22 270
2 96 74 85 2 0 20 0.00 0.0 0 4.2 13 300 M M 1 19 280
3 95 73 84 1 0 19 0.00 0.0 0 3.3 14 120 M M 0 3 22 140
4 97 72 85 2 0 20 0.00 0.0 0 4.4 15 150 M M 1 1 21 160
5 96 72 84 1 0 19 0.00 0.0 0 3.3 13 120 M M 2 13 20 60
6 95 72 84 1 0 19 1.34 0.0 0 4.2 14 350 M M 2 13 22 130
7 94 72 83 1 0 18 0.00 0.0 0 1.5 14 310 M M 3 13 18 110
8 94 72 83 1 0 18 0.00 0.0 0 2.9 14 140 M M 1 13 23 140
9 94 70 82 0 0 17 0.01 0.0 0 2.4 21 240 M M 2 13 31 250
10 95 70 83 1 0 18 0.31 0.0 0 1.6 23 240 M M 2 13 35 240
11 89 71 80 -2 0 15 0.31 0.0 0 2.2 31 190 M M 2 13 50 180
12 90 72 81 -1 0 16 T 0.0 0 4.6 16 250 M M 5 23 220
13 88 70 79 -3 0 14 0.01 0.0 0 2.4 10 350 M M 6 1 16 40
14 94 67 81 -1 0 16 0.00 0.0 0 2.3 8 130 M M 0 1 14 70
15 93 66 80 -2 0 15 0.00 0.0 0 3.1 10 200 M M 0 18 190
16 96 74 85 3 0 20 0.00 0.0 0 5.4 17 300 M M 2 22 300
17 92 73 83 1 0 18 0.22 0.0 0 2.3 14 270 M M 3 13 22 280
18 87 75 81 -1 0 16 0.04 0.0 0 2.3 8 250 M M 7 1 11 200
19 93 73 83 1 0 18 0.49 0.0 0 3.5 15 320 M M 7 123 21 310
20 95 73 84 2 0 19 0.00 0.0 0 1.9 20 130 M M 2 13 29 130
21 93 73 83 1 0 18 0.00 0.0 0 3.0 13 150 M M 1 19 240
22 90 73 82 1 0 17 T 0.0 0 3.1 13 230 M M 4 16 240
23 91 75 83 2 0 18 0.00 0.0 0 3.2 10 310 M M 1 16 300
24 91 74 83 2 0 18 0.09 0.0 0 1.3 13 190 M M 2 1 17 190
25 91 74 83 2 0 18 0.09 0.0 0 2.2 17 150 M M 4 1 26 170
26 91 74 83 2 0 18 0.98 0.0 0 2.4 14 110 M M 6 13 21 100
27 91 74 83 2 0 18 0.01 0.0 0 2.4 10 110 M M 6 123 18 100
28 90 74 82 1 0 17 T 0.0 0 2.0 17 130 M M 2 3 24 130
29 88 75 82 1 0 17 T 0.0 0 2.2 10 100 M M 4 13 17 70
30 93 74 84 3 0 19 0.19 0.0 0 1.9 10 140 M M 6 123 15 140
31 95 75 85 5 0 20 0.00 0.0 0 2.4 12 160 M M 1 13 16 170
================================================================================
SM 2874 2249 0 553 4.09 0.0 87.8 M 86
================================================================================
AV 92.7 72.5 2.8 FASTST M M 3 MAX(MPH)
MISC ----> 31 190 50 180
================================================================================
NOTES:
# LAST OF SEVERAL OCCURRENCES
COLUMN 17 PEAK WIND IN M.P.H.
PRELIMINARY LOCAL CLIMATOLOGICAL DATA (WS FORM: F-6) , PAGE 2
STATION: ALMA
MONTH: AUGUST
YEAR: 2022
LATITUDE: 31 32 N
LONGITUDE: 82 30 W
[TEMPERATURE DATA] [PRECIPITATION DATA] SYMBOLS USED IN COLUMN 16
AVERAGE MONTHLY: 82.6 TOTAL FOR MONTH: 4.09 1 = FOG OR MIST
DPTR FM NORMAL: 0.9 DPTR FM NORMAL: -1.28 2 = FOG REDUCING VISIBILITY
HIGHEST: 97 ON 4, 1 GRTST 24HR 1.34 ON 6- 6 TO 1/4 MILE OR LESS
LOWEST: 66 ON 15 3 = THUNDER
SNOW, ICE PELLETS, HAIL 4 = ICE PELLETS
TOTAL MONTH: 0.0 INCH 5 = HAIL
GRTST 24HR 0.0 6 = FREEZING RAIN OR DRIZZLE
GRTST DEPTH: 0 7 = DUSTSTORM OR SANDSTORM:
VSBY 1/2 MILE OR LESS
8 = SMOKE OR HAZE
[NO. OF DAYS WITH] [WEATHER - DAYS WITH] 9 = BLOWING SNOW
X = TORNADO
MAX 32 OR BELOW: 0 0.01 INCH OR MORE: 13
MAX 90 OR ABOVE: 27 0.10 INCH OR MORE: 7
MIN 32 OR BELOW: 0 0.50 INCH OR MORE: 2
MIN 0 OR BELOW: 0 1.00 INCH OR MORE: 1
[HDD (BASE 65) ]
TOTAL THIS MO. 0 CLEAR (SCALE 0-3) 20
DPTR FM NORMAL 0 PTCLDY (SCALE 4-7) 11
TOTAL FM JUL 1 0 CLOUDY (SCALE 8-10) 0
DPTR FM NORMAL 0
[CDD (BASE 65) ]
TOTAL THIS MO. 553
DPTR FM NORMAL 34 [PRESSURE DATA]
TOTAL FM JAN 1 2150 HIGHEST SLP 30.24 ON 7
DPTR FM NORMAL 188 LOWEST SLP 29.82 ON 16
[REMARKS]
#FINAL-08-22#