000
CXUS54 KBMX 011010
CF6ANB
PRELIMINARY LOCAL CLIMATOLOGICAL DATA (WS FORM: F-6)
STATION: ANNISTON
MONTH: MARCH
YEAR: 2022
LATITUDE: 33 35 N
LONGITUDE: 85 51 W
TEMPERATURE IN F: :PCPN: SNOW: WIND :SUNSHINE: SKY :PK WND
================================================================================
1 2 3 4 5 6A 6B 7 8 9 10 11 12 13 14 15 16 17 18
12Z AVG MX 2MIN
DY MAX MIN AVG DEP HDD CDD WTR SNW DPTH SPD SPD DIR MIN PSBL S-S WX SPD DR
================================================================================
1 67 33 50 -2 15 0 0.00 0.0 0 2.8 12 250 M M 0 15 270
2 76 34 55 3 10 0 0.00 0.0 0 2.7 12 250 M M 0 1 15 250
3 77 37 57 5 8 0 0.00 0.0 0 2.3 13 250 M M 0 16 230
4 83 41 62 10 3 0 0.00 0.0 0 3.8 13 140 M M 0 18 140
5 80 55 68 15 0 3 0.00 0.0 0 7.8 18 210 M M 2 29 220
6 79 54 67 14 0 2 0.00 0.0 0 3.9 14 230 M M 5 20 200
7 77 51 64 11 1 0 0.65 0.0 M 6.4 25 280 M M 6 123 37 260
8 51 47 49 -5 16 0 0.43 0.0 0 6.4 12 50 M M 9 1 15 70
9 55 45 50 -4 15 0 0.20 0.0 0 4.4 14 280 M M 7 13 25 350
10 68 39 54 0 11 0 0.00 0.0 0 2.0 9 40 M M 1 1 11 50
11 70 44 57 3 8 0 0.13 0.0 0 6.6 25 350 M M 8 1 41 360
12 44 26 35 -19 30 0 0.20 0.1 0 10.2 24 360 M M 5 18 33 360
13 57 22 40 -15 25 0 0.00 0.0 0 2.3 8 250 M M 0 11 210
14 67 31 49 -6 16 0 0.00 0.0 0 3.9 14 140 M M 1 18 150
15 60 48 54 -1 11 0 0.73 0.0 0 8.1 15 70 M M 7 1 24 80
16 69 52 61 6 4 0 0.66 0.0 M 4.5 18 220 M M 8 13 24 260
17 75 50 63 7 2 0 0.00 0.0 0 3.0 8 240 M M 5 12 10 260
18 68 50 59 3 6 0 0.78 M 0 5.3 18 260 M M 6 13 29 280
19 64 43 54 -2 11 0 T 0.0 0 8.5 18 240 M M 3 1 23 260
20 71 35 53 -3 12 0 0.00 0.0 0 3.5 16 330 M M 1 12 27 350
21 75 38 57 0 8 0 0.00 0.0 0 6.5 14 150 M M 0 20 80
22 77 57 67 10 0 2 2.05 0.0 0 9.9 22 140 M M 5 13 33 140
23 73 50 62 5 3 0 1.43 0.0 0 11.0 25 230 M M 5 123 30 240
24 66 44 55 -2 10 0 0.00 0.0 0 5.7 20 250 M M 1 28 250
25 65 44 55 -3 10 0 0.00 0.0 0 7.8 23 250 M M 4 8 28 240
26 66 41 54 -4 11 0 0.00 0.0 0 10.1 24 260 M M 0 35 270
27 65 37 51 -7 14 0 0.00 0.0 0 4.7 15 340 M M 0 19 340
28 67 45 56 -2 9 0 0.00 0.0 0 3.3 10 360 M M 4 8 14 340
29 78 49 64 6 1 0 0.00 0.0 0 6.5 14 180 M M 2 8 20 190
30 83 63 73 14 0 8 0.13 0.0 0 11.2 28 190 M M 1 3 41 180
31 67 46 57 -2 8 0 0.86 0.0 0 8.4 21 240 M M 6 1 26 240
================================================================================
SM 2140 1351 278 15 8.25 0.1 183.5 M 102
================================================================================
AV 69.0 43.6 5.9 FASTST M M 3 MAX(MPH)
MISC ----> 28 190 # 41 360
================================================================================
NOTES:
# LAST OF SEVERAL OCCURRENCES
COLUMN 17 PEAK WIND IN M.P.H.
PRELIMINARY LOCAL CLIMATOLOGICAL DATA (WS FORM: F-6) , PAGE 2
STATION: ANNISTON
MONTH: MARCH
YEAR: 2022
LATITUDE: 33 35 N
LONGITUDE: 85 51 W
[TEMPERATURE DATA] [PRECIPITATION DATA] SYMBOLS USED IN COLUMN 16
AVERAGE MONTHLY: 56.3 TOTAL FOR MONTH: 8.25 1 = FOG OR MIST
DPTR FM NORMAL: 0.9 DPTR FM NORMAL: 2.88 2 = FOG REDUCING VISIBILITY
HIGHEST: 83 ON 30, 4 GRTST 24HR 3.48 ON 22-23 TO 1/4 MILE OR LESS
LOWEST: 22 ON 13 3 = THUNDER
SNOW, ICE PELLETS, HAIL 4 = ICE PELLETS
TOTAL MONTH: 0.1 INCH 5 = HAIL
GRTST 24HR 0.1 ON 12-12 6 = FREEZING RAIN OR DRIZZLE
GRTST DEPTH: 0 7 = DUSTSTORM OR SANDSTORM:
VSBY 1/2 MILE OR LESS
8 = SMOKE OR HAZE
[NO. OF DAYS WITH] [WEATHER - DAYS WITH] 9 = BLOWING SNOW
X = TORNADO
MAX 32 OR BELOW: 0 0.01 INCH OR MORE: 12
MAX 90 OR ABOVE: 0 0.10 INCH OR MORE: 12
MIN 32 OR BELOW: 3 0.50 INCH OR MORE: 7
MIN 0 OR BELOW: 0 1.00 INCH OR MORE: 2
[HDD (BASE 65) ]
TOTAL THIS MO. 278 CLEAR (SCALE 0-3) 16
DPTR FM NORMAL -36 PTCLDY (SCALE 4-7) 14
TOTAL FM JUL 1 2179 CLOUDY (SCALE 8-10) 1
DPTR FM NORMAL -304
[CDD (BASE 65) ]
TOTAL THIS MO. 15
DPTR FM NORMAL 0 [PRESSURE DATA]
TOTAL FM JAN 1 30 HIGHEST SLP 30.52 ON 13
DPTR FM NORMAL 12 LOWEST SLP 29.59 ON 31
[REMARKS]
#FINAL-03-22#