000
CXAK56 PAFC 011441
CF6ANC
PRELIMINARY LOCAL CLIMATOLOGICAL DATA (WS FORM: F-6)
STATION: ANCHORAGE AK
MONTH: MAY
YEAR: 2023
LATITUDE: 61 10 N
LONGITUDE: 150 2 W
TEMPERATURE IN F: :PCPN: SNOW: WIND :SUNSHINE: SKY :PK WND
================================================================================
1 2 3 4 5 6A 6B 7 8 9 10 11 12 13 14 15 16 17 18
12Z AVG MX 2MIN
DY MAX MIN AVG DEP HDD CDD WTR SNW DPTH SPD SPD DIR MIN PSBL S-S WX SPD DR
================================================================================
1 47 35 41 -3 24 0 T 0.0 T 13.0 25 150 M M 7 38 160
2 47 38 43 -1 22 0 T T 0 12.7 22 150 M M 9 34 160
3 38 32 35 -9 30 0 0.57 1.7 0 5.4 16 210 M M 10 1 30 200
4 46 32 39 -6 26 0 0.00 0.0 1 7.3 17 160 M M 10 28 160
5 49 31 40 -5 25 0 0.00 0.0 0 3.9 12 250 M M 8 16 160
6 49 37 43 -2 22 0 T 0.0 0 8.0 16 170 M M 9 33 170
7 51 34 43 -3 22 0 0.05 0.0 0 5.9 17 150 M M 8 35 170
8 50 36 43 -3 22 0 0.01 0.0 0 11.0 26 150 M M 8 43 150
9 49 36 43 -3 22 0 T 0.0 0 6.9 17 170 M M 10 21 170
10 52 38 45 -2 20 0 T 0.0 0 5.2 13 200 M M 9 19 190
11 54 41 48 1 17 0 0.00 0.0 0 10.7 23 150 M M 8 36 160
12 59 33 46 -1 19 0 T 0.0 0 9.0 24 150 M M 6 35 150
13 55 45 50 3 15 0 0.00 0.0 0 19.1 29 150 M M 3 43 160
14 56 42 49 1 16 0 0.00 0.0 0 14.7 28 140 M M 5 44 160
15 58 47 53 5 12 0 0.00 0.0 0 17.8 26 150 M M 8 40 160
16 51 37 44 -4 21 0 0.03 0.0 0 13.9 29 150 M M 8 42 150
17 53 39 46 -2 19 0 0.00 0.0 0 7.0 14 250 M M 4 20 310
18 61 35 48 -1 17 0 0.00 0.0 0 4.4 14 50 M M 6 17 50
19 60 47 54 5 11 0 0.00 0.0 0 11.8 31 150 M M 7 47 150
20 58 47 53 4 12 0 0.00 0.0 0 15.9 26 150 M M 7 39 160
21 60 43 52 2 13 0 0.00 0.0 0 10.7 21 150 M M 6 34 160
22 55 36 46 -4 19 0 0.00 0.0 0 13.3 28 140 M M 6 37 150
23 53 46 50 0 15 0 T 0.0 0 8.5 21 150 M M 10 30 140
24 59 42 51 1 14 0 0.01 0.0 0 9.3 25 150 M M 8 35 160
25 51 45 48 -3 17 0 0.15 0.0 0 4.6 16 150 M M 9 31 170
26 53 46 50 -1 15 0 T 0.0 0 16.2 29 160 M M 9 1 44 160
27 51 44 48 -3 17 0 0.01 0.0 0 7.4 14 170 M M 9 25 160
28 54 43 49 -2 16 0 0.03 0.0 0 7.1 24 160 M M 8 35 170
29 56 41 49 -3 16 0 0.00 0.0 M 10.7 26 150 M M 7 38 150
30 51 43 47 -5 18 0 T 0.0 0 8.3 15 290 M M 8 24 140
31 52 42 47 -5 18 0 T 0.0 0 6.6 13 290 M M 9 22 170
================================================================================
SM 1638 1233 572 0 0.86 1.7 306.3 M 239
================================================================================
AV 52.8 39.8 9.9 FASTST M M 8 MAX(MPH)
MISC ----> 31 150 47 150
================================================================================
NOTES:
# LAST OF SEVERAL OCCURRENCES
COLUMN 17 PEAK WIND IN M.P.H.
PRELIMINARY LOCAL CLIMATOLOGICAL DATA (WS FORM: F-6) , PAGE 2
STATION: ANCHORAGE AK
MONTH: MAY
YEAR: 2023
LATITUDE: 61 10 N
LONGITUDE: 150 2 W
[TEMPERATURE DATA] [PRECIPITATION DATA] SYMBOLS USED IN COLUMN 16
AVERAGE MONTHLY: 46.3 TOTAL FOR MONTH: 0.86 1 = FOG OR MIST
DPTR FM NORMAL: -1.8 DPTR FM NORMAL: 0.21 2 = FOG REDUCING VISIBILITY
HIGHEST: 61 ON 18 GRTST 24HR 0.57 ON 2- 3 TO 1/4 MILE OR LESS
LOWEST: 31 ON 5 3 = THUNDER
SNOW, ICE PELLETS, HAIL 4 = ICE PELLETS
TOTAL MONTH: 1.7 INCHES 5 = HAIL
GRTST 24HR 1.7 ON 3- 3 6 = FREEZING RAIN OR DRIZZLE
GRTST DEPTH: 1 ON 4 7 = DUSTSTORM OR SANDSTORM:
VSBY 1/2 MILE OR LESS
8 = SMOKE OR HAZE
[NO. OF DAYS WITH] [WEATHER - DAYS WITH] 9 = BLOWING SNOW
X = TORNADO
MAX 32 OR BELOW: 0 0.01 INCH OR MORE: 8
MAX 90 OR ABOVE: 0 0.10 INCH OR MORE: 2
MIN 32 OR BELOW: 3 0.50 INCH OR MORE: 1
MIN 0 OR BELOW: 0 1.00 INCH OR MORE: 0
[HDD (BASE 65) ]
TOTAL THIS MO. 572 CLEAR (SCALE 0-3) 1
DPTR FM NORMAL 50 PTCLDY (SCALE 4-7) 14
TOTAL FM JUL 1 9842 CLOUDY (SCALE 8-10) 16
DPTR FM NORMAL 137
[CDD (BASE 65) ]
TOTAL THIS MO. 0
DPTR FM NORMAL 0 [PRESSURE DATA]
TOTAL FM JAN 1 0 HIGHEST SLP 30.32 ON 14
DPTR FM NORMAL 0 LOWEST SLP 29.36 ON 27
[REMARKS]
#FINAL-05-23#