635
CXUS52 KGSP 010917
CF6AND
PRELIMINARY LOCAL CLIMATOLOGICAL DATA (WS FORM: F-6)
STATION: ANDERSON SC
MONTH: JANUARY
YEAR: 2021
LATITUDE: 34 30 N
LONGITUDE: 82 43 W
TEMPERATURE IN F: :PCPN: SNOW: WIND :SUNSHINE: SKY :PK WND
================================================================================
1 2 3 4 5 6A 6B 7 8 9 10 11 12 13 14 15 16 17 18
12Z AVG MX 2MIN
DY MAX MIN AVG DEP HDD CDD WTR SNW DPTH SPD SPD DIR MIN PSBL S-S WX SPD DR
================================================================================
1 55 44 50 9 15 0 1.61 M M 11.5 22 60 M M 10 12 28 70
2 62 44 53 12 12 0 0.01 M M 4.3 14 160 M M 8 12 17 160
3 55 37 46 5 19 0 0.00 M M 10.0 20 240 M M 2 12 28 230
4 56 29 43 2 22 0 0.00 M M 2.2 13 230 M M 0 15 230
5 60 39 50 9 15 0 0.00 M M 8.1 21 300 M M 2 28 300
6 53 27 40 -1 25 0 0.00 M M 1.8 7 210 M M 0 10 50
7 46 30 38 -3 27 0 0.28 M M 8.1 23 70 M M 3 1 27 60
8 40 37 39 -2 26 0 0.40 M M 6.5 18 60 M M 10 1 24 70
9 49 30 40 -1 25 0 0.00 M M 2.8 10 280 M M 4 12 13 230
10 50 24 37 -4 28 0 0.00 M M 2.0 10 280 M M 0 13 100
11 45 32 39 -2 26 0 0.08 M M 3.5 10 150 M M 7 1 13 160
12 50 35 43 2 22 0 0.05 M M 2.7 9 200 M M 7 12 11 210
13 41 29 35 -6 30 0 0.00 M M 1.6 10 170 M M 9 12 12 140
14 57 26 42 1 23 0 0.00 M M 4.4 17 230 M M 2 12 22 220
15 55 33 44 2 21 0 0.02 M M 7.3 22 240 M M 4 1 29 240
16 45 32 39 -3 26 0 0.00 M M 12.5 25 260 M M 4 34 250
17 50 30 40 -2 25 0 0.00 M M 8.9 22 250 M M 4 28 240
18 54 31 43 1 22 0 0.00 M M 8.6 23 290 M M 0 29 300
19 60 29 45 3 20 0 T M M 8.7 22 250 M M 4 29 260
20 59 45 52 10 13 0 0.00 M M 11.1 23 250 M M 1 30 250
21 57 44 51 9 14 0 0.01 M M 10.6 20 230 M M 6 1 25 230
22 59 35 47 5 18 0 0.00 M M 2.6 9 210 M M 0 11 230
23 58 28 43 1 22 0 0.00 M M 3.2 10 90 M M 1 14 80
24 54 34 44 2 21 0 T M M 3.5 9 70 M M 7 12 60
25 51 44 48 6 17 0 0.11 M M 2.5 10 120 M M 10 123 13 120
26 72 50 61 19 4 0 0.33 M M 6.2 17 220 M M 9 13 22 220
27 61 47 54 12 11 0 0.43 M M 6.4 21 280 M M 8 1 31 230
28 52 29 41 -1 24 0 0.00 M M 8.8 23 310 M M 0 31 310
29 49 25 37 -6 28 0 0.00 M M 1.9 9 260 M M 0 12 270
30 43 27 35 -8 30 0 0.00 M M 4.4 15 70 M M 5 16 70
31 43 36 40 -3 25 0 0.52 M M 6.4 14 50 M M 10 1 19 40
================================================================================
SM 1641 1062 656 0 3.85 M 183.1 M 137
================================================================================
AV 52.9 34.3 5.9 FASTST M M 4 MAX(MPH)
MISC ----> 25 260 34 250
================================================================================
NOTES:
# LAST OF SEVERAL OCCURRENCES
COLUMN 17 PEAK WIND IN M.P.H.
PRELIMINARY LOCAL CLIMATOLOGICAL DATA (WS FORM: F-6) , PAGE 2
STATION: ANDERSON SC
MONTH: JANUARY
YEAR: 2021
LATITUDE: 34 30 N
LONGITUDE: 82 43 W
[TEMPERATURE DATA] [PRECIPITATION DATA] SYMBOLS USED IN COLUMN 16
AVERAGE MONTHLY: 43.6 TOTAL FOR MONTH: 3.85 1 = FOG OR MIST
DPTR FM NORMAL: 1.9 DPTR FM NORMAL: 0.00 2 = FOG REDUCING VISIBILITY
HIGHEST: 72 ON 26 GRTST 24HR 1.61 ON 1- 1 TO 1/4 MILE OR LESS
LOWEST: 24 ON 10 3 = THUNDER
SNOW, ICE PELLETS, HAIL 4 = ICE PELLETS
TOTAL MONTH: M 5 = HAIL
GRTST 24HR M ON M 6 = FREEZING RAIN OR DRIZZLE
GRTST DEPTH: M ON M 7 = DUSTSTORM OR SANDSTORM:
VSBY 1/2 MILE OR LESS
8 = SMOKE OR HAZE
[NO. OF DAYS WITH] [WEATHER - DAYS WITH] 9 = BLOWING SNOW
X = TORNADO
MAX 32 OR BELOW: 0 0.01 INCH OR MORE: 12
MAX 90 OR ABOVE: 0 0.10 INCH OR MORE: 7
MIN 32 OR BELOW: 16 0.50 INCH OR MORE: 2
MIN 0 OR BELOW: 0 1.00 INCH OR MORE: 1
[HDD (BASE 65) ]
TOTAL THIS MO. 656 CLEAR (SCALE 0-3) 12
DPTR FM NORMAL -65 PTCLDY (SCALE 4-7) 13
TOTAL FM JUL 1 1630 CLOUDY (SCALE 8-10) 6
DPTR FM NORMAL -322
[CDD (BASE 65) ]
TOTAL THIS MO. 0
DPTR FM NORMAL 0 [PRESSURE DATA]
TOTAL FM JAN 1 0 HIGHEST SLP 30.39 ON 29
DPTR FM NORMAL 0 LOWEST SLP 29.65 ON 15
[REMARKS]
#FINAL-01-21#