000
CXUS53 KAPX 031514
CF6ANJ
PRELIMINARY LOCAL CLIMATOLOGICAL DATA (WS FORM: F-6)
STATION: SAULT STE MARIE MI
MONTH: APRIL
YEAR: 2021
LATITUDE: 46 28 N
LONGITUDE: 84 21 W
TEMPERATURE IN F: :PCPN: SNOW: WIND :SUNSHINE: SKY :PK WND
================================================================================
1 2 3 4 5 6A 6B 7 8 9 10 11 12 13 14 15 16 17 18
12Z AVG MX 2MIN
DY MAX MIN AVG DEP HDD CDD WTR SNW DPTH SPD SPD DIR MIN PSBL S-S WX SPD DR
================================================================================
1 30 16 23 -10 42 0 T T T 10.1 18 300 M M 1 28 300
2 46 17 32 -2 33 0 0.00 0.0 T 3.6 14 220 M M 0 21 180
3 57 31 44 10 21 0 0.00 0.0 T 6.1 14 300 M M 0 22 280
4 62 30 46 11 19 0 T 0.0 T 4.5 15 180 M M 3 21 170
5 55 42 49 14 16 0 T 0.0 T 10.9 21 120 M M 4 35 110
6 57 42 50 14 15 0 0.22 0.0 0 8.2 16 110 M M 5 13 29 100
7 60 42 51 15 14 0 0.31 0.0 0 7.7 17 120 M M 6 138 27 110
8 69 48 59 22 6 0 0.32 0.0 0 11.2 22 130 M M 5 13 35 130
9 59 49 54 17 11 0 0.19 0.0 0 8.3 17 120 M M 10 1 25 120
10 63 49 56 18 9 0 0.01 0.0 0 5.8 12 130 M M 8 1 18 100
11 62 48 55 17 10 0 0.11 0.0 0 7.9 20 100 M M 8 128 35 120
12 60 47 54 15 11 0 0.07 0.0 0 8.3 22 140 M M 9 128 33 150
13 53 42 48 9 17 0 0.01 0.0 0 7.7 16 210 M M 10 1 22 210
14 42 35 39 -1 26 0 0.19 0.1 0 4.4 12 300 M M 10 1 16 290
15 45 36 41 1 24 0 0.00 T 0 9.2 20 300 M M 10 1 29 290
16 46 34 40 -1 25 0 0.00 0.0 0 10.5 21 310 M M 7 29 330
17 53 32 43 2 22 0 0.00 0.0 0 8.1 18 320 M M 3 26 320
18 57 34 46 4 19 0 0.00 0.0 0 7.4 13 300 M M 0 20 330
19 43 30 37 -5 28 0 0.13 0.5 0 11.2 23 280 M M 8 1 38 280
20 31 26 29 -14 36 0 0.02 0.2 1 13.3 24 300 M M 10 1 36 300
21 38 24 31 -12 34 0 T T T 9.0 20 300 M M 4 30 300
22 47 31 39 -5 26 0 T T T 9.7 22 310 M M 4 32 300
23 66 30 48 4 17 0 0.00 0.0 0 5.5 18 240 M M 3 28 250
24 60 36 48 4 17 0 0.04 0.0 0 7.4 20 300 M M 7 18 30 230
25 38 29 34 -11 31 0 0.00 0.0 0 11.3 21 300 M M 6 32 310
26 41 29 35 -10 30 0 0.17 0.3 0 9.2 22 140 M M 7 6 32 130
27 55 34 45 -1 20 0 0.23 0.0 0 7.8 16 100 M M 7 28 100
28 56 43 50 4 15 0 0.40 0.0 0 3.7 13 60 M M 9 1 21 70
29 62 36 49 3 16 0 0.00 0.0 0 7.4 20 290 M M 5 27 290
30 47 35 41 -6 24 0 0.00 0.0 0 16.0 30 310 M M 2 43 320
================================================================================
SM 1560 1057 634 0 2.42 1.1 251.4 M 171
================================================================================
AV 52.0 35.2 8.4 FASTST M M 6 MAX(MPH)
MISC ----> 30 310 43 320
================================================================================
NOTES:
# LAST OF SEVERAL OCCURRENCES
COLUMN 17 PEAK WIND IN M.P.H.
PRELIMINARY LOCAL CLIMATOLOGICAL DATA (WS FORM: F-6) , PAGE 2
STATION: SAULT STE MARIE MI
MONTH: APRIL
YEAR: 2021
LATITUDE: 46 28 N
LONGITUDE: 84 21 W
[TEMPERATURE DATA] [PRECIPITATION DATA] SYMBOLS USED IN COLUMN 16
AVERAGE MONTHLY: 43.6 TOTAL FOR MONTH: 2.42 1 = FOG OR MIST
DPTR FM NORMAL: 3.4 DPTR FM NORMAL: 0.03 2 = FOG REDUCING VISIBILITY
HIGHEST: 69 ON 8 GRTST 24HR 0.63 ON 7- 8 TO 1/4 MILE OR LESS
LOWEST: 16 ON 1 3 = THUNDER
SNOW, ICE PELLETS, HAIL 4 = ICE PELLETS
TOTAL MONTH: 1.3 INCHES 5 = HAIL
GRTST 24HR 0.5 ON 19-19 6 = FREEZING RAIN OR DRIZZLE
GRTST DEPTH: 1 ON 20 7 = DUSTSTORM OR SANDSTORM:
VSBY 1/2 MILE OR LESS
8 = SMOKE OR HAZE
[NO. OF DAYS WITH] [WEATHER - DAYS WITH] 9 = BLOWING SNOW
X = TORNADO
MAX 32 OR BELOW: 2 0.01 INCH OR MORE: 15
MAX 90 OR ABOVE: 0 0.10 INCH OR MORE: 10
MIN 32 OR BELOW: 12 0.50 INCH OR MORE: 0
MIN 0 OR BELOW: 0 1.00 INCH OR MORE: 0
[HDD (BASE 65) ]
TOTAL THIS MO. 634 CLEAR (SCALE 0-3) 6
DPTR FM NORMAL -109 PTCLDY (SCALE 4-7) 16
TOTAL FM JUL 1 7108 CLOUDY (SCALE 8-10) 8
DPTR FM NORMAL -959
[CDD (BASE 65) ]
TOTAL THIS MO. 0
DPTR FM NORMAL 0 [PRESSURE DATA]
TOTAL FM JAN 1 0 HIGHEST SLP 30.54 ON 2
DPTR FM NORMAL 0 LOWEST SLP 29.38 ON 11
[REMARKS]
#FINAL-04-21#