000
CXUS53 KAPX 031854
CF6ANJ
PRELIMINARY LOCAL CLIMATOLOGICAL DATA (WS FORM: F-6)
STATION: SAULT STE MARIE MI
MONTH: OCTOBER
YEAR: 2020
LATITUDE: 46 28 N
LONGITUDE: 84 21 W
TEMPERATURE IN F: :PCPN: SNOW: WIND :SUNSHINE: SKY :PK WND
================================================================================
1 2 3 4 5 6A 6B 7 8 9 10 11 12 13 14 15 16 17 18
12Z AVG MX 2MIN
DY MAX MIN AVG DEP HDD CDD WTR SNW DPTH SPD SPD DIR MIN PSBL S-S WX SPD DR
================================================================================
1 54 41 48 -3 17 0 0.12 0.0 0 7.2 18 310 M M 7 1 26 300
2 48 39 44 -7 21 0 0.00 0.0 0 4.2 12 290 M M 10 16 320
3 50 40 45 -5 20 0 0.00 0.0 0 2.1 10 320 M M 9 16 300
4 54 34 44 -6 21 0 0.02 0.0 0 4.6 15 310 M M 6 22 290
5 58 35 47 -3 18 0 0.00 0.0 0 6.9 25 200 M M 3 35 190
6 64 52 58 9 7 0 0.10 0.0 0 8.6 17 210 M M 8 1 25 210
7 58 43 51 2 14 0 0.01 0.0 0 11.0 22 320 M M 6 33 300
8 55 38 47 -1 18 0 0.08 0.0 0 6.8 20 310 M M 6 1 29 300
9 66 36 51 3 14 0 T 0.0 0 8.4 21 230 M M 5 32 220
10 65 41 53 5 12 0 0.00 0.0 0 10.4 21 320 M M 2 32 330
11 50 35 43 -4 22 0 0.00 0.0 0 7.3 16 140 M M 5 27 120
12 59 44 52 5 13 0 1.05 0.0 0 11.5 24 300 M M 7 1 40 300
13 59 39 49 2 16 0 0.04 0.0 0 7.7 25 290 M M 3 13 42 270
14 55 38 47 1 18 0 0.36 0.0 0 7.2 18 150 M M 5 1 31 160
15 51 35 43 -3 22 0 0.14 T 0 13.9 25 300 M M 9 1 42 280
16 46 30 38 -8 27 0 0.34 0.2 0 7.2 17 190 M M 5 1 25 190
17 48 32 40 -5 25 0 0.14 T T 8.3 20 150 M M 6 1 32 150
18 48 33 41 -4 24 0 0.39 T 0 6.8 16 300 M M 9 1 25 310
19 45 31 38 -6 27 0 0.02 T 0 2.9 9 230 M M 9 1 13 240
20 43 34 39 -5 26 0 0.31 0.7 T 3.3 13 130 M M 10 1 20 120
21 48 36 42 -2 23 0 0.19 0.0 0 7.1 17 280 M M 9 1 28 240
22 42 32 37 -6 28 0 1.33 0.0 0 4.5 14 70 M M 8 1 23 60
23 40 34 37 -6 28 0 0.54 T 0 8.6 15 10 M M 10 1 25 340
24 41 33 37 -6 28 0 0.02 0.5 0 2.7 13 350 M M 9 1 21 340
25 40 33 37 -5 28 0 0.04 T T 2.0 7 70 M M 10 1 11 70
26 41 33 37 -5 28 0 0.04 1.0 T 3.2 9 300 M M 9 1 13 320
27 40 31 36 -6 29 0 0.00 0.0 1 4.1 14 230 M M 7 19 220
28 42 34 38 -3 27 0 0.01 0.0 0 8.1 20 280 M M 10 30 300
29 40 23 32 -9 33 0 T 0.0 0 6.9 13 10 M M 5 22 20
30 36 22 29 -11 36 0 0.00 0.0 0 5.8 14 320 M M 5 23 340
31 45 25 35 -5 30 0 0.03 0.0 0 10.5 22 150 M M 1 33 160
================================================================================
SM 1531 1086 700 0 5.32 2.4 209.8 M 213
================================================================================
AV 49.4 35.0 6.8 FASTST M M 7 MAX(MPH)
MISC ----> # 25 200 # 42 270
================================================================================
NOTES:
# LAST OF SEVERAL OCCURRENCES
COLUMN 17 PEAK WIND IN M.P.H.
PRELIMINARY LOCAL CLIMATOLOGICAL DATA (WS FORM: F-6) , PAGE 2
STATION: SAULT STE MARIE MI
MONTH: OCTOBER
YEAR: 2020
LATITUDE: 46 28 N
LONGITUDE: 84 21 W
[TEMPERATURE DATA] [PRECIPITATION DATA] SYMBOLS USED IN COLUMN 16
AVERAGE MONTHLY: 42.2 TOTAL FOR MONTH: 5.32 1 = FOG OR MIST
DPTR FM NORMAL: -3.4 DPTR FM NORMAL: 1.52 2 = FOG REDUCING VISIBILITY
HIGHEST: 66 ON 9 GRTST 24HR 1.33 ON 22-22 TO 1/4 MILE OR LESS
LOWEST: 22 ON 30 3 = THUNDER
SNOW, ICE PELLETS, HAIL 4 = ICE PELLETS
TOTAL MONTH: 2.4 INCHES 5 = HAIL
GRTST 24HR 1.0 ON 26-26 6 = FREEZING RAIN OR DRIZZLE
GRTST DEPTH: 1 ON 27 7 = DUSTSTORM OR SANDSTORM:
VSBY 1/2 MILE OR LESS
8 = SMOKE OR HAZE
[NO. OF DAYS WITH] [WEATHER - DAYS WITH] 9 = BLOWING SNOW
X = TORNADO
MAX 32 OR BELOW: 0 0.01 INCH OR MORE: 22
MAX 90 OR ABOVE: 0 0.10 INCH OR MORE: 12
MIN 32 OR BELOW: 8 0.50 INCH OR MORE: 3
MIN 0 OR BELOW: 0 1.00 INCH OR MORE: 2
[HDD (BASE 65) ]
TOTAL THIS MO. 700 CLEAR (SCALE 0-3) 4
DPTR FM NORMAL 96 PTCLDY (SCALE 4-7) 15
TOTAL FM JUL 1 991 CLOUDY (SCALE 8-10) 12
DPTR FM NORMAL -14
[CDD (BASE 65) ]
TOTAL THIS MO. 0
DPTR FM NORMAL -1 [PRESSURE DATA]
TOTAL FM JAN 1 369 HIGHEST SLP M ON M
DPTR FM NORMAL 173 LOWEST SLP 29.32 ON 15
[REMARKS]
#FINAL-10-20#