000
CXUS56 KMTR 010900
CF6APC
PRELIMINARY LOCAL CLIMATOLOGICAL DATA (WS FORM: F-6)
STATION: NAPA AIRPORT
MONTH: JUNE
YEAR: 2023
LATITUDE: 38 13 N
LONGITUDE: 122 17 W
TEMPERATURE IN F: :PCPN: SNOW: WIND :SUNSHINE: SKY :PK WND
================================================================================
1 2 3 4 5 6A 6B 7 8 9 10 11 12 13 14 15 16 17 18
12Z AVG MX 2MIN
DY MAX MIN AVG DEP HDD CDD WTR SNW DPTH SPD SPD DIR MIN PSBL S-S WX SPD DR
================================================================================
1 69 M M M M M 0.00 M M 14.7 22 190 M M 6 8 26 190
2 73 54 64 1 1 0 0.00 M M 10.3 17 190 M M 6 8 21 200
3 76 52 64 1 1 0 0.00 M M 7.6 14 190 M M 4 8 17 200
4 73 54 64 0 1 0 0.00 M M 9.0 20 190 M M 2 22 190
5 69 54 62 -2 3 0 0.00 M M 13.3 29 200 M M 5 18 36 200
6 71 55 63 -1 2 0 0.01 M M 11.3 22 230 M M 7 27 220
7 67 M M M M M 0.00 M M 10.1 18 220 M M 9 24 220
8 74 52 63 -1 2 0 0.00 M M 10.3 20 270 M M 3 23 280
9 73 54 64 0 1 0 0.00 M M 12.4 22 260 M M 4 25 260
10 69 54 62 -2 3 0 T M M 10.6 20 190 M M 5 1 24 190
11 69 55 62 -3 3 0 0.00 M M 13.5 26 190 M M 6 32 190
12 70 57 64 -1 1 0 0.01 M M 12.5 25 200 M M 5 29 200
13 71 55 63 -2 2 0 0.00 M M 11.7 21 200 M M 5 M M
14 71 55 63 -2 2 0 0.00 M M 11.4 20 200 M M 5 23 190
15 73 55 64 -1 1 0 0.00 M M 11.6 23 200 M M 4 8 26 200
16 74 55 65 0 0 0 0.00 M M 11.5 21 200 M M 3 8 25 200
17 74 56 65 0 0 0 0.00 M M 11.4 21 200 M M 4 23 200
18 82 54 68 2 0 3 0.00 M M 12.4 26 240 M M 0 31 250
19 75 51 63 -3 2 0 0.00 M M 12.6 23 270 M M 0 27 270
20 76 42 59 -7 6 0 0.00 M M 6.5 18 200 M M 0 22 190
21 76 45 61 -5 4 0 0.00 M M 7.3 21 190 M M 0 23 190
22 69 53 61 -5 4 0 0.00 M M 11.7 25 200 M M 7 29 200
23 71 55 63 -3 2 0 0.00 M M 11.4 22 200 M M 5 26 210
24 73 54 64 -2 1 0 0.00 M M 10.1 20 270 M M 4 25 270
25 72 56 64 -2 1 0 0.00 M M 10.3 18 250 M M 6 22 240
26 71 54 63 -3 2 0 0.00 M M 9.5 22 190 M M 5 26 210
27 69 56 63 -3 2 0 0.00 M M 11.5 22 200 M M 6 26 200
28 70 54 62 -4 3 0 0.00 M M 11.2 21 200 M M 5 24 200
29 80 53 67 1 0 2 0.00 M M 7.5 14 200 M M 4 16 210
30 84 54 69 3 0 4 0.00 M M 5.4 12 200 M M 0 14 200
================================================================================
SM 2184 1498 50 9 0.02 M 320.6 M 125
================================================================================
AV 72.8 53.5 10.7 FASTST M M 4 MAX(MPH)
MISC ----> 29 200 36 200
================================================================================
NOTES:
# LAST OF SEVERAL OCCURRENCES
COLUMN 17 PEAK WIND IN M.P.H.
PRELIMINARY LOCAL CLIMATOLOGICAL DATA (WS FORM: F-6) , PAGE 2
STATION: NAPA AIRPORT
MONTH: JUNE
YEAR: 2023
LATITUDE: 38 13 N
LONGITUDE: 122 17 W
[TEMPERATURE DATA] [PRECIPITATION DATA] SYMBOLS USED IN COLUMN 16
AVERAGE MONTHLY: 63.2 TOTAL FOR MONTH: 0.02 1 = FOG OR MIST
DPTR FM NORMAL: -1.9 DPTR FM NORMAL: -0.20 2 = FOG REDUCING VISIBILITY
HIGHEST: 84 ON 30 GRTST 24HR 0.01 ON 6- 6 TO 1/4 MILE OR LESS
LOWEST: 42 ON 20 3 = THUNDER
SNOW, ICE PELLETS, HAIL 4 = ICE PELLETS
TOTAL MONTH: M 5 = HAIL
GRTST 24HR M ON M 6 = FREEZING RAIN OR DRIZZLE
GRTST DEPTH: M ON M 7 = DUSTSTORM OR SANDSTORM:
VSBY 1/2 MILE OR LESS
8 = SMOKE OR HAZE
[NO. OF DAYS WITH] [WEATHER - DAYS WITH] 9 = BLOWING SNOW
X = TORNADO
MAX 32 OR BELOW: 0 0.01 INCH OR MORE: 2
MAX 90 OR ABOVE: 0 0.10 INCH OR MORE: 0
MIN 32 OR BELOW: 0 0.50 INCH OR MORE: 0
MIN 0 OR BELOW: 0 1.00 INCH OR MORE: 0
[HDD (BASE 65) ]
TOTAL THIS MO. 50 CLEAR (SCALE 0-3) 7
DPTR FM NORMAL -2 PTCLDY (SCALE 4-7) 22
TOTAL FM JUL 1 2926 CLOUDY (SCALE 8-10) 1
DPTR FM NORMAL -29
[CDD (BASE 65) ]
TOTAL THIS MO. 9
DPTR FM NORMAL -44 [PRESSURE DATA]
TOTAL FM JAN 1 18 HIGHEST SLP M ON M
DPTR FM NORMAL -53 LOWEST SLP 29.73 ON 4
[REMARKS]
#FINAL-06-23#