396
CXUS52 KMFL 011000
CF6APF
PRELIMINARY LOCAL CLIMATOLOGICAL DATA (WS FORM: F-6)
STATION: NAPLES
MONTH: JUNE
YEAR: 2020
LATITUDE: 26 8 N
LONGITUDE: 81 46 W
TEMPERATURE IN F: :PCPN: SNOW: WIND :SUNSHINE: SKY :PK WND
================================================================================
1 2 3 4 5 6A 6B 7 8 9 10 11 12 13 14 15 16 17 18
12Z AVG MX 2MIN
DY MAX MIN AVG DEP HDD CDD WTR SNW DPTH SPD SPD DIR MIN PSBL S-S WX SPD DR
================================================================================
1 94 78 86 6 0 21 T 0.0 0 5.6 21 150 M M 3 3 26 150
2 93 73 83 2 0 18 2.41 0.0 0 5.9 26 40 M M 4 13 40 20
3 89 75 82 1 0 17 0.16 0.0 0 7.4 16 140 M M 3 13 20 140
4 86 75 81 0 0 16 1.01 0.0 0 6.9 22 160 M M 4 18 27 160
5 91 75 83 2 0 18 0.76 0.0 0 8.7 29 90 M M 2 138 36 100
6 89 76 83 2 0 18 0.26 0.0 0 11.1 31 170 M M 4 138 41 160
7 91 81 86 5 0 21 T 0.0 0 11.2 22 150 M M 4 28 150
8 91 81 86 5 0 21 0.00 0.0 0 7.1 16 220 M M 3 20 200
9 93 79 86 5 0 21 0.00 0.0 0 6.9 16 220 M M 2 20 230
10 93 77 85 3 0 20 T 0.0 0 6.0 21 90 M M 2 3 27 90
11 93 76 85 3 0 20 0.82 0.0 0 5.8 20 230 M M 2 138 23 240
12 92 73 83 1 0 18 0.00 0.0 0 7.6 16 80 M M 2 20 80
13 91 71 81 -1 0 16 3.19 0.0 0 7.8 17 130 M M 3 13 22 140
14 90 73 82 0 0 17 0.41 0.0 0 6.1 23 70 M M 2 13 29 70
15 90 73 82 0 0 17 T 0.0 0 6.6 25 50 M M 3 3 32 50
16 91 71 81 -1 0 16 0.00 0.0 0 8.5 15 80 M M 1 19 60
17 90 72 81 -1 0 16 0.00 0.0 0 7.6 23 120 M M 2 26 120
18 87 74 81 -1 0 16 0.29 0.0 0 6.5 18 60 M M 3 1 21 60
19 88 74 81 -1 0 16 T 0.0 0 6.2 14 200 M M 0 17 220
20 90 74 82 0 0 17 0.00 0.0 0 5.1 16 130 M M 1 3 20 110
21 90 78 84 2 0 19 0.00 0.0 0 4.0 18 80 M M 2 3 22 90
22 91 76 84 2 0 19 0.00 0.0 0 5.7 14 240 M M 1 17 270
23 91 77 84 2 0 19 0.00 0.0 0 5.4 15 210 M M 2 18 210
24 92 80 86 3 0 21 0.00 0.0 0 5.5 14 230 M M 3 3 17 230
25 94 78 86 3 0 21 0.00 0.0 0 5.7 13 280 M M 3 3 17 240
26 95 79 87 4 0 22 0.00 0.0 M 7.5 15 80 M M 2 19 70
27 96 77 87 4 0 22 0.00 0.0 0 7.1 14 270 M M 1 19 90
28 93 77 85 2 0 20 0.09 0.0 0 6.2 17 230 M M 2 138 19 230
29 92 78 85 2 0 20 0.00 0.0 0 5.5 13 270 M M 2 3 18 280
30 92 78 85 2 0 20 0.00 0.0 0 4.9 15 270 M M 0 3 19 270
================================================================================
SM 2738 2279 0 563 9.40 0.0 202.1 M 68
================================================================================
AV 91.3 76.0 6.7 FASTST M M 2 MAX(MPH)
MISC ----> # 31 170 # 41 160
================================================================================
NOTES:
# LAST OF SEVERAL OCCURRENCES
COLUMN 17 PEAK WIND IN M.P.H.
PRELIMINARY LOCAL CLIMATOLOGICAL DATA (WS FORM: F-6) , PAGE 2
STATION: NAPLES
MONTH: JUNE
YEAR: 2020
LATITUDE: 26 8 N
LONGITUDE: 81 46 W
[TEMPERATURE DATA] [PRECIPITATION DATA] SYMBOLS USED IN COLUMN 16
AVERAGE MONTHLY: 83.6 TOTAL FOR MONTH: 9.40 1 = FOG OR MIST
DPTR FM NORMAL: 1.7 DPTR FM NORMAL: 0.58 2 = FOG REDUCING VISIBILITY
HIGHEST: 96 ON 27 GRTST 24HR 3.19 ON 13-13 TO 1/4 MILE OR LESS
LOWEST: 71 ON 16,13 3 = THUNDER
SNOW, ICE PELLETS, HAIL 4 = ICE PELLETS
TOTAL MONTH: 0.0 INCH 5 = HAIL
GRTST 24HR 0.0 6 = FREEZING RAIN OR DRIZZLE
GRTST DEPTH: 0 7 = DUSTSTORM OR SANDSTORM:
VSBY 1/2 MILE OR LESS
8 = SMOKE OR HAZE
[NO. OF DAYS WITH] [WEATHER - DAYS WITH] 9 = BLOWING SNOW
X = TORNADO
MAX 32 OR BELOW: 0 0.01 INCH OR MORE: 10
MAX 90 OR ABOVE: 25 0.10 INCH OR MORE: 9
MIN 32 OR BELOW: 0 0.50 INCH OR MORE: 5
MIN 0 OR BELOW: 0 1.00 INCH OR MORE: 3
[HDD (BASE 65) ]
TOTAL THIS MO. 0 CLEAR (SCALE 0-3) 26
DPTR FM NORMAL 0 PTCLDY (SCALE 4-7) 4
TOTAL FM JUL 1 67 CLOUDY (SCALE 8-10) 0
DPTR FM NORMAL -193
[CDD (BASE 65) ]
TOTAL THIS MO. 563
DPTR FM NORMAL 56 [PRESSURE DATA]
TOTAL FM JAN 1 2177 HIGHEST SLP 30.17 ON 26
DPTR FM NORMAL 642 LOWEST SLP 29.89 ON 13
[REMARKS]
#FINAL-06-20#