000
CXUS53 KAPX 010730
CF6APX
PRELIMINARY LOCAL CLIMATOLOGICAL DATA (WS FORM: F-6)
STATION: GAYLORD WFO
MONTH: MARCH
YEAR: 2021
LATITUDE: 45 4 N
LONGITUDE: 84 43 W
TEMPERATURE IN F: :PCPN: SNOW: WIND :SUNSHINE: SKY :PK WND
================================================================================
1 2 3 4 5 6A 6B 7 8 9 10 11 12 13 14 15 16 17 18
12Z AVG MX 2MIN
DY MAX MIN AVG DEP HDD CDD WTR SNW DPTH SPD SPD DIR MIN PSBL S-S WX SPD DR
================================================================================
1 28 13 21 -1 44 0 T 0.1 10 M M M M M M M M
2 38 10 24 1 41 0 T T 10 M M M M M M M M
3 42 22 32 9 33 0 T T 10 M M M M M M M M
4 27 17 22 -1 43 0 T T 10 M M M M M M M M
5 33 18 26 2 39 0 T T 9 M M M M M M M M
6 28 13 21 -3 44 0 T T 9 M M M M M M M M
7 38 7 23 -1 42 0 0.00 0.0 8 M M M M M M M M
8 49 7 28 3 37 0 0.00 0.0 8 M M M M M M M M
9 52 29 41 16 24 0 0.00 0.0 6 M M M M M M M M
10 54 40 47 22 18 0 0.06 0.0 3 M M M M M M M M
11 53 35 44 18 21 0 0.00 0.0 T M M M M M M M M
12 35 18 27 1 38 0 T T 0 M M M M M M M M
13 50 15 33 7 32 0 0.00 0.0 0 M M M M M M M M
14 36 20 28 1 37 0 0.00 0.0 0 M M M M M M M M
15 26 15 21 -6 44 0 0.00 0.0 0 M M M M M M M M
16 33 23 28 0 37 0 0.19 1.5 2 M M M M M M M M
17 34 29 32 4 33 0 0.16 0.4 1 M M M M M M 5 M M
18 40 27 34 6 31 0 0.00 0.0 1 M M M M M M M M
19 51 22 37 8 28 0 0.00 0.0 0 M M M M M M M M
20 58 31 45 16 20 0 0.00 0.0 0 M M M M M M M M
21 63 35 49 19 16 0 0.00 0.0 0 M M M M M M M M
22 68 42 55 25 10 0 0.00 0.0 0 M M M M M M M M
23 66 43 55 25 10 0 T 0.0 0 M M M M M M M M
24 63 46 55 24 10 0 0.17 0.0 0 M M M M M M 3 M M
25 46 28 37 6 28 0 T 0.0 0 M M M M M M 6 M M
26 38 27 33 1 32 0 T T 0 M M M M M M M M
27 40 29 35 3 30 0 0.15 0.4 0 M M M M M M M M
28 33 27 30 -3 35 0 0.21 0.5 0 M M M M M M M M
29 48 23 36 3 29 0 T T 0 M M M M M M M M
30 64 40 52 18 13 0 T 0.0 0 M M M M M M M M
31 40 20 30 -4 35 0 0.02 0.3 T M M M M M M M M
================================================================================
SM 1374 771 934 0 0.96 3.2 M M M
================================================================================
AV 44.3 24.9 M FASTST M M M MAX(MPH)
MISC ----> M M M M
================================================================================
NOTES:
# LAST OF SEVERAL OCCURRENCES
COLUMN 17 PEAK WIND IN M.P.H.
PRELIMINARY LOCAL CLIMATOLOGICAL DATA (WS FORM: F-6) , PAGE 2
STATION: GAYLORD WFO
MONTH: MARCH
YEAR: 2021
LATITUDE: 45 4 N
LONGITUDE: 84 43 W
[TEMPERATURE DATA] [PRECIPITATION DATA] SYMBOLS USED IN COLUMN 16
AVERAGE MONTHLY: 34.6 TOTAL FOR MONTH: 0.96 1 = FOG OR MIST
DPTR FM NORMAL: 6.7 DPTR FM NORMAL: -0.93 2 = FOG REDUCING VISIBILITY
HIGHEST: 68 ON 22 GRTST 24HR 0.21 ON 28-28 TO 1/4 MILE OR LESS
LOWEST: 7 ON 8, 7 3 = THUNDER
SNOW, ICE PELLETS, HAIL 4 = ICE PELLETS
TOTAL MONTH: 3.2 INCHES 5 = HAIL
GRTST 24HR 1.5 ON 16-16 6 = FREEZING RAIN OR DRIZZLE
GRTST DEPTH: 12 ON M 7 = DUSTSTORM OR SANDSTORM:
VSBY 1/2 MILE OR LESS
8 = SMOKE OR HAZE
[NO. OF DAYS WITH] [WEATHER - DAYS WITH] 9 = BLOWING SNOW
X = TORNADO
MAX 32 OR BELOW: 4 0.01 INCH OR MORE: 7
MAX 90 OR ABOVE: 0 0.10 INCH OR MORE: 5
MIN 32 OR BELOW: 24 0.50 INCH OR MORE: 0
MIN 0 OR BELOW: 0 1.00 INCH OR MORE: 0
[HDD (BASE 65) ]
TOTAL THIS MO. 934 CLEAR (SCALE 0-3) 0
DPTR FM NORMAL -217 PTCLDY (SCALE 4-7) 0
TOTAL FM JUL 1 6416 CLOUDY (SCALE 8-10) 31
DPTR FM NORMAL -784
[CDD (BASE 65) ]
TOTAL THIS MO. 0
DPTR FM NORMAL 0 [PRESSURE DATA]
TOTAL FM JAN 1 0 HIGHEST SLP M ON M
DPTR FM NORMAL 0 LOWEST SLP M ON M
[REMARKS]
#FINAL-03-21#