000
CXUS54 KHGX 011410
CF6ARM
PRELIMINARY LOCAL CLIMATOLOGICAL DATA (WS FORM: F-6)
STATION: Wharton
MONTH: OCTOBER
YEAR: 2023
LATITUDE: 29 15 N
LONGITUDE: 96 9 W
TEMPERATURE IN F: :PCPN: SNOW: WIND :SUNSHINE: SKY :PK WND
================================================================================
1 2 3 4 5 6A 6B 7 8 9 10 11 12 13 14 15 16 17 18
12Z AVG MX 2MIN
DY MAX MIN AVG DEP HDD CDD WTR SNW DPTH SPD SPD DIR MIN PSBL S-S WX SPD DR
================================================================================
1 94 74 84 M 0 19 0.00 0.0 0 7.0 15 100 M M 1 22 100
2 94 75 85 M 0 20 0.00 0.0 0 7.0 16 80 M M 1 23 80
3 90 84 87 M 0 22 M 0.0 0 5.4 12 10 M M 6 17 50
4 89 86 88 M 0 23 0.01 0.0 0 7.3 18 130 M M 7 24 130
5 M M M M M M 0.04 0.0 0 6.1 13 60 M M 6 31 70
6 84 71 78 M 0 13 0.00 0.0 0 7.0 15 20 M M 1 21 20
7 77 63 70 M 0 5 0.00 0.0 0 8.5 17 10 M M 0 23 10
8 76 58 67 M 0 2 0.00 0.0 0 3.0 7 60 M M 0 M M
9 84 60 72 M 0 7 M 0.0 0 3.5 9 160 M M 1 17 170
10 79 71 75 M 0 10 M 0.0 0 2.8 9 200 M M 7 M M
11 73 70 72 M 0 7 0.02 0.0 0 5.0 12 80 M M 7 17 80
12 84 74 79 M 0 14 M 0.0 0 7.1 14 110 M M 2 8 16 120
13 91 83 87 M 0 22 M 0.0 0 3.4 10 120 M M 5 M M
14 76 57 67 M 0 2 M 0.0 0 10.8 21 360 M M 2 27 360
15 73 53 63 M 2 0 0.00 0.0 0 11.1 22 10 M M 0 29 350
16 71 51 61 M 4 0 0.00 0.0 0 8.8 18 350 M M 0 27 350
17 75 49 62 M 3 0 0.00 0.0 0 2.3 9 190 M M 0 M M
18 83 66 75 M 0 10 0.00 0.0 0 5.3 14 200 M M 2 18 160
19 86 71 79 M 0 14 0.00 0.0 0 3.8 13 270 M M 1 1 17 270
20 92 67 80 M 0 15 M 0.0 0 3.6 9 270 M M 0 18 M M
21 91 66 79 M 0 14 M 0.0 0 4.6 10 180 M M 0 M M
22 87 79 83 M 0 18 M 0.0 0 7.4 17 140 M M 5 18 18 150
23 88 77 83 M 0 18 0.01 0.0 0 9.7 20 140 M M 4 27 140
24 87 77 82 M 0 17 M 0.0 0 11.7 23 140 M M 5 29 140
25 88 80 84 M 0 19 M 0.0 0 10.4 20 150 M M 6 28 130
26 86 82 84 M 0 19 T 0.0 0 10.7 20 170 M M 6 8 24 170
27 M M M M M M M M M 5.9 12 140 M M 3 M M
28 87 80 84 M 0 19 0.00 0.0 0 7.8 15 150 M M 5 18 20 130
29 88 66 77 M 0 12 0.01 0.0 0 9.9 22 350 M M 8 29 350
30 M M M M M M M M M 19.7 28 360 M M 10 33 350
31 60 42 51 M 14 0 M 0.0 0 11.9 17 350 M M 7 23 360
================================================================================
SM 2333 1932 23 341 0.09 0.0 228.5 M 108
================================================================================
AV 83.3 69.0 7.4 FASTST M M 3 MAX(MPH)
MISC ----> 28 360 33 350
================================================================================
NOTES:
# LAST OF SEVERAL OCCURRENCES
COLUMN 17 PEAK WIND IN M.P.H.
PRELIMINARY LOCAL CLIMATOLOGICAL DATA (WS FORM: F-6) , PAGE 2
STATION: Wharton
MONTH: OCTOBER
YEAR: 2023
LATITUDE: 29 15 N
LONGITUDE: 96 9 W
[TEMPERATURE DATA] [PRECIPITATION DATA] SYMBOLS USED IN COLUMN 16
AVERAGE MONTHLY: 76.2 TOTAL FOR MONTH: 0.09 1 = FOG OR MIST
DPTR FM NORMAL: 0.0 DPTR FM NORMAL: M 2 = FOG REDUCING VISIBILITY
HIGHEST: 94 ON 2, 1 GRTST 24HR 0.04 ON 5- 5 TO 1/4 MILE OR LESS
LOWEST: 42 ON 31 3 = THUNDER
SNOW, ICE PELLETS, HAIL 4 = ICE PELLETS
TOTAL MONTH: 0.0 INCH 5 = HAIL
GRTST 24HR 0.0 6 = FREEZING RAIN OR DRIZZLE
GRTST DEPTH: 0 7 = DUSTSTORM OR SANDSTORM:
VSBY 1/2 MILE OR LESS
8 = SMOKE OR HAZE
[NO. OF DAYS WITH] [WEATHER - DAYS WITH] 9 = BLOWING SNOW
X = TORNADO
MAX 32 OR BELOW: 0 0.01 INCH OR MORE: 5
MAX 90 OR ABOVE: 6 0.10 INCH OR MORE: 0
MIN 32 OR BELOW: 0 0.50 INCH OR MORE: 0
MIN 0 OR BELOW: 0 1.00 INCH OR MORE: 0
[HDD (BASE 65) ]
TOTAL THIS MO. 23 CLEAR (SCALE 0-3) 15
DPTR FM NORMAL M PTCLDY (SCALE 4-7) 15
TOTAL FM JUL 1 23 CLOUDY (SCALE 8-10) 1
DPTR FM NORMAL M
[CDD (BASE 65) ]
TOTAL THIS MO. 341
DPTR FM NORMAL M [PRESSURE DATA]
TOTAL FM JAN 1 3673 HIGHEST SLP M ON M
DPTR FM NORMAL M LOWEST SLP M ON M
[REMARKS]
#FINAL-10-23#