000
CXUS51 KBUF 010805
CF6ART
PRELIMINARY LOCAL CLIMATOLOGICAL DATA (WS FORM: F-6)
STATION: WATERTOWN NY
MONTH: OCTOBER
YEAR: 2022
LATITUDE: 43 59 N
LONGITUDE: 76 2 W
TEMPERATURE IN F: :PCPN: SNOW: WIND :SUNSHINE: SKY :PK WND
================================================================================
1 2 3 4 5 6A 6B 7 8 9 10 11 12 13 14 15 16 17 18
12Z AVG MX 2MIN
DY MAX MIN AVG DEP HDD CDD WTR SNW DPTH SPD SPD DIR MIN PSBL S-S WX SPD DR
================================================================================
1 64 41 53 -1 12 0 0.00 M M 7.9 20 40 M M 0 1 27 40
2 56 33 45 -9 20 0 0.00 M M 14.7 26 50 M M 0 36 30
3 60 28 44 -10 21 0 0.00 M M 5.3 15 10 M M 0 21 50
4 64 32 48 -5 17 0 0.00 M M 3.8 14 10 M M 0 19 50
5 69 28 49 -4 16 0 0.00 M M 3.5 10 260 M M 0 14 260
6 69 44 57 5 8 0 T M M 5.0 13 220 M M 3 18 230
7 62 39 51 -1 14 0 0.04 M M 8.8 18 270 M M 8 1 26 260
8 52 29 41 -11 24 0 T M M 8.5 22 260 M M 9 40 260
9 58 47 53 2 12 0 0.09 M M 9.9 22 260 M M 9 1 35 260
10 57 32 45 -6 20 0 T M M 3.9 12 290 M M 4 1 16 280
11 66 30 48 -2 17 0 0.00 M M 4.1 15 220 M M 0 22 220
12 70 44 57 7 8 0 0.00 M M 8.9 17 170 M M 0 30 160
13 65 52 59 9 6 0 0.55 M M 9.8 32 230 M M 9 1 51 230
14 62 38 50 1 15 0 0.00 M M 6.3 22 230 M M 2 33 230
15 66 35 51 2 14 0 T M M 10.2 28 270 M M 4 41 260
16 59 33 46 -3 19 0 0.00 M M 5.3 15 220 M M 8 21 200
17 55 43 49 1 16 0 0.34 M M 4.2 15 280 M M 10 1 26 290
18 51 35 43 -5 22 0 T M M 6.8 18 220 M M 7 3 26 180
19 46 36 41 -7 24 0 0.26 M M 9.0 25 220 M M 7 13 40 230
20 47 39 43 -4 22 0 0.61 M M 12.1 24 220 M M 10 1 37 210
21 62 38 50 3 15 0 0.00 M M 8.5 17 200 M M 2 29 180
22 72 52 62 15 3 0 0.00 M M 8.2 17 160 M M 0 30 150
23 72 37 55 9 10 0 0.00 M M 4.0 10 260 M M 0 16 170
24 73 45 59 13 6 0 T M M 2.4 12 40 M M 4 8 16 30
25 74 45 60 14 5 0 0.00 M M 3.7 17 170 M M 4 1 27 160
26 76 50 63 18 2 0 0.01 M M 9.6 25 240 M M 4 1 41 230
27 55 30 43 -2 22 0 T M M 8.1 30 290 M M 4 41 290
28 54 24 39 -6 26 0 0.00 M M 3.7 10 20 M M 0 14 20
29 59 24 42 -2 23 0 0.00 M M 4.7 14 270 M M 0 22 270
30 65 24 45 1 20 0 0.00 M M 4.8 14 270 M M 0 18 270
31 61 43 52 8 13 0 0.06 M M 4.7 14 210 M M 5 1 21 210
================================================================================
SM 1921 1150 472 0 1.96 M 210.4 M 113
================================================================================
AV 62.0 37.1 6.8 FASTST M M 4 MAX(MPH)
MISC ----> 32 230 51 230
================================================================================
NOTES:
# LAST OF SEVERAL OCCURRENCES
COLUMN 17 PEAK WIND IN M.P.H.
PRELIMINARY LOCAL CLIMATOLOGICAL DATA (WS FORM: F-6) , PAGE 2
STATION: WATERTOWN NY
MONTH: OCTOBER
YEAR: 2022
LATITUDE: 43 59 N
LONGITUDE: 76 2 W
[TEMPERATURE DATA] [PRECIPITATION DATA] SYMBOLS USED IN COLUMN 16
AVERAGE MONTHLY: 49.5 TOTAL FOR MONTH: 1.96 1 = FOG OR MIST
DPTR FM NORMAL: 0.7 DPTR FM NORMAL: -2.26 2 = FOG REDUCING VISIBILITY
HIGHEST: 76 ON 26 GRTST 24HR 0.86 ON 19-20 TO 1/4 MILE OR LESS
LOWEST: 24 ON 30,29 3 = THUNDER
SNOW, ICE PELLETS, HAIL 4 = ICE PELLETS
TOTAL MONTH: M 5 = HAIL
GRTST 24HR M ON M 6 = FREEZING RAIN OR DRIZZLE
GRTST DEPTH: M ON M 7 = DUSTSTORM OR SANDSTORM:
VSBY 1/2 MILE OR LESS
8 = SMOKE OR HAZE
[NO. OF DAYS WITH] [WEATHER - DAYS WITH] 9 = BLOWING SNOW
X = TORNADO
MAX 32 OR BELOW: 0 0.01 INCH OR MORE: 8
MAX 90 OR ABOVE: 0 0.10 INCH OR MORE: 4
MIN 32 OR BELOW: 10 0.50 INCH OR MORE: 2
MIN 0 OR BELOW: 0 1.00 INCH OR MORE: 0
[HDD (BASE 65) ]
TOTAL THIS MO. 472 CLEAR (SCALE 0-3) 15
DPTR FM NORMAL -34 PTCLDY (SCALE 4-7) 11
TOTAL FM JUL 1 641 CLOUDY (SCALE 8-10) 5
DPTR FM NORMAL -115
[CDD (BASE 65) ]
TOTAL THIS MO. 0
DPTR FM NORMAL -4 [PRESSURE DATA]
TOTAL FM JAN 1 479 HIGHEST SLP 30.62 ON 28
DPTR FM NORMAL 94 LOWEST SLP 29.54 ON 18
[REMARKS]
#FINAL-10-22#