000
CXUS55 KGJT 010910
CF6ASE
PRELIMINARY LOCAL CLIMATOLOGICAL DATA (WS FORM: F-6)
STATION: ASPEN CO
MONTH: APRIL
YEAR: 2022
LATITUDE: 39 13 N
LONGITUDE: 106 52 W
TEMPERATURE IN F: :PCPN: SNOW: WIND :SUNSHINE: SKY :PK WND
================================================================================
1 2 3 4 5 6A 6B 7 8 9 10 11 12 13 14 15 16 17 18
12Z AVG MX 2MIN
DY MAX MIN AVG DEP HDD CDD WTR SNW DPTH SPD SPD DIR MIN PSBL S-S WX SPD DR
================================================================================
1 47 29 38 0 27 0 0.24 M M 5.2 16 310 M M 5 1 23 340
2 57 25 41 3 24 0 0.00 M M 6.2 15 260 M M 2 27 280
3 45 31 38 0 27 0 0.23 M M 4.7 13 140 M M 6 18 18 270
4 54 27 41 2 24 0 0.00 M M 6.3 18 170 M M 3 29 300
5 50 26 38 -1 27 0 T M M 14.4 30 330 M M 8 50 330
6 37 19 28 -11 37 0 0.00 M M 10.4 24 340 M M 3 41 340
7 47 16 32 -7 33 0 0.00 M M 7.6 16 340 M M 0 27 350
8 58 21 40 0 25 0 0.00 M M 6.3 16 330 M M 0 26 340
9 63 29 46 6 19 0 0.02 M M 9.4 24 210 M M 4 38 220
10 43 30 37 -3 28 0 T M M 9.2 28 350 M M 4 48 350
11 54 31 43 3 22 0 0.09 M M 10.0 29 170 M M 8 40 190
12 44 15 30 -10 35 0 0.19 M M 7.9 30 340 M M 10 128 43 340
13 27 9 18 -23 47 0 0.07 M M 6.4 20 340 M M 9 18 34 350
14 45 13 29 -12 36 0 0.00 M M 6.6 17 210 M M 6 28 270
15 54 33 44 3 21 0 T M M 7.6 25 170 M M 7 32 170
16 58 31 45 4 20 0 T M M 8.2 25 350 M M 4 41 190
17 53 34 44 2 21 0 0.00 M M 6.0 21 260 M M 8 30 300
18 64 27 46 4 19 0 0.00 M M 6.4 16 240 M M 0 25 220
19 66 32 49 7 16 0 0.00 M M 8.2 25 150 M M 2 38 160
20 62 34 48 6 17 0 0.00 M M 7.7 28 150 M M 3 36 150
21 69 34 52 9 13 0 0.00 M M 8.9 23 160 M M 0 30 180
22 68 30 49 6 16 0 0.06 M M 10.6 38 160 M M 4 18 58 140
23 44 30 37 -6 28 0 0.07 M M 7.7 24 340 M M 9 18 33 310
24 44 30 37 -6 28 0 0.08 M M 4.0 17 240 M M 10 18 32 250
25 50 29 40 -4 25 0 T M M 3.9 12 210 M M 7 18 16 350
26 62 27 45 1 20 0 0.00 M M 6.0 20 240 M M 0 27 220
27 62 36 49 5 16 0 T M M 11.3 32 160 M M 4 45 150
28 66 36 51 7 14 0 0.00 M M 7.8 18 180 M M 0 27 180
29 49 25 37 -8 28 0 0.00 M M 11.6 28 320 M M 5 42 340
30 60 23 42 -3 23 0 0.00 M M 6.2 14 10 M M 0 23 340
================================================================================
SM 1602 812 736 0 1.05 M 232.7 M 131
================================================================================
AV 53.4 27.1 7.8 FASTST M M 4 MAX(MPH)
MISC ----> 38 160 58 140
================================================================================
NOTES:
# LAST OF SEVERAL OCCURRENCES
COLUMN 17 PEAK WIND IN M.P.H.
PRELIMINARY LOCAL CLIMATOLOGICAL DATA (WS FORM: F-6) , PAGE 2
STATION: ASPEN CO
MONTH: APRIL
YEAR: 2022
LATITUDE: 39 13 N
LONGITUDE: 106 52 W
[TEMPERATURE DATA] [PRECIPITATION DATA] SYMBOLS USED IN COLUMN 16
AVERAGE MONTHLY: 40.2 TOTAL FOR MONTH: 1.05 1 = FOG OR MIST
DPTR FM NORMAL: -1.1 DPTR FM NORMAL: -0.75 2 = FOG REDUCING VISIBILITY
HIGHEST: 69 ON 21 GRTST 24HR 0.28 ON 31- 1 TO 1/4 MILE OR LESS
LOWEST: 9 ON 13 3 = THUNDER
SNOW, ICE PELLETS, HAIL 4 = ICE PELLETS
TOTAL MONTH: M 5 = HAIL
GRTST 24HR M ON M 6 = FREEZING RAIN OR DRIZZLE
GRTST DEPTH: M ON M 7 = DUSTSTORM OR SANDSTORM:
VSBY 1/2 MILE OR LESS
8 = SMOKE OR HAZE
[NO. OF DAYS WITH] [WEATHER - DAYS WITH] 9 = BLOWING SNOW
X = TORNADO
MAX 32 OR BELOW: 1 0.01 INCH OR MORE: 9
MAX 90 OR ABOVE: 0 0.10 INCH OR MORE: 3
MIN 32 OR BELOW: 24 0.50 INCH OR MORE: 0
MIN 0 OR BELOW: 0 1.00 INCH OR MORE: 0
[HDD (BASE 65) ]
TOTAL THIS MO. 736 CLEAR (SCALE 0-3) 12
DPTR FM NORMAL 26 PTCLDY (SCALE 4-7) 13
TOTAL FM JUL 1 7332 CLOUDY (SCALE 8-10) 5
DPTR FM NORMAL -170
[CDD (BASE 65) ]
TOTAL THIS MO. 0
DPTR FM NORMAL 0 [PRESSURE DATA]
TOTAL FM JAN 1 0 HIGHEST SLP M ON M
DPTR FM NORMAL 0 LOWEST SLP 29.06 ON 12
[REMARKS]
#FINAL-04-22#