753
CXUS52 KFFC 011010
CF6ATL
PRELIMINARY LOCAL CLIMATOLOGICAL DATA (WS FORM: F-6)
STATION: ATLANTA
MONTH: MAY
YEAR: 2020
LATITUDE: 33 39 N
LONGITUDE: 84 26 W
TEMPERATURE IN F: :PCPN: SNOW: WIND :SUNSHINE: SKY :PK WND
================================================================================
1 2 3 4 5 6A 6B 7 8 9 10 11 12 13 14 15 16 17 18
12Z AVG MX 2MIN
DY MAX MIN AVG DEP HDD CDD WTR SNW DPTH SPD SPD DIR MIN PSBL S-S WX SPD DR
================================================================================
1 75 48 62 -4 3 0 0.00 0.0 0 10.4 23 330 M M 2 30 300
2 82 52 67 1 0 2 0.00 0.0 0 4.5 13 210 M M 1 17 260
3 85 58 72 5 0 7 0.00 0.0 0 7.9 16 240 M M 2 23 270
4 86 61 74 7 0 9 0.00 0.0 0 6.3 16 320 M M 5 20 310
5 84 66 75 8 0 10 0.00 0.0 0 9.9 23 320 M M 7 30 310
6 74 49 62 -5 3 0 0.00 0.0 0 16.1 32 330 M M 4 42 320
7 69 45 57 -11 8 0 0.00 0.0 0 9.7 20 290 M M 1 25 320
8 64 50 57 -11 8 0 0.03 0.0 0 8.2 24 330 M M 8 1 31 330
9 66 44 55 -13 10 0 0.00 0.0 0 9.6 18 350 M M 5 25 330
10 74 42 58 -10 7 0 0.00 0.0 0 5.3 15 300 M M 2 19 300
11 69 51 60 -9 5 0 0.00 0.0 0 12.1 22 330 M M 1 27 290
12 74 49 62 -7 3 0 0.00 0.0 0 5.9 13 40 M M 5 17 290
13 80 56 68 -1 0 3 0.00 0.0 0 7.2 16 80 M M 7 21 80
14 83 61 72 2 0 7 0.00 0.0 0 7.3 15 120 M M 6 20 140
15 81 61 71 1 0 6 0.00 0.0 0 6.7 14 150 M M 6 18 150
16 85 63 74 4 0 9 0.00 0.0 0 6.1 14 100 M M 6 18 110
17 85 65 75 5 0 10 1.04 0.0 0 6.7 17 60 M M 7 13 20 60
18 79 67 73 2 0 8 0.25 0.0 0 6.5 25 190 M M 7 13 35 200
19 76 63 70 -1 0 5 0.13 0.0 0 9.7 21 290 M M 7 13 27 290
20 65 54 60 -11 5 0 0.22 0.0 0 12.2 20 80 M M 10 13 24 80
21 75 54 65 -7 0 0 T 0.0 0 5.5 12 150 M M 8 1 14 60
22 86 64 75 3 0 10 0.29 0.0 0 6.3 18 240 M M 7 3 26 240
23 86 65 76 4 0 11 0.00 0.0 0 5.4 15 260 M M 6 3 19 270
24 88 69 79 7 0 14 0.00 0.0 0 4.7 20 240 M M 8 3 28 240
25 85 68 77 5 0 12 0.68 M M 9.0 26 100 M M 7 13 34 100
26 75 68 72 -1 0 7 0.07 0.0 M 10.9 22 80 M M 10 18 26 110
27 74 66 70 -3 0 5 1.41 0.0 M 9.9 17 90 M M 10 13 23 190
28 84 67 76 3 0 11 0.02 M M 6.0 16 220 M M 8 1238 23 230
29 83 71 77 3 0 12 0.05 0.0 M 4.1 17 290 M M 8 3 20 280
30 86 67 77 3 0 12 0.00 0.0 M 7.8 16 330 M M 3 20 280
31 85 63 74 0 0 9 0.00 0.0 0 7.7 16 340 M M 3 20 340
================================================================================
SM 2443 1827 52 179 4.19 0.0 245.6 M 177
================================================================================
AV 78.8 58.9 7.9 FASTST M M 6 MAX(MPH)
MISC ----> 32 330 42 320
================================================================================
NOTES:
# LAST OF SEVERAL OCCURRENCES
COLUMN 17 PEAK WIND IN M.P.H.
PRELIMINARY LOCAL CLIMATOLOGICAL DATA (WS FORM: F-6) , PAGE 2
STATION: ATLANTA
MONTH: MAY
YEAR: 2020
LATITUDE: 33 39 N
LONGITUDE: 84 26 W
[TEMPERATURE DATA] [PRECIPITATION DATA] SYMBOLS USED IN COLUMN 16
AVERAGE MONTHLY: 68.9 TOTAL FOR MONTH: 4.19 1 = FOG OR MIST
DPTR FM NORMAL: -1.2 DPTR FM NORMAL: 0.52 2 = FOG REDUCING VISIBILITY
HIGHEST: 88 ON 24 GRTST 24HR 1.42 ON 27-28 TO 1/4 MILE OR LESS
LOWEST: 42 ON 10 3 = THUNDER
SNOW, ICE PELLETS, HAIL 4 = ICE PELLETS
TOTAL MONTH: 0.0 INCH 5 = HAIL
GRTST 24HR 0.0 6 = FREEZING RAIN OR DRIZZLE
GRTST DEPTH: 0 7 = DUSTSTORM OR SANDSTORM:
VSBY 1/2 MILE OR LESS
8 = SMOKE OR HAZE
[NO. OF DAYS WITH] [WEATHER - DAYS WITH] 9 = BLOWING SNOW
X = TORNADO
MAX 32 OR BELOW: 0 0.01 INCH OR MORE: 11
MAX 90 OR ABOVE: 0 0.10 INCH OR MORE: 7
MIN 32 OR BELOW: 0 0.50 INCH OR MORE: 3
MIN 0 OR BELOW: 0 1.00 INCH OR MORE: 2
[HDD (BASE 65) ]
TOTAL THIS MO. 52 CLEAR (SCALE 0-3) 7
DPTR FM NORMAL 26 PTCLDY (SCALE 4-7) 19
TOTAL FM JUL 1 2095 CLOUDY (SCALE 8-10) 5
DPTR FM NORMAL -669
[CDD (BASE 65) ]
TOTAL THIS MO. 179
DPTR FM NORMAL -5 [PRESSURE DATA]
TOTAL FM JAN 1 272 HIGHEST SLP 30.31 ON 12
DPTR FM NORMAL 22 LOWEST SLP 29.70 ON 19
[REMARKS]
#FINAL-05-20#